{"id":362,"date":"2025-06-05T21:31:30","date_gmt":"2025-06-05T18:31:30","guid":{"rendered":"http:\/\/softetik.com\/?post_type=product&#038;p=362"},"modified":"2025-06-05T21:31:31","modified_gmt":"2025-06-05T18:31:31","slug":"hytera-md-785-arac-sabit-telsiz-3","status":"publish","type":"product","link":"https:\/\/foxelektronik.com\/index.php\/product\/hytera-md-785-arac-sabit-telsiz-3\/","title":{"rendered":"HYTERA MD 785 ARA\u00c7 &#8211; SAB\u0130T TELS\u0130Z"},"content":{"rendered":"<p>HYTERA MD 785 ARA\u00c7 &#8211; SAB\u0130T\u00a0 TELS\u0130Z<\/p>\n<p>MD-785 TEKN\u0130K \u00d6ZELL\u0130KLER\u0130<\/p>\n<p>Frequency range<\/p>\n<p>VHF: 136 \u2013 174 MHz &amp; UHF: 400 \u2013 470 MHz<\/p>\n<p>Number of channels<\/p>\n<p>1024<\/p>\n<p>Number of zones<\/p>\n<p>64 (with max. 16 channels each)<\/p>\n<p>Channel spacing (analog)<\/p>\n<p>12.5 \/ 20 \/ 25 kHz<\/p>\n<p>Channel spacing (digital)<\/p>\n<p>12.5 kHz<\/p>\n<p>Operating voltage<\/p>\n<p>13.6 \u00b1 15% VDC<\/p>\n<p>Max. power consumption (in stand by)<\/p>\n<p>\u2264 0.6 A<\/p>\n<p>Max. power consumption (during reception)<\/p>\n<p>\u2264 2.0 A<\/p>\n<p>Max. current consumption (during transmission)<\/p>\n<p>5 W: \u2264 5 A 25 W: \u2264 8 A 45 W \/ 50 W: \u2264 12 A<\/p>\n<p>Frequency stability<\/p>\n<p>\u00b11.5 ppm<\/p>\n<p>Antenna impedance<\/p>\n<p>50 \u03a9<\/p>\n<p>Dimensions (LxWxH)<\/p>\n<p>174 x 60 x 200 mm<\/p>\n<p>Weight<\/p>\n<p>1.7 kg<\/p>\n<p>LCD display<\/p>\n<p>220 x 176 pixels, 262,000 colours, 2.0 inches, 4 lines<\/p>\n<p>Transmitter<\/p>\n<p>Transmitting power (adjustable)<\/p>\n<p>VHF: 1 \u2013 25 W \/ 5 \u2013 25 W \/ 5 \u2013 50 W UHF: 5\u2006\u2013 25 W\u2006\/\u20065\u2006\u2013 45 W<\/p>\n<p>Modulation<\/p>\n<p>11 K0F3E at 12.5 kHz 14 K0F3E at 20 kHz 16 K0F3E at 25 kHz<\/p>\n<p>4FSK digital modulation<\/p>\n<p>12.5 kHz (data only): 7K60FXD 12.5 kHz (data and voice): 7K60FXW<\/p>\n<p>Interfering signals and harmonics<\/p>\n<p>-36 dBm &lt; 1 GHz -30 dBm &gt; 1 GHz<\/p>\n<p>Modulation limiting<\/p>\n<p>\u00b12.5 kHz at 12.5 kHz \u00b14.0 kHz at 20 kHz \u00b15.0 kHz at 25 kHz<\/p>\n<p>Hum and noise<\/p>\n<p>40 dB at 12.5 kHz 43 dB at 20 kHz 45 dB at 25 kHz<\/p>\n<p>Adjacent channel selectivity<\/p>\n<p>60 dB at 12.5 kHz 70 dB at 20\/25 kHz<\/p>\n<p>Audio sensitivity<\/p>\n<p>+1 to -3 dB<\/p>\n<p>Audio distortion<\/p>\n<p>\u2264 3 %<\/p>\n<p>Digital vocoder type<\/p>\n<p>AMBE+2\u2122<\/p>\n<p>Receiver<\/p>\n<p>Sensitivity (analog)<\/p>\n<p>0.3 \u03bcV (12 dB SINAD) 0.22 \u03bcV (typical) (12 dB SINAD) 0.4 \u03bcV (20 dB SINAD)<\/p>\n<p>Sensitivity (digital)<\/p>\n<p>0.3 \u03bcV \/ BER 5%<\/p>\n<p>Adjacent channel selectivity<\/p>\n<p>TIA-603: 65 dB at 12.5 kHz \/ 75dB at 20 and 25 kHz ETSI: 60 dB at 12.5 kHz \/ 70 dB at 20 and 25 kHz<\/p>\n<p>Spurious response rejection<\/p>\n<p>TIA-603: 75 dB at 12.5\/20\/25 kHz ETSI: 75 dB at 12.5\/20\/25 kHz<\/p>\n<p>Signal-to-noise ratio (S\/N)<\/p>\n<p>40 dB at 12.5 kHz 43 dB at 20 kHz 45 dB at 25 kHz<\/p>\n<p>Nominal audio power output<\/p>\n<p>Internal 3 W at 20 \u03a9, external 7.5 W at 8 \u03a9<\/p>\n<p>Audio distortion<\/p>\n<p>\u2264 3 %<\/p>\n<p>Audio sensitivity<\/p>\n<p>+1 to -3 dB<\/p>\n<p>Conducted spurious emission<\/p>\n<p>-57 dBm<\/p>\n<p>Environmental conditions<\/p>\n<p>Operating temperature range<\/p>\n<p>-30 \u00b0C to +60 \u00b0C<\/p>\n<p>Storage temperature range<\/p>\n<p>-40 \u00b0C to +85 \u00b0C<\/p>\n<p>Protection against dust and moisture<\/p>\n<p>IP54<\/p>\n<p>Shock and vibration resistance<\/p>\n<p>MIL-STD-810 C\/D\/E\/F\/G<\/p>\n<p>Relative humidity<\/p>\n<p>MIL-STD-810 C\/D\/E\/F\/G<\/p>\n<p>GPS (only MD785G)<\/p>\n<p>Time to first fix (TTFF) cold start<\/p>\n<p>&lt; 1 minute<\/p>\n<p>Time to first fix (TTFF) warm start<\/p>\n<p>&lt; 10 seconds<\/p>\n<p>Horizontal accuracy<\/p>\n<p>&lt; 10 m<\/p>\n","protected":false},"excerpt":{"rendered":"<p>HYTERA MD 785 ARA\u00c7 &#8211; SAB\u0130T\u00a0 TELS\u0130Z MD-785 TEKN\u0130K \u00d6ZELL\u0130KLER\u0130 Frequency range VHF: 136 \u2013 174 MHz &amp; UHF: 400 \u2013 470 MHz Number of channels 1024 Number of zones 64 (with max. 16 channels each) Channel spacing (analog) 12.5 \/ 20 \/ 25 kHz Channel spacing (digital) 12.5 kHz Operating voltage 13.6 \u00b1 15% [&hellip;]<\/p>\n","protected":false},"featured_media":363,"template":"","meta":[],"product_brand":[71],"product_cat":[48],"product_tag":[],"class_list":{"0":"post-362","1":"product","2":"type-product","3":"status-publish","4":"has-post-thumbnail","6":"product_brand-hytera","7":"product_cat-sabit-ve-arac-telsizi","9":"first","10":"instock","11":"shipping-taxable","12":"product-type-simple"},"_links":{"self":[{"href":"https:\/\/foxelektronik.com\/index.php\/wp-json\/wp\/v2\/product\/362","targetHints":{"allow":["GET"]}}],"collection":[{"href":"https:\/\/foxelektronik.com\/index.php\/wp-json\/wp\/v2\/product"}],"about":[{"href":"https:\/\/foxelektronik.com\/index.php\/wp-json\/wp\/v2\/types\/product"}],"wp:featuredmedia":[{"embeddable":true,"href":"https:\/\/foxelektronik.com\/index.php\/wp-json\/wp\/v2\/media\/363"}],"wp:attachment":[{"href":"https:\/\/foxelektronik.com\/index.php\/wp-json\/wp\/v2\/media?parent=362"}],"wp:term":[{"taxonomy":"product_brand","embeddable":true,"href":"https:\/\/foxelektronik.com\/index.php\/wp-json\/wp\/v2\/product_brand?post=362"},{"taxonomy":"product_cat","embeddable":true,"href":"https:\/\/foxelektronik.com\/index.php\/wp-json\/wp\/v2\/product_cat?post=362"},{"taxonomy":"product_tag","embeddable":true,"href":"https:\/\/foxelektronik.com\/index.php\/wp-json\/wp\/v2\/product_tag?post=362"}],"curies":[{"name":"wp","href":"https:\/\/api.w.org\/{rel}","templated":true}]}}