{"id":383,"date":"2025-06-05T21:46:47","date_gmt":"2025-06-05T18:46:47","guid":{"rendered":"http:\/\/softetik.com\/?post_type=product&#038;p=383"},"modified":"2025-06-05T21:46:48","modified_gmt":"2025-06-05T18:46:48","slug":"sfe-sd-600-dmr-dijital-lisansli-el-telsizi","status":"publish","type":"product","link":"https:\/\/foxelektronik.com\/index.php\/product\/sfe-sd-600-dmr-dijital-lisansli-el-telsizi\/","title":{"rendered":"SFE SD-600 DMR (D\u0130J\u0130TAL) L\u0130SANSLI EL TELS\u0130Z\u0130"},"content":{"rendered":"<h3><strong>SFE SD-600 DMR El Telsizi<\/strong><\/h3>\n<p>&nbsp;<\/p>\n<p>E-Ticaret Platformumuz\u00a0<a href=\"http:\/\/www.telsizaksesuar.com\/\">www.telsizaksesuar.com<\/a>\u00a0 T\u00fcrkiye&#8217;nin Haberle\u015fme Marketi Floryada A\u00e7\u0131ld\u0131!<\/p>\n<p>Taksitli al\u0131\u015fveri\u015fin adresi.<\/p>\n<p>Teknik servis deste\u011fimiz i\u00e7in bize ula\u015f\u0131n.<\/p>\n<p>0212 599 0 369 &#8211; 0539 858 56 45 WhatsApp<\/p>\n<h3><strong>Genel \u00d6zellikleri:<\/strong><\/h3>\n<p><em>SFE\u00a0 SD-600 DMR (Dijital) Lisansl\u0131 El Telsizi<\/em><\/p>\n<p><em>SFE\u00a0 SD-600 Genel \u00d6zellikleri:<\/em><\/p>\n<p><em>TOT(Time Out Timer)<\/em><\/p>\n<p><em>Otomatik Pil Tasarrufu<\/em><\/p>\n<p><em>BCL(Me\u015fgul Kanal Kilitleme)<\/em><\/p>\n<p><em>Yan Anahtar Atama Programlanabilir<\/em><\/p>\n<p><em>VOX Programlanabilir (10 seviye se\u00e7meli)<\/em><\/p>\n<p><em>Y\u00fcksek\/D\u00fc\u015f\u00fck G\u00fc\u00e7 \u00c7\u0131k\u0131\u015f\u0131<\/em><\/p>\n<p><em>Geni\u015f Kapsama Alan\u0131<\/em><\/p>\n<p><em>PC ile Programlanabilir<\/em><\/p>\n<p><em>Ana \u00d6zellikler (Dijital)<\/em><\/p>\n<p><em>Bireysel \u00c7a\u011fr\u0131, Grup \u00c7a\u011fr\u0131,T\u00fcm \u00c7a\u011fr\u0131<\/em><\/p>\n<p><em>Ses \u015eifreleme<\/em><\/p>\n<p><em>Kilitleme\/Aktivasyon\/Alg\u0131lama<\/em><\/p>\n<p><em>Uzaktan Acil Durum Uyar\u0131s\u0131\/ ENI<\/em><\/p>\n<p><em>CTCSS\/DCS Kodu<\/em><\/p>\n<p><em>DTMF Kodlama ve Kod \u00c7\u00f6zme<\/em><\/p>\n<p><strong><em>SFE\u00a0 SD-600 Teknik \u00d6zellikleri:<\/em><\/strong><\/p>\n<p><em>\u00a0<\/em><\/p>\n<p><em>Frekans Aral\u0131\u011f\u0131\u00a0 \u00a0 \u00a0 \u00a0 \u00a0 \u00a0 \u00a0 \u00a0 \u00a0 \u00a0 \u00a0 \u00a0 \u00a0 \u00a0 \u00a0 \u00a0 \u00a0 \u00a0 \u00a0 \u00a0 \u00a0 \u00a0 \u00a0 \u00a0 \u00a0 \u00a0 \u00a0UHF:400-470MHz<\/em><\/p>\n<p><em>Kanal Say\u0131s\u0131\u00a0 \u00a0 \u00a0 \u00a0 \u00a0 \u00a0 \u00a0 \u00a0 \u00a0 \u00a0 \u00a0 \u00a0 \u00a0 \u00a0 \u00a0 \u00a0 \u00a0 \u00a0 \u00a0 \u00a0 \u00a0 \u00a0 \u00a0 \u00a0 \u00a0 \u00a0 \u00a0 \u00a0 \u00a0 32 Kanal<\/em><\/p>\n<p><em>\u00c7al\u0131\u015fma Gerilimi\u00a0 \u00a0 \u00a0 \u00a0 \u00a0 \u00a0 \u00a0 \u00a0 \u00a0 \u00a0 \u00a0 \u00a0 \u00a0 \u00a0 \u00a0 \u00a0 \u00a0 \u00a0 \u00a0 \u00a0 \u00a0 \u00a0 \u00a0 \u00a0 \u00a0 7.4V DC \u00b1 10%<\/em><\/p>\n<p><em>Kanal Aral\u0131\u011f\u0131:\u00a0 \u00a0 \u00a0 \u00a0 \u00a0 \u00a0 \u00a0 \u00a0 \u00a0 \u00a0 \u00a0 \u00a0 \u00a0 \u00a0 \u00a0 \u00a0 \u00a0 \u00a0 \u00a0 \u00a0 \u00a0 \u00a0 \u00a0 \u00a0 \u00a0 \u00a0 \u00a0 \u00a0Analog :25KHz\/20KHz\/12.5KHz<\/em><\/p>\n<p><em>\u00a0 \u00a0 \u00a0 \u00a0 \u00a0 \u00a0 \u00a0 \u00a0 \u00a0 \u00a0 \u00a0 \u00a0 \u00a0 \u00a0 \u00a0 \u00a0 \u00a0 \u00a0 \u00a0 \u00a0 \u00a0 \u00a0 \u00a0 \u00a0 \u00a0 \u00a0 \u00a0 \u00a0 \u00a0 \u00a0 \u00a0 \u00a0 \u00a0 \u00a0 \u00a0 \u00a0 \u00a0Digital: 12.5KHz<\/em><\/p>\n<p><em>Anten Empedans\u0131\u00a0 \u00a0 \u00a0 \u00a0 \u00a0 \u00a0 \u00a0 \u00a0 \u00a0 \u00a0 \u00a0 \u00a0 \u00a0 \u00a0 \u00a0 \u00a0 \u00a0 \u00a0 \u00a0 \u00a0 \u00a0 \u00a0 \u00a0 \u00a050 \u03a9<\/em><\/p>\n<p><em>Batarya Kapasitesi\u00a0 \u00a0 \u00a0 \u00a0 \u00a0 \u00a0 \u00a0 \u00a0 \u00a0 \u00a0 \u00a0 \u00a0 \u00a0 \u00a0 \u00a0 \u00a0 \u00a0 \u00a0 \u00a0 \u00a0 \u00a0 \u00a0 1500mAH\/2000mAH(Li-Ion Battery)<\/em><\/p>\n<p><em>Batarya \u00c7al\u0131\u015fma S\u00fcresi\u00a0 \u00a0 \u00a0 \u00a0 \u00a0 \u00a0 \u00a0 \u00a0 \u00a0 \u00a0 \u00a0 \u00a0 \u00a0 \u00a0 \u00a0 \u00a0 \u00a0 \u00a0(5 15-20 saat)<\/em><\/p>\n<p><em>\u00c7al\u0131\u015fma S\u0131cakl\u0131\u011f\u0131\u00a0 \u00a0 \u00a0 \u00a0 \u00a0 \u00a0 \u00a0 \u00a0 \u00a0 \u00a0 \u00a0 \u00a0 \u00a0 \u00a0 \u00a0 \u00a0 \u00a0 \u00a0 \u00a0 \u00a0 \u00a0 \u00a0 \u00a0 \u00a0 -30\u00b0C &#8211; +60\u00b0C<\/em><\/p>\n<p><em>Frekans Kararl\u0131l\u0131\u011f\u0131\u00a0 \u00a0 \u00a0 \u00a0 \u00a0 \u00a0 \u00a0 \u00a0 \u00a0 \u00a0 \u00a0 \u00a0 \u00a0 \u00a0 \u00a0 \u00a0 \u00a0 \u00a0 \u00a0 \u00a0 \u00a0 \u00a0 \u00a0 \u00a0\u00b1 2.5ppm<\/em><\/p>\n<p><em>Boyutlar(W*H*D)(Projeksiyonlar hari\u00e7)\u00a0 \u00a0 \u00a053*28*116mm<\/em><\/p>\n<p><em>A\u011f\u0131rl\u0131k(Antenna &amp; Batarya dahil)\u00a0 \u00a0 \u00a0 \u00a0 \u00a0 \u00a0 \u00a0 \u00a0 \u00a0265g<\/em><\/p>\n","protected":false},"excerpt":{"rendered":"<p>SFE SD-600 DMR El Telsizi &nbsp; E-Ticaret Platformumuz\u00a0www.telsizaksesuar.com\u00a0 T\u00fcrkiye&#8217;nin Haberle\u015fme Marketi Floryada A\u00e7\u0131ld\u0131! Taksitli al\u0131\u015fveri\u015fin adresi. Teknik servis deste\u011fimiz i\u00e7in bize ula\u015f\u0131n. 0212 599 0 369 &#8211; 0539 858 56 45 WhatsApp Genel \u00d6zellikleri: SFE\u00a0 SD-600 DMR (Dijital) Lisansl\u0131 El Telsizi SFE\u00a0 SD-600 Genel \u00d6zellikleri: TOT(Time Out Timer) Otomatik Pil Tasarrufu BCL(Me\u015fgul Kanal Kilitleme) Yan [&hellip;]<\/p>\n","protected":false},"featured_media":384,"template":"","meta":[],"product_brand":[75],"product_cat":[49],"product_tag":[],"class_list":{"0":"post-383","1":"product","2":"type-product","3":"status-publish","4":"has-post-thumbnail","6":"product_brand-sfe","7":"product_cat-el-telsizi","9":"first","10":"instock","11":"shipping-taxable","12":"product-type-simple"},"_links":{"self":[{"href":"https:\/\/foxelektronik.com\/index.php\/wp-json\/wp\/v2\/product\/383","targetHints":{"allow":["GET"]}}],"collection":[{"href":"https:\/\/foxelektronik.com\/index.php\/wp-json\/wp\/v2\/product"}],"about":[{"href":"https:\/\/foxelektronik.com\/index.php\/wp-json\/wp\/v2\/types\/product"}],"wp:featuredmedia":[{"embeddable":true,"href":"https:\/\/foxelektronik.com\/index.php\/wp-json\/wp\/v2\/media\/384"}],"wp:attachment":[{"href":"https:\/\/foxelektronik.com\/index.php\/wp-json\/wp\/v2\/media?parent=383"}],"wp:term":[{"taxonomy":"product_brand","embeddable":true,"href":"https:\/\/foxelektronik.com\/index.php\/wp-json\/wp\/v2\/product_brand?post=383"},{"taxonomy":"product_cat","embeddable":true,"href":"https:\/\/foxelektronik.com\/index.php\/wp-json\/wp\/v2\/product_cat?post=383"},{"taxonomy":"product_tag","embeddable":true,"href":"https:\/\/foxelektronik.com\/index.php\/wp-json\/wp\/v2\/product_tag?post=383"}],"curies":[{"name":"wp","href":"https:\/\/api.w.org\/{rel}","templated":true}]}}