{"id":393,"date":"2025-06-05T21:50:42","date_gmt":"2025-06-05T18:50:42","guid":{"rendered":"http:\/\/softetik.com\/?post_type=product&#038;p=393"},"modified":"2025-06-05T21:50:42","modified_gmt":"2025-06-05T18:50:42","slug":"baofeng-bf-f8-dual-band-el-telsizi","status":"publish","type":"product","link":"https:\/\/foxelektronik.com\/index.php\/product\/baofeng-bf-f8-dual-band-el-telsizi\/","title":{"rendered":"BAOFENG BF-F8 DUAL BAND EL TELS\u0130Z\u0130"},"content":{"rendered":"<p>BAOFENG BF-F8\u00a0 DUAL BAND EL TELS\u0130Z\u0130<\/p>\n<p>Frekans aral\u0131\u011f\u0131 65-108Mhz (sadece radyo dinleyebilmek i\u00e7in)<\/p>\n<p>VHF: 136-174Mhz (Rx \/ Tx)200-260 mhz UHF: 400-520 (Rx \/ Tx)<\/p>\n<p>Bellek kanallar\u0131 128 kanala kadar<\/p>\n<p>Frekans kararl\u0131l\u0131\u011f\u0131 2,5ppm<\/p>\n<p>Frekans ad\u0131m\u00a0 2.5kHz \/ 5kHz \/ 6.25kHz \/ 10kHz \/ 12.5kHz \/ 25kHz<\/p>\n<p>Anten empedans\u0131 50\u03a9<\/p>\n<p>\u00c7al\u0131\u015fma s\u0131cakl\u0131\u011f\u0131 -4oF ila + 140oF aras\u0131<\/p>\n<p>Besleme gerilimi \u015earj Edilebilir Lityum-\u0130yon mAh7.4V \/ 1800<\/p>\n<p>Bekleme durumunda t\u00fcketim \u226475mA<\/p>\n<p>Al\u0131mda T\u00fcketim 380mA<\/p>\n<p>\u0130letimdeki t\u00fcketim \u22641.4A<\/p>\n<p>\u00c7al\u0131\u015fma \u015fekli Simpleks veya semi-duplex<\/p>\n<p>\u00c7al\u0131\u015fma d\u00f6ng\u00fcs\u00fc 03\/03\/54 dak. (Rx \/ Tx \/ Bekleme s\u00fcresi)<\/p>\n<p>Boyutlar 58mm * 110mm * 32mm<\/p>\n<p>A\u011f\u0131rl\u0131k 130g (yakla\u015f\u0131k)<\/p>\n<p>&nbsp;<\/p>\n<p>&nbsp;<\/p>\n<p>VER\u0130C\u0130<\/p>\n<p>RF g\u00fcc\u00fc 8W<\/p>\n<p>Mod\u00fclasyon tipi FM<\/p>\n<p>Emisyon s\u0131n\u0131f\u0131 16K\u03a6F3E \/ 11K\u03a6F3E (W \/ N)<\/p>\n<p>Maksimum sapma \u2264 \u00b1 5kHz \/ \u2264 \u00b1 2.5kHz (W \/ N)<\/p>\n<p>Sahte emisyonlar &lt;-60dB<\/p>\n<p>&nbsp;<\/p>\n<p>&nbsp;<\/p>\n<p>ALICI<\/p>\n<p>Al\u0131c\u0131 hassasiyeti 0.2\u03bcV (12dB\u2019de SINAD\u2019da)<\/p>\n<p>60dB aras\u0131 mod\u00fclasyon<\/p>\n<p>Ses \u00e7\u0131k\u0131\u015f\u0131 1000mW<\/p>\n<p>Biti\u015fik kanal se\u00e7icili\u011fi 65 \/ 60dB<\/p>\n<p>&nbsp;<\/p>\n<p>&nbsp;<\/p>\n<p>&nbsp;<\/p>\n<p>\u201cLED\u201d ekran\u0131nda ekran fonksiyonu men\u00fcs\u00fc olan \u00e7ift bant el telsizi<\/p>\n<p>Ticari FM radyo al\u0131c\u0131s\u0131 (65MHz-108MHz)<\/p>\n<p>Dahili LED el feneri<\/p>\n<p>&nbsp;<\/p>\n<p>&nbsp;<\/p>\n<p>DTMF kodlanm\u0131\u015f<\/p>\n<p>Dahili RX CTCSS \/ DCS taramas\u0131<\/p>\n<p>\u0130\u015flev VOX<\/p>\n<p>&nbsp;<\/p>\n<p>Alarm fonksiyonu<\/p>\n<p>Geni\u015f bant \/ dar bant se\u00e7ilebilir<\/p>\n<p>Klavyede i\u015flev bip sesi<\/p>\n<p>\u0130kili \u0130zleme \/ \u00c7ift Al\u0131m<\/p>\n<p>\u00c7apraz bant al\u0131m\u0131 \/ aktar\u0131m\u0131<\/p>\n<p>&nbsp;<\/p>\n<p>\u0130\u015flev OFFSET<\/p>\n<p>Iletimin ton sonu<\/p>\n<p>Pil tasarruf fonksiyonu SAVE<\/p>\n<p>PC taraf\u0131ndan programlanabilir<\/p>\n<p>Tu\u015f Kilidi<\/p>\n<p>&nbsp;<\/p>\n<p>&nbsp;<\/p>\n<p>Kutu \u0130\u00e7eri\u011fi<\/p>\n<p>&nbsp;<\/p>\n<p>1 Adet Baofeng UV-5R (VHF136-174-200-260 ve UHF 400-520 MHz)<\/p>\n<p>1 Adet 7.4V 1800mah Li-ion Pil Tak\u0131m\u0131<\/p>\n<p>1 Adet Dual Band Anten<\/p>\n<p>1 Adet Kanca tipi kulakl\u0131k<\/p>\n<p>1 Adet Masa\u00fcst\u00fc \u015earj Aleti<\/p>\n<p>1 Adet bel klipsi<\/p>\n<p>1 Adet ask\u0131 ipi<\/p>\n<p>1 T\u00fcrk\u00e7e kullanma klavuzu<\/p>\n","protected":false},"excerpt":{"rendered":"<p>BAOFENG BF-F8\u00a0 DUAL BAND EL TELS\u0130Z\u0130 Frekans aral\u0131\u011f\u0131 65-108Mhz (sadece radyo dinleyebilmek i\u00e7in) VHF: 136-174Mhz (Rx \/ Tx)200-260 mhz UHF: 400-520 (Rx \/ Tx) Bellek kanallar\u0131 128 kanala kadar Frekans kararl\u0131l\u0131\u011f\u0131 2,5ppm Frekans ad\u0131m\u00a0 2.5kHz \/ 5kHz \/ 6.25kHz \/ 10kHz \/ 12.5kHz \/ 25kHz Anten empedans\u0131 50\u03a9 \u00c7al\u0131\u015fma s\u0131cakl\u0131\u011f\u0131 -4oF ila + 140oF aras\u0131 [&hellip;]<\/p>\n","protected":false},"featured_media":394,"template":"","meta":[],"product_brand":[78],"product_cat":[49],"product_tag":[],"class_list":{"0":"post-393","1":"product","2":"type-product","3":"status-publish","4":"has-post-thumbnail","6":"product_brand-baofeng","7":"product_cat-el-telsizi","9":"first","10":"instock","11":"shipping-taxable","12":"product-type-simple"},"_links":{"self":[{"href":"https:\/\/foxelektronik.com\/index.php\/wp-json\/wp\/v2\/product\/393","targetHints":{"allow":["GET"]}}],"collection":[{"href":"https:\/\/foxelektronik.com\/index.php\/wp-json\/wp\/v2\/product"}],"about":[{"href":"https:\/\/foxelektronik.com\/index.php\/wp-json\/wp\/v2\/types\/product"}],"wp:featuredmedia":[{"embeddable":true,"href":"https:\/\/foxelektronik.com\/index.php\/wp-json\/wp\/v2\/media\/394"}],"wp:attachment":[{"href":"https:\/\/foxelektronik.com\/index.php\/wp-json\/wp\/v2\/media?parent=393"}],"wp:term":[{"taxonomy":"product_brand","embeddable":true,"href":"https:\/\/foxelektronik.com\/index.php\/wp-json\/wp\/v2\/product_brand?post=393"},{"taxonomy":"product_cat","embeddable":true,"href":"https:\/\/foxelektronik.com\/index.php\/wp-json\/wp\/v2\/product_cat?post=393"},{"taxonomy":"product_tag","embeddable":true,"href":"https:\/\/foxelektronik.com\/index.php\/wp-json\/wp\/v2\/product_tag?post=393"}],"curies":[{"name":"wp","href":"https:\/\/api.w.org\/{rel}","templated":true}]}}