{"id":400,"date":"2025-06-05T21:53:43","date_gmt":"2025-06-05T18:53:43","guid":{"rendered":"http:\/\/softetik.com\/?post_type=product&#038;p=400"},"modified":"2025-06-05T21:53:43","modified_gmt":"2025-06-05T18:53:43","slug":"hytera-x1p-dmr-el-telsizi","status":"publish","type":"product","link":"https:\/\/foxelektronik.com\/index.php\/product\/hytera-x1p-dmr-el-telsizi\/","title":{"rendered":"HYTERA X1P DMR EL TELS\u0130Z\u0130"},"content":{"rendered":"<p>HYTERA X1P<\/p>\n<p>&nbsp;<\/p>\n<p>Ultra-ince Tam G\u00fc\u00e7 Tu\u015f Tak\u0131m\u0131<\/p>\n<p>B\u00fcy\u00fck boy renkli ekran<\/p>\n<p>G\u00fc\u00e7l\u00fc g\u00fcne\u015f \u0131\u015f\u0131\u011f\u0131 alt\u0131nda iyi bir g\u00f6r\u00fc\u015f sa\u011flayan\u00a0 1.8 \u201cTFT LCD ekran (65536 renk)<\/p>\n<p>Kullan\u0131m kolayl\u0131\u011f\u0131<\/p>\n<p>21mm kal\u0131nl\u0131k, profesyonel kablosuz kulakl\u0131klar ya da yaka mikrofonu, esnek anten ile kolay kullan\u0131m<\/p>\n<p>IP67 uyumlu<\/p>\n","protected":false},"excerpt":{"rendered":"<p>HYTERA X1P &nbsp; Ultra-ince Tam G\u00fc\u00e7 Tu\u015f Tak\u0131m\u0131 B\u00fcy\u00fck boy renkli ekran G\u00fc\u00e7l\u00fc g\u00fcne\u015f \u0131\u015f\u0131\u011f\u0131 alt\u0131nda iyi bir g\u00f6r\u00fc\u015f sa\u011flayan\u00a0 1.8 \u201cTFT LCD ekran (65536 renk) Kullan\u0131m kolayl\u0131\u011f\u0131 21mm kal\u0131nl\u0131k, profesyonel kablosuz kulakl\u0131klar ya da yaka mikrofonu, esnek anten ile kolay kullan\u0131m IP67 uyumlu<\/p>\n","protected":false},"featured_media":401,"template":"","meta":[],"product_brand":[71],"product_cat":[49],"product_tag":[],"class_list":{"0":"post-400","1":"product","2":"type-product","3":"status-publish","4":"has-post-thumbnail","6":"product_brand-hytera","7":"product_cat-el-telsizi","9":"first","10":"instock","11":"shipping-taxable","12":"product-type-simple"},"_links":{"self":[{"href":"https:\/\/foxelektronik.com\/index.php\/wp-json\/wp\/v2\/product\/400","targetHints":{"allow":["GET"]}}],"collection":[{"href":"https:\/\/foxelektronik.com\/index.php\/wp-json\/wp\/v2\/product"}],"about":[{"href":"https:\/\/foxelektronik.com\/index.php\/wp-json\/wp\/v2\/types\/product"}],"wp:featuredmedia":[{"embeddable":true,"href":"https:\/\/foxelektronik.com\/index.php\/wp-json\/wp\/v2\/media\/401"}],"wp:attachment":[{"href":"https:\/\/foxelektronik.com\/index.php\/wp-json\/wp\/v2\/media?parent=400"}],"wp:term":[{"taxonomy":"product_brand","embeddable":true,"href":"https:\/\/foxelektronik.com\/index.php\/wp-json\/wp\/v2\/product_brand?post=400"},{"taxonomy":"product_cat","embeddable":true,"href":"https:\/\/foxelektronik.com\/index.php\/wp-json\/wp\/v2\/product_cat?post=400"},{"taxonomy":"product_tag","embeddable":true,"href":"https:\/\/foxelektronik.com\/index.php\/wp-json\/wp\/v2\/product_tag?post=400"}],"curies":[{"name":"wp","href":"https:\/\/api.w.org\/{rel}","templated":true}]}}