{"id":4178,"date":"2025-07-21T15:10:11","date_gmt":"2025-07-21T12:10:11","guid":{"rendered":"https:\/\/foxelektronik.com\/?post_type=product&#038;p=4178"},"modified":"2025-07-21T15:10:11","modified_gmt":"2025-07-21T12:10:11","slug":"sfe-s200-pmr-i-lisanssiz-el-telsizi-i-deprem-telsizi-i-afet-telsizi","status":"publish","type":"product","link":"https:\/\/foxelektronik.com\/index.php\/product\/sfe-s200-pmr-i-lisanssiz-el-telsizi-i-deprem-telsizi-i-afet-telsizi\/","title":{"rendered":"SFE S200 PMR I L\u0130SANSSIZ  EL TELS\u0130Z\u0130 I  Deprem Telsizi I Afet Telsizi"},"content":{"rendered":"<h2 data-start=\"598\" data-end=\"672\"><strong data-start=\"601\" data-end=\"672\">SFE S200 PMR | L\u0130SANSSIZ EL TELS\u0130Z\u0130 | DEPREM TELS\u0130Z\u0130 | AFET TELS\u0130Z\u0130<\/strong><\/h2>\n<p data-start=\"674\" data-end=\"1115\"><strong data-start=\"674\" data-end=\"745\">SFE S200 PMR | L\u0130SANSSIZ EL TELS\u0130Z\u0130 | DEPREM TELS\u0130Z\u0130 | AFET TELS\u0130Z\u0130<\/strong>, bireysel ve kurumsal kullan\u0131c\u0131lar i\u00e7in \u00f6zel olarak tasarlanm\u0131\u015f, y\u00fcksek menzilli, dayan\u0131kl\u0131 ve g\u00fcvenilir bir ileti\u015fim cihaz\u0131d\u0131r. Lisans gerektirmemesi sayesinde herkes taraf\u0131ndan \u00f6zg\u00fcrce kullan\u0131labilir. \u00d6zellikle afet anlar\u0131nda ileti\u015fim altyap\u0131s\u0131n\u0131n \u00e7\u00f6kmesi durumunda <strong data-start=\"1014\" data-end=\"1085\">SFE S200 PMR | L\u0130SANSSIZ EL TELS\u0130Z\u0130 | DEPREM TELS\u0130Z\u0130 | AFET TELS\u0130Z\u0130<\/strong>, hayati \u00f6neme sahip olabilir.<\/p>\n<hr data-start=\"1117\" data-end=\"1120\" \/>\n<h3 data-start=\"1122\" data-end=\"1147\"><strong data-start=\"1126\" data-end=\"1147\">Teknik \u00d6zellikler<\/strong><\/h3>\n<ul data-start=\"1149\" data-end=\"1428\">\n<li data-start=\"1149\" data-end=\"1191\">\n<p data-start=\"1151\" data-end=\"1191\"><strong data-start=\"1151\" data-end=\"1171\">Frekans Aral\u0131\u011f\u0131:<\/strong> 446 MHz (PMR band\u0131)<\/p>\n<\/li>\n<li data-start=\"1192\" data-end=\"1242\">\n<p data-start=\"1194\" data-end=\"1242\"><strong data-start=\"1194\" data-end=\"1207\">Pil \u00d6mr\u00fc:<\/strong> 20 saate kadar kesintisiz kullan\u0131m<\/p>\n<\/li>\n<li data-start=\"1243\" data-end=\"1293\">\n<p data-start=\"1245\" data-end=\"1293\"><strong data-start=\"1245\" data-end=\"1266\">\u0130leti\u015fim Menzili:<\/strong> A\u00e7\u0131k alanda 10 km&#8217;ye kadar<\/p>\n<\/li>\n<li data-start=\"1294\" data-end=\"1317\">\n<p data-start=\"1296\" data-end=\"1317\"><strong data-start=\"1296\" data-end=\"1308\">A\u011f\u0131rl\u0131k:<\/strong> 180 gram<\/p>\n<\/li>\n<li data-start=\"1318\" data-end=\"1347\">\n<p data-start=\"1320\" data-end=\"1347\"><strong data-start=\"1320\" data-end=\"1330\">Boyut:<\/strong> 140 x 55 x 35 mm<\/p>\n<\/li>\n<li data-start=\"1348\" data-end=\"1388\">\n<p data-start=\"1350\" data-end=\"1388\"><strong data-start=\"1350\" data-end=\"1371\">Renk Se\u00e7enekleri:<\/strong> Siyah, gri, mavi<\/p>\n<\/li>\n<li data-start=\"1389\" data-end=\"1428\">\n<p data-start=\"1391\" data-end=\"1428\"><strong data-start=\"1391\" data-end=\"1400\">Kasa:<\/strong> Suya ve toza dayan\u0131kl\u0131 yap\u0131<\/p>\n<\/li>\n<\/ul>\n<hr data-start=\"1430\" data-end=\"1433\" \/>\n<h3 data-start=\"1435\" data-end=\"1460\"><strong data-start=\"1439\" data-end=\"1460\">Kullan\u0131m Alanlar\u0131<\/strong><\/h3>\n<ul data-start=\"1462\" data-end=\"1857\">\n<li data-start=\"1462\" data-end=\"1634\">\n<p data-start=\"1464\" data-end=\"1634\"><strong data-start=\"1464\" data-end=\"1483\">Afet Durumlar\u0131:<\/strong> Deprem, sel, yang\u0131n gibi acil durumlarda ileti\u015fim i\u00e7in <strong data-start=\"1539\" data-end=\"1610\">SFE S200 PMR | L\u0130SANSSIZ EL TELS\u0130Z\u0130 | DEPREM TELS\u0130Z\u0130 | AFET TELS\u0130Z\u0130<\/strong> g\u00fcvenli bir se\u00e7enektir.<\/p>\n<\/li>\n<li data-start=\"1635\" data-end=\"1691\">\n<p data-start=\"1637\" data-end=\"1691\"><strong data-start=\"1637\" data-end=\"1657\">\u0130n\u015faat Alanlar\u0131:<\/strong> \u015eantiyelerde koordinasyon sa\u011flar.<\/p>\n<\/li>\n<li data-start=\"1692\" data-end=\"1771\">\n<p data-start=\"1694\" data-end=\"1771\"><strong data-start=\"1694\" data-end=\"1718\">Outdoor Aktiviteler:<\/strong> Kamp, do\u011fa y\u00fcr\u00fcy\u00fc\u015f\u00fc, bisiklet turlar\u0131 i\u00e7in uygundur.<\/p>\n<\/li>\n<li data-start=\"1772\" data-end=\"1857\">\n<p data-start=\"1774\" data-end=\"1857\"><strong data-start=\"1774\" data-end=\"1791\">Aileler i\u00e7in:<\/strong> Kalabal\u0131k etkinliklerde veya seyahatlerde g\u00fcvenli ileti\u015fim arac\u0131.<\/p>\n<\/li>\n<\/ul>\n<hr data-start=\"1859\" data-end=\"1862\" \/>\n<h3 data-start=\"1864\" data-end=\"1946\"><strong data-start=\"1868\" data-end=\"1946\">Neden SFE S200 PMR | L\u0130SANSSIZ EL TELS\u0130Z\u0130 | DEPREM TELS\u0130Z\u0130 | AFET TELS\u0130Z\u0130?<\/strong><\/h3>\n<ul data-start=\"1948\" data-end=\"2218\">\n<li data-start=\"1948\" data-end=\"2021\">\n<p data-start=\"1950\" data-end=\"2021\"><strong data-start=\"1950\" data-end=\"1973\">Lisanss\u0131z Kullan\u0131m:<\/strong> Ek i\u015flem gerektirmez, her yerde kullan\u0131labilir.<\/p>\n<\/li>\n<li data-start=\"2022\" data-end=\"2088\">\n<p data-start=\"2024\" data-end=\"2088\"><strong data-start=\"2024\" data-end=\"2054\">Afet Haz\u0131rl\u0131\u011f\u0131 \u0130\u00e7in Uygun:<\/strong> \u0130leti\u015fim kopuklu\u011funa kar\u015f\u0131 \u00f6nlem.<\/p>\n<\/li>\n<li data-start=\"2089\" data-end=\"2158\">\n<p data-start=\"2091\" data-end=\"2158\"><strong data-start=\"2091\" data-end=\"2107\">Ta\u015f\u0131nabilir:<\/strong> Kompakt ve hafif tasar\u0131m\u0131 sayesinde kolay ta\u015f\u0131n\u0131r.<\/p>\n<\/li>\n<li data-start=\"2159\" data-end=\"2218\">\n<p data-start=\"2161\" data-end=\"2218\"><strong data-start=\"2161\" data-end=\"2177\">Uzun Menzil:<\/strong> A\u00e7\u0131k alanda 10 km\u2019ye kadar net ileti\u015fim.<\/p>\n<\/li>\n<\/ul>\n","protected":false},"excerpt":{"rendered":"<p>SFE S200 PMR | L\u0130SANSSIZ EL TELS\u0130Z\u0130 | DEPREM TELS\u0130Z\u0130 | AFET TELS\u0130Z\u0130 SFE S200 PMR | L\u0130SANSSIZ EL TELS\u0130Z\u0130 | DEPREM TELS\u0130Z\u0130 | AFET TELS\u0130Z\u0130, bireysel ve kurumsal kullan\u0131c\u0131lar i\u00e7in \u00f6zel olarak tasarlanm\u0131\u015f, y\u00fcksek menzilli, dayan\u0131kl\u0131 ve g\u00fcvenilir bir ileti\u015fim cihaz\u0131d\u0131r. Lisans gerektirmemesi sayesinde herkes taraf\u0131ndan \u00f6zg\u00fcrce kullan\u0131labilir. \u00d6zellikle afet anlar\u0131nda ileti\u015fim altyap\u0131s\u0131n\u0131n \u00e7\u00f6kmesi [&hellip;]<\/p>\n","protected":false},"featured_media":2282,"template":"","meta":[],"product_brand":[75],"product_cat":[],"product_tag":[],"class_list":{"0":"post-4178","1":"product","2":"type-product","3":"status-publish","4":"has-post-thumbnail","6":"product_brand-sfe","8":"first","9":"instock","10":"shipping-taxable","11":"product-type-simple"},"_links":{"self":[{"href":"https:\/\/foxelektronik.com\/index.php\/wp-json\/wp\/v2\/product\/4178","targetHints":{"allow":["GET"]}}],"collection":[{"href":"https:\/\/foxelektronik.com\/index.php\/wp-json\/wp\/v2\/product"}],"about":[{"href":"https:\/\/foxelektronik.com\/index.php\/wp-json\/wp\/v2\/types\/product"}],"wp:featuredmedia":[{"embeddable":true,"href":"https:\/\/foxelektronik.com\/index.php\/wp-json\/wp\/v2\/media\/2282"}],"wp:attachment":[{"href":"https:\/\/foxelektronik.com\/index.php\/wp-json\/wp\/v2\/media?parent=4178"}],"wp:term":[{"taxonomy":"product_brand","embeddable":true,"href":"https:\/\/foxelektronik.com\/index.php\/wp-json\/wp\/v2\/product_brand?post=4178"},{"taxonomy":"product_cat","embeddable":true,"href":"https:\/\/foxelektronik.com\/index.php\/wp-json\/wp\/v2\/product_cat?post=4178"},{"taxonomy":"product_tag","embeddable":true,"href":"https:\/\/foxelektronik.com\/index.php\/wp-json\/wp\/v2\/product_tag?post=4178"}],"curies":[{"name":"wp","href":"https:\/\/api.w.org\/{rel}","templated":true}]}}