{"id":421,"date":"2025-06-05T22:08:15","date_gmt":"2025-06-05T19:08:15","guid":{"rendered":"http:\/\/softetik.com\/?post_type=product&#038;p=421"},"modified":"2025-06-05T22:28:02","modified_gmt":"2025-06-05T19:28:02","slug":"motorola-dp4401ex-atex-telsiz","status":"publish","type":"product","link":"https:\/\/foxelektronik.com\/index.php\/product\/motorola-dp4401ex-atex-telsiz\/","title":{"rendered":"MOTOROLA DP4401Ex ATEX TELS\u0130Z"},"content":{"rendered":"<p>DP4401Ex \u00d6ne \u00c7\u0131kan \u00d6zellikler<\/p>\n<p>&nbsp;<\/p>\n<p>Dijital ve analog olmak \u00fczere \u00e7ift moda sahiptir.<\/p>\n<p>S\u0131n\u0131f\u0131n\u0131n en iyi ses kalitesine sahiptir. \u00d6n taraf\u0131nda yer alan ve y\u00fcksek ses i\u015fitmenizi sa\u011flayan hoparl\u00f6r\u00fc bulunmaktad\u0131r.<\/p>\n<p>\u00d6nceden programlayabilece\u011finiz mesajlar\u0131 iletebilirsiniz.<\/p>\n<p>Programlanabilir acil durum butonu.<\/p>\n<p>16 bit, 40 bit,256 bit ve AES256 \u015fifreleme.<\/p>\n<p>Olas\u0131 durumlarda \u00f6ncelik vermek i\u00e7in ge\u00e7erlikonu\u015fmay\u0131 kesebilme<\/p>\n<p>DP4401Ex Teknik \u00d6zellikler<\/p>\n<p>&nbsp;<\/p>\n<p>Lisans :\u200b Lisans Gerekli<\/p>\n<p>Frekans Band\u0131 : \u200bUHF(403-470 MHZ) \u2013VHF(136-174 MHZ)<\/p>\n<p>Kanal Say\u0131s\u0131 :\u200b 32<\/p>\n<p>B\u00f6lge (Zone) Say\u0131s\u0131 :\u200b 2<\/p>\n<p>Kanal Aral\u0131\u011f\u0131 : \u200b12.5\/20\/25KHz<\/p>\n<p>Komut Anten Empedans\u0131 : \u200b50\u03a9<\/p>\n<p>Frekans Kararl\u0131l\u0131\u011f\u0131 :\u200b \u00b10.5ppm<\/p>\n<p>Mod :\u200b Say\u0131sal<\/p>\n<p>Batarya Kapasitesi : \u200b1400 mAh (Li-ion)<\/p>\n<p>Batarya \u00d6mr\u00fc (5\/5\/90): \u200bAnalog 16,Dijital 19 saat<\/p>\n<p>A\u011f\u0131rl\u0131k :\u200b 455.5g<\/p>\n<p>Boyut :\u200b 138.5 X 55.7 X 37.8 mm<\/p>\n<p>IP S\u0131n\u0131f\u0131 : \u200bIP67<\/p>\n<p>\u00c7\u0131k\u0131\u015f G\u00fcc\u00fc :\u200b 1W<\/p>\n<p>Ses \u00c7\u0131k\u0131\u015f G\u00fcc\u00fc : \u200b0.5W<\/p>\n<p>\u00c7al\u0131\u015fma Voltaj\u0131 :\u200b 7.4V<\/p>\n<p>Askeri Standart :\u200b MIL-STD 810 \/D\/E\/F\/G<\/p>\n","protected":false},"excerpt":{"rendered":"<p>DP4401Ex \u00d6ne \u00c7\u0131kan \u00d6zellikler &nbsp; Dijital ve analog olmak \u00fczere \u00e7ift moda sahiptir. S\u0131n\u0131f\u0131n\u0131n en iyi ses kalitesine sahiptir. \u00d6n taraf\u0131nda yer alan ve y\u00fcksek ses i\u015fitmenizi sa\u011flayan hoparl\u00f6r\u00fc bulunmaktad\u0131r. \u00d6nceden programlayabilece\u011finiz mesajlar\u0131 iletebilirsiniz. Programlanabilir acil durum butonu. 16 bit, 40 bit,256 bit ve AES256 \u015fifreleme. Olas\u0131 durumlarda \u00f6ncelik vermek i\u00e7in ge\u00e7erlikonu\u015fmay\u0131 kesebilme DP4401Ex Teknik [&hellip;]<\/p>\n","protected":false},"featured_media":422,"template":"","meta":[],"product_brand":[70],"product_cat":[49],"product_tag":[],"class_list":{"0":"post-421","1":"product","2":"type-product","3":"status-publish","4":"has-post-thumbnail","6":"product_brand-motorola","7":"product_cat-el-telsizi","9":"first","10":"instock","11":"shipping-taxable","12":"product-type-simple"},"_links":{"self":[{"href":"https:\/\/foxelektronik.com\/index.php\/wp-json\/wp\/v2\/product\/421","targetHints":{"allow":["GET"]}}],"collection":[{"href":"https:\/\/foxelektronik.com\/index.php\/wp-json\/wp\/v2\/product"}],"about":[{"href":"https:\/\/foxelektronik.com\/index.php\/wp-json\/wp\/v2\/types\/product"}],"wp:featuredmedia":[{"embeddable":true,"href":"https:\/\/foxelektronik.com\/index.php\/wp-json\/wp\/v2\/media\/422"}],"wp:attachment":[{"href":"https:\/\/foxelektronik.com\/index.php\/wp-json\/wp\/v2\/media?parent=421"}],"wp:term":[{"taxonomy":"product_brand","embeddable":true,"href":"https:\/\/foxelektronik.com\/index.php\/wp-json\/wp\/v2\/product_brand?post=421"},{"taxonomy":"product_cat","embeddable":true,"href":"https:\/\/foxelektronik.com\/index.php\/wp-json\/wp\/v2\/product_cat?post=421"},{"taxonomy":"product_tag","embeddable":true,"href":"https:\/\/foxelektronik.com\/index.php\/wp-json\/wp\/v2\/product_tag?post=421"}],"curies":[{"name":"wp","href":"https:\/\/api.w.org\/{rel}","templated":true}]}}