{"id":4352,"date":"2025-07-21T15:11:25","date_gmt":"2025-07-21T12:11:25","guid":{"rendered":"https:\/\/foxelektronik.com\/?post_type=product&#038;p=4352"},"modified":"2025-07-21T15:11:25","modified_gmt":"2025-07-21T12:11:25","slug":"diamond-150-mv2-vhf-marin-anten","status":"publish","type":"product","link":"https:\/\/foxelektronik.com\/index.php\/product\/diamond-150-mv2-vhf-marin-anten\/","title":{"rendered":"DIAMOND 150-MV2 VHF MAR\u0130N ANTEN"},"content":{"rendered":"<h3 data-start=\"0\" data-end=\"72\">DIAMOND 150-MV2 VHF Marin Anten \u2013 Sa\u011flam Fiber Yap\u0131l\u0131 Japon Kalitesi<\/h3>\n<p data-start=\"74\" data-end=\"385\"><strong data-start=\"74\" data-end=\"97\">DIAMOND 150-MV2 VHF<\/strong>, deniz ara\u00e7lar\u0131 i\u00e7in \u00f6zel olarak tasarlanm\u0131\u015f orijinal Japon mal\u0131 bir marin antenidir. 2.8\u202fm uzunlu\u011fundaki bu anten, sa\u011flam fiber g\u00f6vdesiyle zorlu deniz ko\u015fullar\u0131na kar\u015f\u0131 dayan\u0131kl\u0131d\u0131r. <strong data-start=\"282\" data-end=\"305\">DIAMOND 150-MV2 VHF<\/strong>, y\u00fcksek verim elde etmek i\u00e7in teknenizin en y\u00fcksek noktas\u0131na monte edilmelidir.<\/p>\n<h4 data-start=\"387\" data-end=\"409\">Teknik \u00d6zellikler<\/h4>\n<ul data-start=\"410\" data-end=\"638\">\n<li data-start=\"410\" data-end=\"456\">\n<p data-start=\"412\" data-end=\"456\"><strong data-start=\"412\" data-end=\"422\">Model:<\/strong> DIAMOND150-MV2 VHF Marin Anten<\/p>\n<\/li>\n<li data-start=\"457\" data-end=\"493\">\n<p data-start=\"459\" data-end=\"493\"><strong data-start=\"459\" data-end=\"477\">Frekans Band\u0131:<\/strong> VHF (150\u202fMHz)<\/p>\n<\/li>\n<li data-start=\"494\" data-end=\"519\">\n<p data-start=\"496\" data-end=\"519\"><strong data-start=\"496\" data-end=\"511\">Anten Boyu:<\/strong> 2.8\u202fm<\/p>\n<\/li>\n<li data-start=\"520\" data-end=\"543\">\n<p data-start=\"522\" data-end=\"543\"><strong data-start=\"522\" data-end=\"533\">Kazan\u00e7:<\/strong> 6.0\u202fdBi<\/p>\n<\/li>\n<li data-start=\"544\" data-end=\"565\">\n<p data-start=\"546\" data-end=\"565\"><strong data-start=\"546\" data-end=\"558\">A\u011f\u0131rl\u0131k:<\/strong> 1\u202fkg<\/p>\n<\/li>\n<li data-start=\"566\" data-end=\"602\">\n<p data-start=\"568\" data-end=\"602\"><strong data-start=\"568\" data-end=\"591\">Montaj Borusu \u00c7ap\u0131:<\/strong> 30\u201362\u202fmm<\/p>\n<\/li>\n<li data-start=\"603\" data-end=\"638\">\n<p data-start=\"605\" data-end=\"638\"><strong data-start=\"605\" data-end=\"624\">R\u00fczgar Direnci:<\/strong> 180\u202fkm\/saat<\/p>\n<\/li>\n<\/ul>\n<h4 data-start=\"640\" data-end=\"664\">Geli\u015fmi\u015f \u00d6zellikler<\/h4>\n<ul data-start=\"665\" data-end=\"780\">\n<li data-start=\"665\" data-end=\"699\">\n<p data-start=\"667\" data-end=\"699\">Y\u00fcksek fiber mukavemetli g\u00f6vde<\/p>\n<\/li>\n<li data-start=\"700\" data-end=\"738\">\n<p data-start=\"702\" data-end=\"738\">UV ve tuzlu suya dayan\u0131kl\u0131 kaplama<\/p>\n<\/li>\n<li data-start=\"739\" data-end=\"780\">\n<p data-start=\"741\" data-end=\"780\">D\u00fc\u015f\u00fck VSWR ile net sinyal performans\u0131<\/p>\n<\/li>\n<\/ul>\n<h4 data-start=\"782\" data-end=\"804\">Kullan\u0131m Alanlar\u0131<\/h4>\n<ul data-start=\"805\" data-end=\"920\">\n<li data-start=\"805\" data-end=\"836\">\n<p data-start=\"807\" data-end=\"836\">Tekne \u00fcst\u00fc VHF haberle\u015fmesi<\/p>\n<\/li>\n<li data-start=\"837\" data-end=\"885\">\n<p data-start=\"839\" data-end=\"885\">Denizcilik g\u00fcvenlik ve navigasyon sistemleri<\/p>\n<\/li>\n<li data-start=\"886\" data-end=\"920\">\n<p data-start=\"888\" data-end=\"920\">K\u0131y\u0131-tekne telsiz ba\u011flant\u0131lar\u0131<\/p>\n<\/li>\n<\/ul>\n<p data-start=\"922\" data-end=\"1128\">Denizcilik haberle\u015fmeniz i\u00e7in maksimum sinyal kalitesi ve uzun \u00f6m\u00fcrl\u00fc kullan\u0131m sunar. Anteni metal nesnelerden en az 50\u202fcm uzakta monte ederek en iyi performans\u0131 elde edebilirsiniz.<\/p>\n<hr data-start=\"1130\" data-end=\"1133\" \/>\n<p data-start=\"1135\" data-end=\"1246\" data-is-last-node=\"\" data-is-only-node=\"\"><strong data-start=\"1135\" data-end=\"1149\">Etiketler:<\/strong> diamond 150-mv2 marin anten, marin anten, tekne anteni, DIAMOND 150-MV2 VHF, deniz telsiz anteni<\/p>\n","protected":false},"excerpt":{"rendered":"<p>DIAMOND 150-MV2 VHF Marin Anten \u2013 Sa\u011flam Fiber Yap\u0131l\u0131 Japon Kalitesi DIAMOND 150-MV2 VHF, deniz ara\u00e7lar\u0131 i\u00e7in \u00f6zel olarak tasarlanm\u0131\u015f orijinal Japon mal\u0131 bir marin antenidir. 2.8\u202fm uzunlu\u011fundaki bu anten, sa\u011flam fiber g\u00f6vdesiyle zorlu deniz ko\u015fullar\u0131na kar\u015f\u0131 dayan\u0131kl\u0131d\u0131r. DIAMOND 150-MV2 VHF, y\u00fcksek verim elde etmek i\u00e7in teknenizin en y\u00fcksek noktas\u0131na monte edilmelidir. Teknik \u00d6zellikler Model: [&hellip;]<\/p>\n","protected":false},"featured_media":2934,"template":"","meta":[],"product_brand":[137],"product_cat":[],"product_tag":[],"class_list":{"0":"post-4352","1":"product","2":"type-product","3":"status-publish","4":"has-post-thumbnail","6":"product_brand-diamond-antenna","8":"first","9":"instock","10":"shipping-taxable","11":"product-type-simple"},"_links":{"self":[{"href":"https:\/\/foxelektronik.com\/index.php\/wp-json\/wp\/v2\/product\/4352","targetHints":{"allow":["GET"]}}],"collection":[{"href":"https:\/\/foxelektronik.com\/index.php\/wp-json\/wp\/v2\/product"}],"about":[{"href":"https:\/\/foxelektronik.com\/index.php\/wp-json\/wp\/v2\/types\/product"}],"wp:featuredmedia":[{"embeddable":true,"href":"https:\/\/foxelektronik.com\/index.php\/wp-json\/wp\/v2\/media\/2934"}],"wp:attachment":[{"href":"https:\/\/foxelektronik.com\/index.php\/wp-json\/wp\/v2\/media?parent=4352"}],"wp:term":[{"taxonomy":"product_brand","embeddable":true,"href":"https:\/\/foxelektronik.com\/index.php\/wp-json\/wp\/v2\/product_brand?post=4352"},{"taxonomy":"product_cat","embeddable":true,"href":"https:\/\/foxelektronik.com\/index.php\/wp-json\/wp\/v2\/product_cat?post=4352"},{"taxonomy":"product_tag","embeddable":true,"href":"https:\/\/foxelektronik.com\/index.php\/wp-json\/wp\/v2\/product_tag?post=4352"}],"curies":[{"name":"wp","href":"https:\/\/api.w.org\/{rel}","templated":true}]}}