{"id":4376,"date":"2025-07-21T15:11:27","date_gmt":"2025-07-21T12:11:27","guid":{"rendered":"https:\/\/foxelektronik.com\/?post_type=product&#038;p=4376"},"modified":"2025-07-21T15:11:27","modified_gmt":"2025-07-21T12:11:27","slug":"rh770-bnc-dual-band-teleskobik-el-telsizi-anteni-136-174-400-470-mhz","status":"publish","type":"product","link":"https:\/\/foxelektronik.com\/index.php\/product\/rh770-bnc-dual-band-teleskobik-el-telsizi-anteni-136-174-400-470-mhz\/","title":{"rendered":"RH770 BNC Dual Band Teleskobik El Telsizi Anteni (136\/174-400\/470 MHz)"},"content":{"rendered":"<p data-start=\"136\" data-end=\"210\"><strong data-start=\"136\" data-end=\"210\">RH770 BNC Dual Band Teleskobik El Telsizi Anteni (136\/174-400\/470 MHz)<\/strong><\/p>\n<p data-start=\"212\" data-end=\"727\"><strong data-start=\"212\" data-end=\"235\">RH770 BNC Dual Band<\/strong> anten, 136-174 MHz (VHF) ve 400-470 MHz (UHF) frekans aral\u0131klar\u0131nda \u00e7al\u0131\u015fabilen, y\u00fcksek performansl\u0131 bir telsiz antenidir. 3.0 dB (VHF) ve 5.5 dB (UHF) kazan\u00e7 sunarak uzun menzilli ileti\u015fim sa\u011flar. Maksimum 20 watt g\u00fc\u00e7 destekleyen <strong data-start=\"467\" data-end=\"490\">RH770 BNC Dual Band<\/strong> anten, 93 cm uzunlu\u011fundad\u0131r ve teleskobik yap\u0131s\u0131yla hem sa\u011flam hem de ta\u015f\u0131mas\u0131 kolayd\u0131r. BNC konnekt\u00f6r\u00fc sayesinde h\u0131zl\u0131 kurulum imkan\u0131 sunar. Krom kaplama g\u00f6vdesi ve 50 ohm empedans de\u011feriyle amat\u00f6r telsizciler i\u00e7in ideal bir tercihtir.<\/p>\n<p>Etiketler :\u00a0<br \/>rh770 anten, rh770 bnc anten, rh770 teleskobik anten, rh770 bnc anten, rh 770 amat\u00f6r anten<\/p>\n","protected":false},"excerpt":{"rendered":"<p>RH770 BNC Dual Band Teleskobik El Telsizi Anteni (136\/174-400\/470 MHz) RH770 BNC Dual Band anten, 136-174 MHz (VHF) ve 400-470 MHz (UHF) frekans aral\u0131klar\u0131nda \u00e7al\u0131\u015fabilen, y\u00fcksek performansl\u0131 bir telsiz antenidir. 3.0 dB (VHF) ve 5.5 dB (UHF) kazan\u00e7 sunarak uzun menzilli ileti\u015fim sa\u011flar. Maksimum 20 watt g\u00fc\u00e7 destekleyen RH770 BNC Dual Band anten, 93 cm [&hellip;]<\/p>\n","protected":false},"featured_media":2978,"template":"","meta":[],"product_brand":[],"product_cat":[],"product_tag":[],"class_list":{"0":"post-4376","1":"product","2":"type-product","3":"status-publish","4":"has-post-thumbnail","7":"first","8":"instock","9":"shipping-taxable","10":"product-type-simple"},"_links":{"self":[{"href":"https:\/\/foxelektronik.com\/index.php\/wp-json\/wp\/v2\/product\/4376","targetHints":{"allow":["GET"]}}],"collection":[{"href":"https:\/\/foxelektronik.com\/index.php\/wp-json\/wp\/v2\/product"}],"about":[{"href":"https:\/\/foxelektronik.com\/index.php\/wp-json\/wp\/v2\/types\/product"}],"wp:featuredmedia":[{"embeddable":true,"href":"https:\/\/foxelektronik.com\/index.php\/wp-json\/wp\/v2\/media\/2978"}],"wp:attachment":[{"href":"https:\/\/foxelektronik.com\/index.php\/wp-json\/wp\/v2\/media?parent=4376"}],"wp:term":[{"taxonomy":"product_brand","embeddable":true,"href":"https:\/\/foxelektronik.com\/index.php\/wp-json\/wp\/v2\/product_brand?post=4376"},{"taxonomy":"product_cat","embeddable":true,"href":"https:\/\/foxelektronik.com\/index.php\/wp-json\/wp\/v2\/product_cat?post=4376"},{"taxonomy":"product_tag","embeddable":true,"href":"https:\/\/foxelektronik.com\/index.php\/wp-json\/wp\/v2\/product_tag?post=4376"}],"curies":[{"name":"wp","href":"https:\/\/api.w.org\/{rel}","templated":true}]}}