{"id":4377,"date":"2025-07-21T15:11:27","date_gmt":"2025-07-21T12:11:27","guid":{"rendered":"https:\/\/foxelektronik.com\/?post_type=product&#038;p=4377"},"modified":"2025-07-21T15:11:27","modified_gmt":"2025-07-21T12:11:27","slug":"rh770-dual-band-teleskobik-el-telsizi-anteni-136-174-400-470-mhz","status":"publish","type":"product","link":"https:\/\/foxelektronik.com\/index.php\/product\/rh770-dual-band-teleskobik-el-telsizi-anteni-136-174-400-470-mhz\/","title":{"rendered":"RH770 Dual Band Teleskobik El Telsizi Anteni (136\/174-400\/470 MHz)"},"content":{"rendered":"<p><strong data-start=\"124\" data-end=\"143\">RH770 Dual Band<\/strong> teleskobik el telsizi anteni, 136-174 MHz (VHF) ve 400-470 MHz (UHF) frekanslar\u0131nda y\u00fcksek performans sunar. 3.0 dB VHF ve 5.5 dB UHF kazan\u00e7 de\u011ferleriyle daha net ve uzun menzilli ileti\u015fim sa\u011flar. <strong data-start=\"341\" data-end=\"360\">RH770 Dual Band<\/strong> anten, 20 watt g\u00fc\u00e7 kapasitesine sahiptir. 93 cm uzunlu\u011funda, krom kaplama g\u00f6vdesi ve 50 ohm empedans\u0131 ile dayan\u0131kl\u0131 bir yap\u0131ya sahiptir. Erkek (male) konnekt\u00f6r tipi sayesinde pek \u00e7ok el telsizi ile uyumludur.<\/p>\n","protected":false},"excerpt":{"rendered":"<p>RH770 Dual Band teleskobik el telsizi anteni, 136-174 MHz (VHF) ve 400-470 MHz (UHF) frekanslar\u0131nda y\u00fcksek performans sunar. 3.0 dB VHF ve 5.5 dB UHF kazan\u00e7 de\u011ferleriyle daha net ve uzun menzilli ileti\u015fim sa\u011flar. RH770 Dual Band anten, 20 watt g\u00fc\u00e7 kapasitesine sahiptir. 93 cm uzunlu\u011funda, krom kaplama g\u00f6vdesi ve 50 ohm empedans\u0131 ile dayan\u0131kl\u0131 [&hellip;]<\/p>\n","protected":false},"featured_media":2980,"template":"","meta":[],"product_brand":[],"product_cat":[],"product_tag":[],"class_list":{"0":"post-4377","1":"product","2":"type-product","3":"status-publish","4":"has-post-thumbnail","7":"first","8":"instock","9":"shipping-taxable","10":"product-type-simple"},"_links":{"self":[{"href":"https:\/\/foxelektronik.com\/index.php\/wp-json\/wp\/v2\/product\/4377","targetHints":{"allow":["GET"]}}],"collection":[{"href":"https:\/\/foxelektronik.com\/index.php\/wp-json\/wp\/v2\/product"}],"about":[{"href":"https:\/\/foxelektronik.com\/index.php\/wp-json\/wp\/v2\/types\/product"}],"wp:featuredmedia":[{"embeddable":true,"href":"https:\/\/foxelektronik.com\/index.php\/wp-json\/wp\/v2\/media\/2980"}],"wp:attachment":[{"href":"https:\/\/foxelektronik.com\/index.php\/wp-json\/wp\/v2\/media?parent=4377"}],"wp:term":[{"taxonomy":"product_brand","embeddable":true,"href":"https:\/\/foxelektronik.com\/index.php\/wp-json\/wp\/v2\/product_brand?post=4377"},{"taxonomy":"product_cat","embeddable":true,"href":"https:\/\/foxelektronik.com\/index.php\/wp-json\/wp\/v2\/product_cat?post=4377"},{"taxonomy":"product_tag","embeddable":true,"href":"https:\/\/foxelektronik.com\/index.php\/wp-json\/wp\/v2\/product_tag?post=4377"}],"curies":[{"name":"wp","href":"https:\/\/api.w.org\/{rel}","templated":true}]}}