{"id":4411,"date":"2025-07-21T15:11:29","date_gmt":"2025-07-21T12:11:29","guid":{"rendered":"https:\/\/foxelektronik.com\/?post_type=product&#038;p=4411"},"modified":"2025-07-21T15:11:29","modified_gmt":"2025-07-21T12:11:29","slug":"girtlak-tacli-akustik-kulaklik-mikrofon-seti","status":"publish","type":"product","link":"https:\/\/foxelektronik.com\/index.php\/product\/girtlak-tacli-akustik-kulaklik-mikrofon-seti\/","title":{"rendered":"GIRTLAK TA\u00c7LI AKUST\u0130K KULAKLIK M\u0130KROFON SET\u0130"},"content":{"rendered":"<h3 data-start=\"111\" data-end=\"187\">ANYTONE G\u0131rtlak Ta\u00e7l\u0131 Akustik Kulakl\u0131k \u2013 G\u00fcr\u00fclt\u00fcs\u00fcz ve Konforlu \u0130leti\u015fim<\/h3>\n<p data-start=\"189\" data-end=\"616\"><strong data-start=\"189\" data-end=\"231\">Anytone G\u0131rtlak Ta\u00e7l\u0131 Akustik Kulakl\u0131k<\/strong>, motorlu ta\u015f\u0131t kullan\u0131c\u0131lar\u0131ndan g\u00fcvenlik g\u00f6revlilerine kadar pek \u00e7ok profesyonelin tercihi olan, d\u0131\u015f ortam g\u00fcr\u00fclt\u00fcs\u00fcn\u00fc minimuma indirerek net ve g\u00fcvenli haberle\u015fme sa\u011flayan \u00f6zel bir kulakl\u0131kt\u0131r. <strong data-start=\"189\" data-end=\"231\">Anytone G\u0131rtlak Ta\u00e7l\u0131 Akustik Kulakl\u0131k <\/strong><strong data-start=\"428\" data-end=\"455\">R\u00fczgar sesini iletmeyen<\/strong> titre\u015fim alg\u0131lay\u0131c\u0131 mikrofon teknolojisi sayesinde motosiklet kullan\u0131c\u0131lar\u0131, para\u015f\u00fct pilotlar\u0131 ve y\u00fcksek g\u00fcr\u00fclt\u00fcl\u00fc alanlarda \u00e7al\u0131\u015fanlar i\u00e7in ideal bir \u00e7\u00f6z\u00fcmd\u00fcr.<\/p>\n<hr data-start=\"618\" data-end=\"621\" \/>\n<h4 data-start=\"623\" data-end=\"648\">\u00d6ne \u00c7\u0131kan \u00d6zellikler<\/h4>\n<ul data-start=\"650\" data-end=\"1283\">\n<li data-start=\"650\" data-end=\"772\">\n<p data-start=\"652\" data-end=\"772\"><strong data-start=\"652\" data-end=\"683\">Titre\u015fim Sens\u00f6rl\u00fc Mikrofon:<\/strong> Sesinizi do\u011frudan bo\u011faz titre\u015fimlerinden alg\u0131lar; \u00e7evresel g\u00fcr\u00fclt\u00fcy\u00fc minimuma indirir.<\/p>\n<\/li>\n<li data-start=\"773\" data-end=\"895\">\n<p data-start=\"775\" data-end=\"895\"><strong data-start=\"775\" data-end=\"800\">Akustik Tip Kulakl\u0131k:<\/strong> Y\u00fcksek ses kalitesi sunarken uzun s\u00fcreli kullan\u0131mlarda kulakta rahats\u0131zl\u0131k hissi olu\u015fturmaz.<\/p>\n<\/li>\n<li data-start=\"896\" data-end=\"997\">\n<p data-start=\"898\" data-end=\"997\"><strong data-start=\"898\" data-end=\"926\">Geni\u015fleyebilen Boyunluk:<\/strong> Farkl\u0131 v\u00fccut yap\u0131s\u0131na uyum sa\u011flar, g\u00fcn boyu konforlu kullan\u0131m sunar.<\/p>\n<\/li>\n<li data-start=\"998\" data-end=\"1067\">\n<p data-start=\"1000\" data-end=\"1067\"><strong data-start=\"1000\" data-end=\"1025\">Rahat ve Esnek Klips:<\/strong> K\u0131yafetlerinize kolayca sabitlenebilir.<\/p>\n<\/li>\n<li data-start=\"1068\" data-end=\"1181\">\n<p data-start=\"1070\" data-end=\"1181\"><strong data-start=\"1070\" data-end=\"1107\">Gizlilik \u0130\u00e7in Parmak PTT D\u00fc\u011fmesi:<\/strong> Ellerin serbest kalmas\u0131n\u0131 sa\u011flar ve sesli ileti\u015fimde tam kontrol sunar.<\/p>\n<\/li>\n<li data-start=\"1182\" data-end=\"1283\">\n<p data-start=\"1184\" data-end=\"1283\"><strong data-start=\"1184\" data-end=\"1211\">S\u00f6k\u00fclebilir Spiral T\u00fcp:<\/strong> Hijyenik kullan\u0131m i\u00e7in kolay temizlenebilir ve de\u011fi\u015ftirilebilir yap\u0131.<\/p>\n<\/li>\n<\/ul>\n<hr data-start=\"1285\" data-end=\"1288\" \/>\n<h4 data-start=\"1290\" data-end=\"1310\">Uyumlu Modeller<\/h4>\n<ul data-start=\"1312\" data-end=\"1398\">\n<li data-start=\"1312\" data-end=\"1327\">\n<p data-start=\"1314\" data-end=\"1327\"><strong data-start=\"1314\" data-end=\"1325\">Anytone<\/strong><\/p>\n<\/li>\n<li data-start=\"1328\" data-end=\"1343\">\n<p data-start=\"1330\" data-end=\"1343\"><strong data-start=\"1330\" data-end=\"1341\">Baofeng<\/strong><\/p>\n<\/li>\n<li data-start=\"1344\" data-end=\"1355\">\n<p data-start=\"1346\" data-end=\"1355\"><strong data-start=\"1346\" data-end=\"1353\">TYT<\/strong><\/p>\n<\/li>\n<li data-start=\"1356\" data-end=\"1370\">\n<p data-start=\"1358\" data-end=\"1370\"><strong data-start=\"1358\" data-end=\"1368\">Wouxun<\/strong><\/p>\n<\/li>\n<li data-start=\"1371\" data-end=\"1386\">\n<p data-start=\"1373\" data-end=\"1386\"><strong data-start=\"1373\" data-end=\"1384\">Kirisun<\/strong><\/p>\n<\/li>\n<li data-start=\"1387\" data-end=\"1398\">\n<p data-start=\"1389\" data-end=\"1398\"><strong data-start=\"1389\" data-end=\"1396\">SFE<\/strong><\/p>\n<\/li>\n<\/ul>\n<p data-start=\"1400\" data-end=\"1529\">Bu sayede farkl\u0131 telsiz markalar\u0131yla geni\u015f uyumluluk sunar ve ekipman \u00e7e\u015fitlili\u011fi olan ortamlarda dahi rahatl\u0131kla kullan\u0131labilir.<\/p>\n<hr data-start=\"1531\" data-end=\"1534\" \/>\n<h4 data-start=\"1536\" data-end=\"1558\">Kullan\u0131m Alanlar\u0131<\/h4>\n<ul data-start=\"1560\" data-end=\"1769\">\n<li data-start=\"1560\" data-end=\"1593\">\n<p data-start=\"1562\" data-end=\"1593\">Motosikletli devriye ekipleri<\/p>\n<\/li>\n<li data-start=\"1594\" data-end=\"1638\">\n<p data-start=\"1596\" data-end=\"1638\">Para\u015f\u00fct\u00e7\u00fcler ve yama\u00e7 para\u015f\u00fct\u00fc pilotlar\u0131<\/p>\n<\/li>\n<li data-start=\"1639\" data-end=\"1680\">\n<p data-start=\"1641\" data-end=\"1680\">Yak\u0131n koruma ve g\u00fcvenlik personelleri<\/p>\n<\/li>\n<li data-start=\"1681\" data-end=\"1721\">\n<p data-start=\"1683\" data-end=\"1721\">AVM g\u00fcvenli\u011fi, organizasyon ekipleri<\/p>\n<\/li>\n<li data-start=\"1722\" data-end=\"1769\">\n<p data-start=\"1724\" data-end=\"1769\">G\u00fcr\u00fclt\u00fcl\u00fc i\u015f alanlar\u0131nda g\u00f6rev yapan personel<\/p>\n<\/li>\n<\/ul>\n<hr data-start=\"1771\" data-end=\"1774\" \/>\n<p data-start=\"1776\" data-end=\"2056\"><strong data-start=\"1776\" data-end=\"1818\">ANYTONE G\u0131rtlak Ta\u00e7l\u0131 Akustik Kulakl\u0131k<\/strong>, <strong data-start=\"1820\" data-end=\"1832\">gizlilik<\/strong>, <strong data-start=\"1834\" data-end=\"1844\">konfor<\/strong> ve <strong data-start=\"1848\" data-end=\"1869\">ileti\u015fim kalitesi<\/strong> arayan kullan\u0131c\u0131lar i\u00e7in tasarlanm\u0131\u015f profesyonel bir \u00e7\u00f6z\u00fcmd\u00fcr. Uzun s\u00fcreli kullan\u0131mlarda bile konforunu kaybetmeyen bu kulakl\u0131k, saha i\u00e7i ve d\u0131\u015f\u0131 g\u00f6revler i\u00e7in g\u00fcvenilir bir yard\u0131mc\u0131d\u0131r.<\/p>\n<hr data-start=\"2058\" data-end=\"2061\" \/>\n<p data-start=\"2063\" data-end=\"2223\" data-is-last-node=\"\" data-is-only-node=\"\">\u00a0<\/p>\n","protected":false},"excerpt":{"rendered":"<p>ANYTONE G\u0131rtlak Ta\u00e7l\u0131 Akustik Kulakl\u0131k \u2013 G\u00fcr\u00fclt\u00fcs\u00fcz ve Konforlu \u0130leti\u015fim Anytone G\u0131rtlak Ta\u00e7l\u0131 Akustik Kulakl\u0131k, motorlu ta\u015f\u0131t kullan\u0131c\u0131lar\u0131ndan g\u00fcvenlik g\u00f6revlilerine kadar pek \u00e7ok profesyonelin tercihi olan, d\u0131\u015f ortam g\u00fcr\u00fclt\u00fcs\u00fcn\u00fc minimuma indirerek net ve g\u00fcvenli haberle\u015fme sa\u011flayan \u00f6zel bir kulakl\u0131kt\u0131r. Anytone G\u0131rtlak Ta\u00e7l\u0131 Akustik Kulakl\u0131k R\u00fczgar sesini iletmeyen titre\u015fim alg\u0131lay\u0131c\u0131 mikrofon teknolojisi sayesinde motosiklet kullan\u0131c\u0131lar\u0131, para\u015f\u00fct [&hellip;]<\/p>\n","protected":false},"featured_media":3268,"template":"","meta":[],"product_brand":[],"product_cat":[],"product_tag":[],"class_list":{"0":"post-4411","1":"product","2":"type-product","3":"status-publish","4":"has-post-thumbnail","7":"first","8":"instock","9":"shipping-taxable","10":"product-type-simple"},"_links":{"self":[{"href":"https:\/\/foxelektronik.com\/index.php\/wp-json\/wp\/v2\/product\/4411","targetHints":{"allow":["GET"]}}],"collection":[{"href":"https:\/\/foxelektronik.com\/index.php\/wp-json\/wp\/v2\/product"}],"about":[{"href":"https:\/\/foxelektronik.com\/index.php\/wp-json\/wp\/v2\/types\/product"}],"wp:featuredmedia":[{"embeddable":true,"href":"https:\/\/foxelektronik.com\/index.php\/wp-json\/wp\/v2\/media\/3268"}],"wp:attachment":[{"href":"https:\/\/foxelektronik.com\/index.php\/wp-json\/wp\/v2\/media?parent=4411"}],"wp:term":[{"taxonomy":"product_brand","embeddable":true,"href":"https:\/\/foxelektronik.com\/index.php\/wp-json\/wp\/v2\/product_brand?post=4411"},{"taxonomy":"product_cat","embeddable":true,"href":"https:\/\/foxelektronik.com\/index.php\/wp-json\/wp\/v2\/product_cat?post=4411"},{"taxonomy":"product_tag","embeddable":true,"href":"https:\/\/foxelektronik.com\/index.php\/wp-json\/wp\/v2\/product_tag?post=4411"}],"curies":[{"name":"wp","href":"https:\/\/api.w.org\/{rel}","templated":true}]}}