{"id":4483,"date":"2025-07-21T15:12:04","date_gmt":"2025-07-21T12:12:04","guid":{"rendered":"https:\/\/foxelektronik.com\/?post_type=product&#038;p=4483"},"modified":"2025-07-21T15:12:04","modified_gmt":"2025-07-21T12:12:04","slug":"tyt-ip-79-bas-konus-ve-analog-dual-mod-el-telsizi","status":"publish","type":"product","link":"https:\/\/foxelektronik.com\/index.php\/product\/tyt-ip-79-bas-konus-ve-analog-dual-mod-el-telsizi\/","title":{"rendered":"TYT IP-79 Bas-Konu\u015f ve Analog Dual Mod El Telsizi"},"content":{"rendered":"<h2 data-start=\"140\" data-end=\"255\"><strong data-start=\"143\" data-end=\"255\">TYT IP-79 Dual Mod El Telsizi \u2013 Bas-Konu\u015f ve Analog Sistemleri Bir Arada Sunan Profesyonel Haberle\u015fme Cihaz\u0131<\/strong><\/h2>\n<p data-start=\"257\" data-end=\"678\"><strong data-start=\"257\" data-end=\"270\">TYT IP-79<\/strong>, hem <strong data-start=\"276\" data-end=\"295\">Bas-Konu\u015f (PoC)<\/strong> hem de <strong data-start=\"303\" data-end=\"333\">analog telsiz sistemlerini<\/strong> destekleyen, hibrit yap\u0131da geli\u015ftirilmi\u015f bir <strong data-start=\"379\" data-end=\"405\">dual mod el telsizidir<\/strong>. TYT IP-79, Tek bir cihazla dijital mobil a\u011flar \u00fczerinden s\u0131n\u0131rs\u0131z mesafede ileti\u015fim kurabilirken ayn\u0131 zamanda analog telsiz frekanslar\u0131n\u0131 da kullanabilirsiniz. Bu esneklik, \u00f6zellikle ge\u00e7i\u015f s\u00fcrecindeki kurumlar veya geni\u015f saha operasyonlar\u0131 y\u00fcr\u00fcten ekipler i\u00e7in b\u00fcy\u00fck avantaj sa\u011flar.<\/p>\n<p data-start=\"680\" data-end=\"1032\">Kapsama alan\u0131 mobil operat\u00f6rlerle s\u0131n\u0131rl\u0131 olmayan TYT IP-79, \u015fehir i\u00e7inde taksi ta\u015f\u0131mac\u0131l\u0131\u011f\u0131, belediye hizmetleri, g\u00fcvenlik operasyonlar\u0131 ve lojistik gibi sekt\u00f6rlerde <strong data-start=\"847\" data-end=\"885\">g\u00fcvenilir ve kesintisiz haberle\u015fme<\/strong> sunar. TYT IP-79 \u00fczerinde bulunan ayd\u0131nlatmal\u0131 renkli ekran, kullan\u0131c\u0131 dostu men\u00fc yap\u0131s\u0131 ve ergonomik tasar\u0131m\u0131 ile sahada kolay kullan\u0131m imkan\u0131 sa\u011flar.<\/p>\n<hr data-start=\"1034\" data-end=\"1037\" \/>\n<h3 data-start=\"1039\" data-end=\"1060\">Teknik \u00d6zellikler<\/h3>\n<ul data-start=\"1062\" data-end=\"1817\">\n<li data-start=\"1062\" data-end=\"1148\">\n<p data-start=\"1064\" data-end=\"1148\"><strong data-start=\"1064\" data-end=\"1084\">\u00c7al\u0131\u015fma Modlar\u0131:<\/strong> Bas-Konu\u015f (PoC), Analog, Kar\u0131\u015f\u0131k Mod, Aktar\u0131c\u0131 Mod (Cross-Band)<\/p>\n<\/li>\n<li data-start=\"1149\" data-end=\"1227\">\n<p data-start=\"1151\" data-end=\"1227\"><strong data-start=\"1151\" data-end=\"1169\">Kapsama Alan\u0131:<\/strong> \u00dclke \u00e7ap\u0131nda s\u0131n\u0131rs\u0131z haberle\u015fme (PoC \u015febekesi \u00fczerinden)<\/p>\n<\/li>\n<li data-start=\"1228\" data-end=\"1308\">\n<p data-start=\"1230\" data-end=\"1308\"><strong data-start=\"1230\" data-end=\"1249\">Ge\u00e7i\u015f \u00d6zelli\u011fi:<\/strong> Analog ve dijital sistemler aras\u0131nda sorunsuz ge\u00e7i\u015f imkan\u0131<\/p>\n<\/li>\n<li data-start=\"1309\" data-end=\"1387\">\n<p data-start=\"1311\" data-end=\"1387\"><strong data-start=\"1311\" data-end=\"1329\">Aktar\u0131c\u0131 Modu:<\/strong> Bas-Konu\u015f ve Analog sistemleri birbirine ba\u011flama \u00f6zelli\u011fi<\/p>\n<\/li>\n<li data-start=\"1388\" data-end=\"1457\">\n<p data-start=\"1390\" data-end=\"1457\"><strong data-start=\"1390\" data-end=\"1405\">G\u00fcncelleme:<\/strong> Havadan programlama (kablosuz yaz\u0131l\u0131m g\u00fcncellemesi)<\/p>\n<\/li>\n<li data-start=\"1458\" data-end=\"1528\">\n<p data-start=\"1460\" data-end=\"1528\"><strong data-start=\"1460\" data-end=\"1477\">Konum Takibi:<\/strong> Dahili GPS al\u0131c\u0131s\u0131 ile ger\u00e7ek zamanl\u0131 konum izleme<\/p>\n<\/li>\n<li data-start=\"1529\" data-end=\"1589\">\n<p data-start=\"1531\" data-end=\"1589\"><strong data-start=\"1531\" data-end=\"1545\">Ses Kayd\u0131:<\/strong> \u00c7a\u011fr\u0131 kayd\u0131 alma ve sonradan dinleme imkan\u0131<\/p>\n<\/li>\n<li data-start=\"1590\" data-end=\"1663\">\n<p data-start=\"1592\" data-end=\"1663\"><strong data-start=\"1592\" data-end=\"1610\">\u00c7a\u011fr\u0131 Tipleri:<\/strong> Grup \u00e7a\u011fr\u0131s\u0131, bireysel (\u00f6zel) \u00e7a\u011fr\u0131, rehberden \u00e7a\u011fr\u0131<\/p>\n<\/li>\n<li data-start=\"1664\" data-end=\"1719\">\n<p data-start=\"1666\" data-end=\"1719\"><strong data-start=\"1666\" data-end=\"1678\">Batarya:<\/strong> 4000mAh y\u00fcksek kapasiteli Li-Ion batarya<\/p>\n<\/li>\n<li data-start=\"1720\" data-end=\"1762\">\n<p data-start=\"1722\" data-end=\"1762\"><strong data-start=\"1722\" data-end=\"1732\">Ekran:<\/strong> Ayd\u0131nlatmal\u0131 renkli LCD ekran<\/p>\n<\/li>\n<li data-start=\"1763\" data-end=\"1817\">\n<p data-start=\"1765\" data-end=\"1817\"><strong data-start=\"1765\" data-end=\"1786\">Uyar\u0131 Sistemleri:<\/strong> D\u00fc\u015f\u00fck batarya seviyesi uyar\u0131s\u0131<\/p>\n<\/li>\n<\/ul>\n<hr data-start=\"1819\" data-end=\"1822\" \/>\n<h3 data-start=\"1824\" data-end=\"1845\">Kullan\u0131m Alanlar\u0131<\/h3>\n<ul data-start=\"1847\" data-end=\"2102\">\n<li data-start=\"1847\" data-end=\"1884\">\n<p data-start=\"1849\" data-end=\"1884\">Taksi ve ula\u015f\u0131m ileti\u015fim sistemleri<\/p>\n<\/li>\n<li data-start=\"1885\" data-end=\"1924\">\n<p data-start=\"1887\" data-end=\"1924\">G\u00fcvenlik ekipleri ve site y\u00f6netimleri<\/p>\n<\/li>\n<li data-start=\"1925\" data-end=\"1957\">\n<p data-start=\"1927\" data-end=\"1957\">Belediyeler ve kamu hizmetleri<\/p>\n<\/li>\n<li data-start=\"1958\" data-end=\"2004\">\n<p data-start=\"1960\" data-end=\"2004\">Lojistik, kargo ve ta\u015f\u0131mac\u0131l\u0131k operasyonlar\u0131<\/p>\n<\/li>\n<li data-start=\"2005\" data-end=\"2033\">\n<p data-start=\"2007\" data-end=\"2033\">\u0130n\u015faat ve \u015fantiye sahalar\u0131<\/p>\n<\/li>\n<li data-start=\"2034\" data-end=\"2102\">\n<p data-start=\"2036\" data-end=\"2102\">Farkl\u0131 telsiz altyap\u0131lar\u0131n\u0131 kullanan kurumlar i\u00e7in ge\u00e7i\u015f \u00e7\u00f6z\u00fcmleri<\/p>\n<\/li>\n<\/ul>\n<hr data-start=\"2104\" data-end=\"2107\" \/>\n","protected":false},"excerpt":{"rendered":"<p>TYT IP-79 Dual Mod El Telsizi \u2013 Bas-Konu\u015f ve Analog Sistemleri Bir Arada Sunan Profesyonel Haberle\u015fme Cihaz\u0131 TYT IP-79, hem Bas-Konu\u015f (PoC) hem de analog telsiz sistemlerini destekleyen, hibrit yap\u0131da geli\u015ftirilmi\u015f bir dual mod el telsizidir. TYT IP-79, Tek bir cihazla dijital mobil a\u011flar \u00fczerinden s\u0131n\u0131rs\u0131z mesafede ileti\u015fim kurabilirken ayn\u0131 zamanda analog telsiz frekanslar\u0131n\u0131 da [&hellip;]<\/p>\n","protected":false},"featured_media":3672,"template":"","meta":[],"product_brand":[68],"product_cat":[],"product_tag":[],"class_list":{"0":"post-4483","1":"product","2":"type-product","3":"status-publish","4":"has-post-thumbnail","6":"product_brand-tyt","8":"first","9":"instock","10":"shipping-taxable","11":"product-type-simple"},"_links":{"self":[{"href":"https:\/\/foxelektronik.com\/index.php\/wp-json\/wp\/v2\/product\/4483","targetHints":{"allow":["GET"]}}],"collection":[{"href":"https:\/\/foxelektronik.com\/index.php\/wp-json\/wp\/v2\/product"}],"about":[{"href":"https:\/\/foxelektronik.com\/index.php\/wp-json\/wp\/v2\/types\/product"}],"wp:featuredmedia":[{"embeddable":true,"href":"https:\/\/foxelektronik.com\/index.php\/wp-json\/wp\/v2\/media\/3672"}],"wp:attachment":[{"href":"https:\/\/foxelektronik.com\/index.php\/wp-json\/wp\/v2\/media?parent=4483"}],"wp:term":[{"taxonomy":"product_brand","embeddable":true,"href":"https:\/\/foxelektronik.com\/index.php\/wp-json\/wp\/v2\/product_brand?post=4483"},{"taxonomy":"product_cat","embeddable":true,"href":"https:\/\/foxelektronik.com\/index.php\/wp-json\/wp\/v2\/product_cat?post=4483"},{"taxonomy":"product_tag","embeddable":true,"href":"https:\/\/foxelektronik.com\/index.php\/wp-json\/wp\/v2\/product_tag?post=4483"}],"curies":[{"name":"wp","href":"https:\/\/api.w.org\/{rel}","templated":true}]}}