{"id":4496,"date":"2025-07-21T15:12:05","date_gmt":"2025-07-21T12:12:05","guid":{"rendered":"https:\/\/foxelektronik.com\/?post_type=product&#038;p=4496"},"modified":"2025-07-21T15:12:05","modified_gmt":"2025-07-21T12:12:05","slug":"diamond-bb-7v-hf-vertical-anten","status":"publish","type":"product","link":"https:\/\/foxelektronik.com\/index.php\/product\/diamond-bb-7v-hf-vertical-anten\/","title":{"rendered":"DIAMOND BB-7V  HF VERT\u0130CAL ANTEN"},"content":{"rendered":"<h3 data-start=\"87\" data-end=\"160\"><strong data-start=\"91\" data-end=\"158\">Diamond BB-7V HF Vertical Anten | 2-30 MHz Geni\u015f Bant HF \u00c7\u00f6z\u00fcm\u00fc<\/strong><\/h3>\n<p data-start=\"161\" data-end=\"222\"><strong data-start=\"161\" data-end=\"222\">Y\u00fcksek Performans \u2013 Kolay Kurulum \u2013 Geni\u015f Frekans Deste\u011fi<\/strong><\/p>\n<hr data-start=\"224\" data-end=\"227\" \/>\n<p data-start=\"229\" data-end=\"592\"><strong data-start=\"229\" data-end=\"249\">\u00dcr\u00fcn A\u00e7\u0131klamas\u0131:<\/strong><br data-start=\"249\" data-end=\"252\" \/>Diamond BB-7V, 2 MHz ila 30 MHz aral\u0131\u011f\u0131nda \u00e7al\u0131\u015fabilen, y\u00fcksek verimli ve kompakt tasar\u0131ml\u0131 bir HF dikey (vertical) antendir. Diamond BB-7V, geni\u015f frekans aral\u0131\u011f\u0131 sayesinde k\u0131sa dalga haberle\u015fme ihtiya\u00e7lar\u0131n\u0131z\u0131n tamam\u0131n\u0131 kar\u015f\u0131lar. Anten ayarlama (tuner) cihazlar\u0131yla birlikte kullan\u0131ld\u0131\u011f\u0131nda \u00e7ok daha d\u00fc\u015f\u00fck SWR de\u011ferleriyle verimli performans elde edilir.<\/p>\n<p data-start=\"594\" data-end=\"754\">Diamond BB-7V, kolay ta\u015f\u0131nabilir yap\u0131s\u0131, zorlu saha ko\u015fullar\u0131nda veya sabit istasyonlarda h\u0131zl\u0131 kurulum imkan\u0131 sunar. Ground plane tipi tasar\u0131m\u0131yla geni\u015f kapsama alan\u0131 sa\u011flar.<\/p>\n<hr data-start=\"756\" data-end=\"759\" \/>\n<h3 data-start=\"761\" data-end=\"789\"><strong data-start=\"765\" data-end=\"787\">Teknik \u00d6zellikler:<\/strong><\/h3>\n<ul data-start=\"790\" data-end=\"1159\">\n<li data-start=\"790\" data-end=\"830\">\n<p data-start=\"792\" data-end=\"830\"><strong data-start=\"792\" data-end=\"813\">\u00c7al\u0131\u015fma Frekans\u0131:<\/strong> 2 MHz \u2013 30 MHz<\/p>\n<\/li>\n<li data-start=\"831\" data-end=\"861\">\n<p data-start=\"833\" data-end=\"861\"><strong data-start=\"833\" data-end=\"850\">Maksimum G\u00fc\u00e7:<\/strong> 250 Watt<\/p>\n<\/li>\n<li data-start=\"862\" data-end=\"886\">\n<p data-start=\"864\" data-end=\"886\"><strong data-start=\"864\" data-end=\"877\">Empedans:<\/strong> 50 Ohm<\/p>\n<\/li>\n<li data-start=\"887\" data-end=\"914\">\n<p data-start=\"889\" data-end=\"914\"><strong data-start=\"889\" data-end=\"898\">VSWR:<\/strong> 2:1\u2019den d\u00fc\u015f\u00fck<\/p>\n<\/li>\n<li data-start=\"915\" data-end=\"957\">\n<p data-start=\"917\" data-end=\"957\"><strong data-start=\"917\" data-end=\"936\">Toplam Uzunluk:<\/strong> Yakla\u015f\u0131k 6.7 metre<\/p>\n<\/li>\n<li data-start=\"958\" data-end=\"992\">\n<p data-start=\"960\" data-end=\"992\"><strong data-start=\"960\" data-end=\"980\">Ta\u015f\u0131ma Uzunlu\u011fu:<\/strong> 1.3 metre<\/p>\n<\/li>\n<li data-start=\"993\" data-end=\"1014\">\n<p data-start=\"995\" data-end=\"1014\"><strong data-start=\"995\" data-end=\"1007\">A\u011f\u0131rl\u0131k:<\/strong> 3 kg<\/p>\n<\/li>\n<li data-start=\"1015\" data-end=\"1057\">\n<p data-start=\"1017\" data-end=\"1057\"><strong data-start=\"1017\" data-end=\"1036\">Konnekt\u00f6r Tipi:<\/strong> UHF \/ PL-259 Erkek<\/p>\n<\/li>\n<li data-start=\"1058\" data-end=\"1098\">\n<p data-start=\"1060\" data-end=\"1098\"><strong data-start=\"1060\" data-end=\"1090\">Maksimum Direk \u00c7ap\u0131 Uyumu:<\/strong> 60 mm<\/p>\n<\/li>\n<li data-start=\"1099\" data-end=\"1159\">\n<p data-start=\"1101\" data-end=\"1159\"><strong data-start=\"1101\" data-end=\"1116\">Anten Tipi:<\/strong> Ground Plane (Toprak d\u00fczlemli dikey anten)<\/p>\n<\/li>\n<\/ul>\n<hr data-start=\"1161\" data-end=\"1164\" \/>\n<h3 data-start=\"1166\" data-end=\"1194\"><strong data-start=\"1170\" data-end=\"1192\">Kullan\u0131m Alanlar\u0131:<\/strong><\/h3>\n<ul data-start=\"1195\" data-end=\"1371\">\n<li data-start=\"1195\" data-end=\"1224\">\n<p data-start=\"1197\" data-end=\"1224\">Amat\u00f6r radyo istasyonlar\u0131<\/p>\n<\/li>\n<li data-start=\"1225\" data-end=\"1260\">\n<p data-start=\"1227\" data-end=\"1260\">Ta\u015f\u0131nabilir HF saha \u00e7al\u0131\u015fmalar\u0131<\/p>\n<\/li>\n<li data-start=\"1261\" data-end=\"1311\">\n<p data-start=\"1263\" data-end=\"1311\">Kamp, do\u011fa veya acil durum telsiz haberle\u015fmesi<\/p>\n<\/li>\n<li data-start=\"1312\" data-end=\"1334\">\n<p data-start=\"1314\" data-end=\"1334\">Kul\u00fcp istasyonlar\u0131<\/p>\n<\/li>\n<li data-start=\"1335\" data-end=\"1371\">\n<p data-start=\"1337\" data-end=\"1371\">Profesyonel HF ileti\u015fim sistemleri<\/p>\n<\/li>\n<\/ul>\n<hr data-start=\"1373\" data-end=\"1376\" \/>\n<h3 data-start=\"1378\" data-end=\"1400\"><strong data-start=\"1382\" data-end=\"1398\">Avantajlar\u0131:<\/strong><\/h3>\n<p data-start=\"1401\" data-end=\"1617\">\u00a02\u201330 MHz t\u00fcm HF band\u0131n\u0131 kapsayan geni\u015f frekans deste\u011fi<br data-start=\"1457\" data-end=\"1460\" \/>\u00a0Kolay ta\u015f\u0131nabilir yap\u0131 (1.3 m ta\u015f\u0131ma uzunlu\u011fu)<br data-start=\"1508\" data-end=\"1511\" \/>\u00a0Y\u00fcksek r\u00fczgar dayan\u0131m\u0131 ve sa\u011flaml\u0131k<br data-start=\"1548\" data-end=\"1551\" \/>\u00a0Tuner ile tam uyumlu kullan\u0131m<br data-start=\"1582\" data-end=\"1585\" \/>\u00a0Geni\u015f alan kapsama potansiyeli<\/p>\n<hr data-start=\"1619\" data-end=\"1622\" \/>\n<h3 data-start=\"1624\" data-end=\"1662\"><strong data-start=\"1628\" data-end=\"1660\">\u0130leti\u015fim ve Sipari\u015f Bilgisi:<\/strong><\/h3>\n<p data-start=\"1663\" data-end=\"1791\">\n","protected":false},"excerpt":{"rendered":"<p>Diamond BB-7V HF Vertical Anten | 2-30 MHz Geni\u015f Bant HF \u00c7\u00f6z\u00fcm\u00fc Y\u00fcksek Performans \u2013 Kolay Kurulum \u2013 Geni\u015f Frekans Deste\u011fi \u00dcr\u00fcn A\u00e7\u0131klamas\u0131:Diamond BB-7V, 2 MHz ila 30 MHz aral\u0131\u011f\u0131nda \u00e7al\u0131\u015fabilen, y\u00fcksek verimli ve kompakt tasar\u0131ml\u0131 bir HF dikey (vertical) antendir. Diamond BB-7V, geni\u015f frekans aral\u0131\u011f\u0131 sayesinde k\u0131sa dalga haberle\u015fme ihtiya\u00e7lar\u0131n\u0131z\u0131n tamam\u0131n\u0131 kar\u015f\u0131lar. Anten ayarlama [&hellip;]<\/p>\n","protected":false},"featured_media":3695,"template":"","meta":[],"product_brand":[137],"product_cat":[],"product_tag":[],"class_list":{"0":"post-4496","1":"product","2":"type-product","3":"status-publish","4":"has-post-thumbnail","6":"product_brand-diamond-antenna","8":"first","9":"instock","10":"shipping-taxable","11":"product-type-simple"},"_links":{"self":[{"href":"https:\/\/foxelektronik.com\/index.php\/wp-json\/wp\/v2\/product\/4496","targetHints":{"allow":["GET"]}}],"collection":[{"href":"https:\/\/foxelektronik.com\/index.php\/wp-json\/wp\/v2\/product"}],"about":[{"href":"https:\/\/foxelektronik.com\/index.php\/wp-json\/wp\/v2\/types\/product"}],"wp:featuredmedia":[{"embeddable":true,"href":"https:\/\/foxelektronik.com\/index.php\/wp-json\/wp\/v2\/media\/3695"}],"wp:attachment":[{"href":"https:\/\/foxelektronik.com\/index.php\/wp-json\/wp\/v2\/media?parent=4496"}],"wp:term":[{"taxonomy":"product_brand","embeddable":true,"href":"https:\/\/foxelektronik.com\/index.php\/wp-json\/wp\/v2\/product_brand?post=4496"},{"taxonomy":"product_cat","embeddable":true,"href":"https:\/\/foxelektronik.com\/index.php\/wp-json\/wp\/v2\/product_cat?post=4496"},{"taxonomy":"product_tag","embeddable":true,"href":"https:\/\/foxelektronik.com\/index.php\/wp-json\/wp\/v2\/product_tag?post=4496"}],"curies":[{"name":"wp","href":"https:\/\/api.w.org\/{rel}","templated":true}]}}