{"id":4531,"date":"2025-07-21T15:12:07","date_gmt":"2025-07-21T12:12:07","guid":{"rendered":"https:\/\/foxelektronik.com\/?post_type=product&#038;p=4531"},"modified":"2025-07-21T15:12:07","modified_gmt":"2025-07-21T12:12:07","slug":"procom-uhf-duplexer-filtre-bnc-dpf-70-6","status":"publish","type":"product","link":"https:\/\/foxelektronik.com\/index.php\/product\/procom-uhf-duplexer-filtre-bnc-dpf-70-6\/","title":{"rendered":"Procom UHF  Duplexer Filtre BNC  DPF 70-6"},"content":{"rendered":"<p data-start=\"93\" data-end=\"149\"><strong data-start=\"93\" data-end=\"149\">Procom DPF 70-6 UHF Duplexer Filtre (BNC Ba\u011flant\u0131l\u0131)<\/strong><\/p>\n<p data-start=\"151\" data-end=\"171\"><strong data-start=\"151\" data-end=\"171\">\u00dcr\u00fcn A\u00e7\u0131klamas\u0131:<\/strong><\/p>\n<p data-start=\"173\" data-end=\"514\">Procom DPF 70-6 serisi, 406 \u2013 500 MHz frekans aral\u0131\u011f\u0131nda \u00e7al\u0131\u015fan verici-al\u0131c\u0131 sistemler i\u00e7in \u00f6zel olarak geli\u015ftirilmi\u015f 6 kaviteli bir duplex filtredir. Bu filtreler, tek frekansl\u0131 r\u00f6le sistemleri i\u00e7in y\u00fcksek izolasyon ve d\u00fc\u015f\u00fck ge\u00e7i\u015f kayb\u0131 sunar. \u00c7oklu kanal kullan\u0131m\u0131na da uygundur ancak optimum performans i\u00e7in fabrika ayar\u0131 tavsiye edilir.<\/p>\n<p data-start=\"516\" data-end=\"794\">DPF 70-6 kompakt tasar\u0131m\u0131 sayesinde yerden tasarruf sa\u011flar. D\u0131\u015f g\u00f6vdesi siyah vinil kaplama ile korozyona kar\u015f\u0131 korunmu\u015ftur. \u0130\u00e7 yap\u0131s\u0131nda tam boy \u00e7eyrek dalga (\u00bc \u03bb) kaviteler kullan\u0131lm\u0131\u015ft\u0131r. T\u00fcm ba\u011flant\u0131lar BNC konnekt\u00f6rl\u00fcd\u00fcr ve y\u00fcksek kaliteli teflon yal\u0131t\u0131ml\u0131 kablolarla donat\u0131lm\u0131\u015ft\u0131r.<\/p>\n<p data-start=\"796\" data-end=\"818\"><strong data-start=\"796\" data-end=\"818\">Teknik \u00d6zellikler:<\/strong><\/p>\n<ul data-start=\"820\" data-end=\"1290\">\n<li data-start=\"820\" data-end=\"847\">\n<p data-start=\"822\" data-end=\"847\"><strong data-start=\"822\" data-end=\"832\">Model:<\/strong> DPF 70-6 BNC<\/p>\n<\/li>\n<li data-start=\"848\" data-end=\"886\">\n<p data-start=\"850\" data-end=\"886\"><strong data-start=\"850\" data-end=\"870\">Frekans Aral\u0131\u011f\u0131:<\/strong> 406 \u2013 500 MHz<\/p>\n<\/li>\n<li data-start=\"887\" data-end=\"913\">\n<p data-start=\"889\" data-end=\"913\"><strong data-start=\"889\" data-end=\"907\">Ba\u011flant\u0131 Tipi:<\/strong> BNC<\/p>\n<\/li>\n<li data-start=\"914\" data-end=\"950\">\n<p data-start=\"916\" data-end=\"950\"><strong data-start=\"916\" data-end=\"931\">Giri\u015f G\u00fcc\u00fc:<\/strong> Maksimum 50 Watt<\/p>\n<\/li>\n<li data-start=\"951\" data-end=\"994\">\n<p data-start=\"953\" data-end=\"994\"><strong data-start=\"953\" data-end=\"969\">Ge\u00e7i\u015f Kayb\u0131:<\/strong> &lt; 1.2 dB (typ. 1.0 dB)<\/p>\n<\/li>\n<li data-start=\"995\" data-end=\"1072\">\n<p data-start=\"997\" data-end=\"1072\"><strong data-start=\"997\" data-end=\"1026\">G\u00fcr\u00fclt\u00fc Bast\u0131rma (Tx-Rx):<\/strong> &gt; 85 dB (tek kanal) \/ &gt; 65 dB (\u00e7oklu kanal)<\/p>\n<\/li>\n<li data-start=\"1073\" data-end=\"1143\">\n<p data-start=\"1075\" data-end=\"1143\"><strong data-start=\"1075\" data-end=\"1097\">\u0130zolasyon (Rx-Tx):<\/strong> &gt; 85 dB (tek kanal) \/ &gt; 65 dB (\u00e7oklu kanal)<\/p>\n<\/li>\n<li data-start=\"1144\" data-end=\"1168\">\n<p data-start=\"1146\" data-end=\"1168\"><strong data-start=\"1146\" data-end=\"1159\">Empedans:<\/strong> 50 Ohm<\/p>\n<\/li>\n<li data-start=\"1169\" data-end=\"1190\">\n<p data-start=\"1171\" data-end=\"1190\"><strong data-start=\"1171\" data-end=\"1180\">VSWR:<\/strong> &lt; 1.5:1<\/p>\n<\/li>\n<li data-start=\"1191\" data-end=\"1257\">\n<p data-start=\"1193\" data-end=\"1257\"><strong data-start=\"1193\" data-end=\"1209\">Kanal Ayar\u0131:<\/strong> Tek kanal veya 2 MHz geni\u015fli\u011finde \u00e7oklu kanal<\/p>\n<\/li>\n<li data-start=\"1258\" data-end=\"1290\">\n<p data-start=\"1260\" data-end=\"1290\"><strong data-start=\"1260\" data-end=\"1275\">Kararl\u0131l\u0131k:<\/strong> \u00b125 ppm \/ \u00b0C<\/p>\n<\/li>\n<\/ul>\n<p data-start=\"1292\" data-end=\"1315\"><strong data-start=\"1292\" data-end=\"1315\">Mekanik \u00d6zellikler:<\/strong><\/p>\n<ul data-start=\"1317\" data-end=\"1383\">\n<li data-start=\"1317\" data-end=\"1349\">\n<p data-start=\"1319\" data-end=\"1349\"><strong data-start=\"1319\" data-end=\"1329\">Boyut:<\/strong> 226 x 154 x 33 mm<\/p>\n<\/li>\n<li data-start=\"1350\" data-end=\"1383\">\n<p data-start=\"1352\" data-end=\"1383\"><strong data-start=\"1352\" data-end=\"1364\">A\u011f\u0131rl\u0131k:<\/strong> Yakla\u015f\u0131k 0.99 kg<\/p>\n<\/li>\n<\/ul>\n<p data-start=\"1385\" data-end=\"1411\"><strong data-start=\"1385\" data-end=\"1411\">\u00c7evresel Dayan\u0131kl\u0131l\u0131k:<\/strong><\/p>\n<ul data-start=\"1413\" data-end=\"1519\">\n<li data-start=\"1413\" data-end=\"1461\">\n<p data-start=\"1415\" data-end=\"1461\"><strong data-start=\"1415\" data-end=\"1437\">\u00c7al\u0131\u015fma S\u0131cakl\u0131\u011f\u0131:<\/strong> -30\u00b0C ile +60\u00b0C aras\u0131<\/p>\n<\/li>\n<li data-start=\"1462\" data-end=\"1519\">\n<p data-start=\"1464\" data-end=\"1519\"><strong data-start=\"1464\" data-end=\"1480\">D\u0131\u015f Kaplama:<\/strong> Siyah vinil (korozyona kar\u015f\u0131 korumal\u0131)<\/p>\n<\/li>\n<\/ul>\n<p data-start=\"1521\" data-end=\"1543\"><strong data-start=\"1521\" data-end=\"1543\">Kullan\u0131m Alanlar\u0131:<\/strong><\/p>\n<ul data-start=\"1545\" data-end=\"1660\">\n<li data-start=\"1545\" data-end=\"1566\">\n<p data-start=\"1547\" data-end=\"1566\">R\u00f6le istasyonlar\u0131<\/p>\n<\/li>\n<li data-start=\"1567\" data-end=\"1608\">\n<p data-start=\"1569\" data-end=\"1608\">Profesyonel UHF haberle\u015fme sistemleri<\/p>\n<\/li>\n<li data-start=\"1609\" data-end=\"1660\">\n<p data-start=\"1611\" data-end=\"1660\">End\u00fcstriyel ve g\u00fcvenlik ama\u00e7l\u0131 telsiz altyap\u0131lar\u0131<\/p>\n<\/li>\n<\/ul>\n","protected":false},"excerpt":{"rendered":"<p>Procom DPF 70-6 UHF Duplexer Filtre (BNC Ba\u011flant\u0131l\u0131) \u00dcr\u00fcn A\u00e7\u0131klamas\u0131: Procom DPF 70-6 serisi, 406 \u2013 500 MHz frekans aral\u0131\u011f\u0131nda \u00e7al\u0131\u015fan verici-al\u0131c\u0131 sistemler i\u00e7in \u00f6zel olarak geli\u015ftirilmi\u015f 6 kaviteli bir duplex filtredir. Bu filtreler, tek frekansl\u0131 r\u00f6le sistemleri i\u00e7in y\u00fcksek izolasyon ve d\u00fc\u015f\u00fck ge\u00e7i\u015f kayb\u0131 sunar. \u00c7oklu kanal kullan\u0131m\u0131na da uygundur ancak optimum performans i\u00e7in [&hellip;]<\/p>\n","protected":false},"featured_media":4087,"template":"","meta":[],"product_brand":[150],"product_cat":[],"product_tag":[],"class_list":{"0":"post-4531","1":"product","2":"type-product","3":"status-publish","4":"has-post-thumbnail","6":"product_brand-procom","8":"first","9":"instock","10":"shipping-taxable","11":"product-type-simple"},"_links":{"self":[{"href":"https:\/\/foxelektronik.com\/index.php\/wp-json\/wp\/v2\/product\/4531","targetHints":{"allow":["GET"]}}],"collection":[{"href":"https:\/\/foxelektronik.com\/index.php\/wp-json\/wp\/v2\/product"}],"about":[{"href":"https:\/\/foxelektronik.com\/index.php\/wp-json\/wp\/v2\/types\/product"}],"wp:featuredmedia":[{"embeddable":true,"href":"https:\/\/foxelektronik.com\/index.php\/wp-json\/wp\/v2\/media\/4087"}],"wp:attachment":[{"href":"https:\/\/foxelektronik.com\/index.php\/wp-json\/wp\/v2\/media?parent=4531"}],"wp:term":[{"taxonomy":"product_brand","embeddable":true,"href":"https:\/\/foxelektronik.com\/index.php\/wp-json\/wp\/v2\/product_brand?post=4531"},{"taxonomy":"product_cat","embeddable":true,"href":"https:\/\/foxelektronik.com\/index.php\/wp-json\/wp\/v2\/product_cat?post=4531"},{"taxonomy":"product_tag","embeddable":true,"href":"https:\/\/foxelektronik.com\/index.php\/wp-json\/wp\/v2\/product_tag?post=4531"}],"curies":[{"name":"wp","href":"https:\/\/api.w.org\/{rel}","templated":true}]}}