{"id":4557,"date":"2025-07-21T15:12:09","date_gmt":"2025-07-21T12:12:09","guid":{"rendered":"https:\/\/foxelektronik.com\/?post_type=product&#038;p=4557"},"modified":"2025-07-21T15:12:09","modified_gmt":"2025-07-21T12:12:09","slug":"diamond-k-400-gronda-anten-tutucu","status":"publish","type":"product","link":"https:\/\/foxelektronik.com\/index.php\/product\/diamond-k-400-gronda-anten-tutucu\/","title":{"rendered":"D\u0130AMOND K 400 GRONDA ANTEN TUTUCU"},"content":{"rendered":"<p data-start=\"114\" data-end=\"159\"><strong data-start=\"114\" data-end=\"159\">Diamond K 400 Gronda Anten Montaj Aparat\u0131<\/strong><\/p>\n<p data-start=\"161\" data-end=\"468\">Diamond K 400 Gronda, hatchback ve benzeri ara\u00e7lar i\u00e7in \u00f6zel olarak tasarlanm\u0131\u015f, kolay montaj imkan\u0131 sunan y\u00fcksek dayan\u0131kl\u0131l\u0131\u011fa sahip bir anten montaj aparat\u0131d\u0131r. Paket i\u00e7eri\u011finde yer alan iki farkl\u0131 boydaki alyan anahtar sayesinde sa\u011fa sola ve yukar\u0131 a\u015fa\u011f\u0131 olmak \u00fczere \u00e7ift eksenli ayarlanabilir yap\u0131dad\u0131r.<\/p>\n<p data-start=\"470\" data-end=\"685\">Y\u00fcksek ta\u015f\u0131ma kapasitesi sayesinde ATAS 120 ve SG 7900 gibi b\u00fcy\u00fck antenleri g\u00fcvenle destekler. Elektrostatik toz boyal\u0131 y\u00fczeyi ve lastikli korumas\u0131 sayesinde ara\u00e7 boyas\u0131na zarar vermez ve uzun \u00f6m\u00fcrl\u00fc kullan\u0131m sunar.<\/p>\n","protected":false},"excerpt":{"rendered":"<p>Diamond K 400 Gronda Anten Montaj Aparat\u0131 Diamond K 400 Gronda, hatchback ve benzeri ara\u00e7lar i\u00e7in \u00f6zel olarak tasarlanm\u0131\u015f, kolay montaj imkan\u0131 sunan y\u00fcksek dayan\u0131kl\u0131l\u0131\u011fa sahip bir anten montaj aparat\u0131d\u0131r. Paket i\u00e7eri\u011finde yer alan iki farkl\u0131 boydaki alyan anahtar sayesinde sa\u011fa sola ve yukar\u0131 a\u015fa\u011f\u0131 olmak \u00fczere \u00e7ift eksenli ayarlanabilir yap\u0131dad\u0131r. Y\u00fcksek ta\u015f\u0131ma kapasitesi sayesinde [&hellip;]<\/p>\n","protected":false},"featured_media":4133,"template":"","meta":[],"product_brand":[137],"product_cat":[],"product_tag":[],"class_list":{"0":"post-4557","1":"product","2":"type-product","3":"status-publish","4":"has-post-thumbnail","6":"product_brand-diamond-antenna","8":"first","9":"instock","10":"shipping-taxable","11":"product-type-simple"},"_links":{"self":[{"href":"https:\/\/foxelektronik.com\/index.php\/wp-json\/wp\/v2\/product\/4557","targetHints":{"allow":["GET"]}}],"collection":[{"href":"https:\/\/foxelektronik.com\/index.php\/wp-json\/wp\/v2\/product"}],"about":[{"href":"https:\/\/foxelektronik.com\/index.php\/wp-json\/wp\/v2\/types\/product"}],"wp:featuredmedia":[{"embeddable":true,"href":"https:\/\/foxelektronik.com\/index.php\/wp-json\/wp\/v2\/media\/4133"}],"wp:attachment":[{"href":"https:\/\/foxelektronik.com\/index.php\/wp-json\/wp\/v2\/media?parent=4557"}],"wp:term":[{"taxonomy":"product_brand","embeddable":true,"href":"https:\/\/foxelektronik.com\/index.php\/wp-json\/wp\/v2\/product_brand?post=4557"},{"taxonomy":"product_cat","embeddable":true,"href":"https:\/\/foxelektronik.com\/index.php\/wp-json\/wp\/v2\/product_cat?post=4557"},{"taxonomy":"product_tag","embeddable":true,"href":"https:\/\/foxelektronik.com\/index.php\/wp-json\/wp\/v2\/product_tag?post=4557"}],"curies":[{"name":"wp","href":"https:\/\/api.w.org\/{rel}","templated":true}]}}