{"id":4635,"date":"2025-07-21T15:14:48","date_gmt":"2025-07-21T12:14:48","guid":{"rendered":"https:\/\/foxelektronik.com\/?post_type=product&#038;p=4635"},"modified":"2025-07-21T15:14:48","modified_gmt":"2025-07-21T12:14:48","slug":"aselsan-4411-4415-3000-mah-li-ion-telsiz-bataryasi","status":"publish","type":"product","link":"https:\/\/foxelektronik.com\/index.php\/product\/aselsan-4411-4415-3000-mah-li-ion-telsiz-bataryasi\/","title":{"rendered":"Aselsan 4411\/4415 3000 Mah Li Ion Telsiz Bataryas\u0131"},"content":{"rendered":"<h3 data-start=\"92\" data-end=\"191\"><strong data-start=\"96\" data-end=\"191\">ASELSAN 4411 \/ 4711 \/ 4400 \/ 4700 Uyumlu Li-Ion \u015earj Edilebilir Telsiz Bataryas\u0131 (3000 mAh)<\/strong><\/h3>\n<p data-start=\"193\" data-end=\"395\">Profesyonel kullan\u0131m i\u00e7in tasarlanm\u0131\u015f bu y\u00fcksek kaliteli Li-Ion batarya, <strong data-start=\"266\" data-end=\"302\">ASELSAN 4411, 4711, 4400 ve 4700<\/strong> model telsizler ile tam uyumludur. Uzun s\u00fcreli kesintisiz haberle\u015fme i\u00e7in ideal \u00e7\u00f6z\u00fcm sunar.<\/p>\n<hr data-start=\"397\" data-end=\"400\" \/>\n<h3 data-start=\"402\" data-end=\"431\">\u00a0<strong data-start=\"409\" data-end=\"431\">Teknik \u00d6zellikler:<\/strong><\/h3>\n<ul data-start=\"432\" data-end=\"683\">\n<li data-start=\"432\" data-end=\"461\">\n<p data-start=\"434\" data-end=\"461\"><strong data-start=\"434\" data-end=\"454\">Nominal Gerilim:<\/strong> 7.2V<\/p>\n<\/li>\n<li data-start=\"462\" data-end=\"496\">\n<p data-start=\"464\" data-end=\"496\"><strong data-start=\"464\" data-end=\"485\">Nominal Kapasite:<\/strong> 3000 mAh<\/p>\n<\/li>\n<li data-start=\"497\" data-end=\"529\">\n<p data-start=\"499\" data-end=\"529\"><strong data-start=\"499\" data-end=\"515\">Pil H\u00fccresi:<\/strong> LG 18650F1L<\/p>\n<\/li>\n<li data-start=\"530\" data-end=\"562\">\n<p data-start=\"532\" data-end=\"562\"><strong data-start=\"532\" data-end=\"549\">H\u00fccre Men\u015fei:<\/strong> G\u00fcney Kore<\/p>\n<\/li>\n<li data-start=\"563\" data-end=\"607\">\n<p data-start=\"565\" data-end=\"607\"><strong data-start=\"565\" data-end=\"582\">Batarya Tipi:<\/strong> \u015earj edilebilir Li-Ion<\/p>\n<\/li>\n<li data-start=\"608\" data-end=\"683\">\n<p data-start=\"610\" data-end=\"683\"><strong data-start=\"610\" data-end=\"633\">Kullan\u0131m Tavsiyesi:<\/strong> \u0130lk kullan\u0131m \u00f6ncesi mutlaka tam \u015farj edilmelidir.<\/p>\n<\/li>\n<\/ul>\n<hr data-start=\"685\" data-end=\"688\" \/>\n<h3 data-start=\"690\" data-end=\"717\"><strong data-start=\"696\" data-end=\"717\">Neden Bu Batarya?<\/strong><\/h3>\n<ul data-start=\"718\" data-end=\"852\">\n<li data-start=\"718\" data-end=\"752\">\n<p data-start=\"720\" data-end=\"752\">Uzun \u00f6m\u00fcrl\u00fc LG h\u00fccre teknolojisi<\/p>\n<\/li>\n<li data-start=\"753\" data-end=\"816\">\n<p data-start=\"755\" data-end=\"816\">Y\u00fcksek enerji kapasitesi ile daha uzun telsiz kullan\u0131m s\u00fcresi<\/p>\n<\/li>\n<li data-start=\"817\" data-end=\"852\">\n<p data-start=\"819\" data-end=\"852\">G\u00fcvenli, stabil ve dayan\u0131kl\u0131 yap\u0131<\/p>\n<\/li>\n<\/ul>\n","protected":false},"excerpt":{"rendered":"<p>ASELSAN 4411 \/ 4711 \/ 4400 \/ 4700 Uyumlu Li-Ion \u015earj Edilebilir Telsiz Bataryas\u0131 (3000 mAh) Profesyonel kullan\u0131m i\u00e7in tasarlanm\u0131\u015f bu y\u00fcksek kaliteli Li-Ion batarya, ASELSAN 4411, 4711, 4400 ve 4700 model telsizler ile tam uyumludur. Uzun s\u00fcreli kesintisiz haberle\u015fme i\u00e7in ideal \u00e7\u00f6z\u00fcm sunar. \u00a0Teknik \u00d6zellikler: Nominal Gerilim: 7.2V Nominal Kapasite: 3000 mAh Pil H\u00fccresi: [&hellip;]<\/p>\n","protected":false},"featured_media":4636,"template":"","meta":[],"product_brand":[],"product_cat":[],"product_tag":[],"class_list":{"0":"post-4635","1":"product","2":"type-product","3":"status-publish","4":"has-post-thumbnail","7":"first","8":"instock","9":"shipping-taxable","10":"product-type-simple"},"_links":{"self":[{"href":"https:\/\/foxelektronik.com\/index.php\/wp-json\/wp\/v2\/product\/4635","targetHints":{"allow":["GET"]}}],"collection":[{"href":"https:\/\/foxelektronik.com\/index.php\/wp-json\/wp\/v2\/product"}],"about":[{"href":"https:\/\/foxelektronik.com\/index.php\/wp-json\/wp\/v2\/types\/product"}],"wp:featuredmedia":[{"embeddable":true,"href":"https:\/\/foxelektronik.com\/index.php\/wp-json\/wp\/v2\/media\/4636"}],"wp:attachment":[{"href":"https:\/\/foxelektronik.com\/index.php\/wp-json\/wp\/v2\/media?parent=4635"}],"wp:term":[{"taxonomy":"product_brand","embeddable":true,"href":"https:\/\/foxelektronik.com\/index.php\/wp-json\/wp\/v2\/product_brand?post=4635"},{"taxonomy":"product_cat","embeddable":true,"href":"https:\/\/foxelektronik.com\/index.php\/wp-json\/wp\/v2\/product_cat?post=4635"},{"taxonomy":"product_tag","embeddable":true,"href":"https:\/\/foxelektronik.com\/index.php\/wp-json\/wp\/v2\/product_tag?post=4635"}],"curies":[{"name":"wp","href":"https:\/\/api.w.org\/{rel}","templated":true}]}}