{"id":483,"date":"2025-06-06T15:31:25","date_gmt":"2025-06-06T12:31:25","guid":{"rendered":"http:\/\/softetik.com\/?post_type=product&#038;p=483"},"modified":"2025-06-06T15:31:25","modified_gmt":"2025-06-06T12:31:25","slug":"darkwill-b2-yayli-siyah-arac-anteni-vhf-uhf","status":"publish","type":"product","link":"https:\/\/foxelektronik.com\/index.php\/product\/darkwill-b2-yayli-siyah-arac-anteni-vhf-uhf\/","title":{"rendered":"DARKWILL B2 YAYLI S\u0130YAH ARA\u00c7 ANTEN\u0130 ( VHF &#038; UHF )"},"content":{"rendered":"<p>DARKWILL B2 YAYLI S\u0130YAH ARA\u00c7 ANTEN\u0130 ( VHF &amp; UHF )<\/p>\n<p><strong>\u00d6zellikleri :\u00a0<\/strong><\/p>\n<p>G\u00dc\u00c7\u00a0 \u00a0 \u00a0 \u00a0 \u00a0 \u00a0 \u00a0 :\u00a0 200 WATT<\/p>\n<p>KAZAN\u00c7\u00a0 \u00a0 \u00a0 \u00a0 :\u00a0 2.15 dBi<\/p>\n<p>RENK\u00a0 \u00a0 \u00a0 \u00a0 \u00a0 \u00a0 :\u00a0 S\u0130YAH<\/p>\n<p>KONNEKT\u00d6R :\u00a0 \u00a0NMO<\/p>\n<p>BOY\u00a0 \u00a0 \u00a0 \u00a0 \u00a0 \u00a0 \u00a0:\u00a0 \u00a048 CM\u00a0 \u00a0<strong>( KES\u0130LMEM\u0130\u015e ORJ\u0130NAL BOYU. UHF BANDINDA 6 \u0130LA 3.5 CM E KADAR KISALAB\u0130L\u0130R, KES\u0130M \u015eEMASINA G\u00d6RE SWR DE\u011eERLER\u0130 AYARLANIR. )<\/strong><\/p>\n<p>&nbsp;<\/p>\n<p><strong>\u0130\u00e7erik :\u00a0<\/strong><\/p>\n<p>1 ADET ANTEN<\/p>\n<p>1 ADET KABLO TES\u0130SATI (U\u00c7 KISMI KONNEKT\u00d6RS\u00dcZ OLARAK\u00a0 F\u0130YATLANDIRILIR)<\/p>\n<p>1 ADET SIZDIRMAZ CONTA<\/p>\n<p>1 ADET ALIEN AYAR ANAHTARI<\/p>\n<p><strong>NOT : OPS\u0130YONEL OLARAK MIKNATISLI KABLOSUDA MEVCUTTUR, L\u00dcTFEN\u00a0\u0130RT\u0130BATA GE\u00c7\u0130N\u0130Z!<\/strong><\/p>\n<p><strong>0539 858 56 45 WhatsApp<\/strong><\/p>\n","protected":false},"excerpt":{"rendered":"<p>DARKWILL B2 YAYLI S\u0130YAH ARA\u00c7 ANTEN\u0130 ( VHF &amp; UHF ) \u00d6zellikleri :\u00a0 G\u00dc\u00c7\u00a0 \u00a0 \u00a0 \u00a0 \u00a0 \u00a0 \u00a0 :\u00a0 200 WATT KAZAN\u00c7\u00a0 \u00a0 \u00a0 \u00a0 :\u00a0 2.15 dBi RENK\u00a0 \u00a0 \u00a0 \u00a0 \u00a0 \u00a0 :\u00a0 S\u0130YAH KONNEKT\u00d6R :\u00a0 \u00a0NMO BOY\u00a0 \u00a0 \u00a0 \u00a0 \u00a0 \u00a0 \u00a0:\u00a0 \u00a048 CM\u00a0 \u00a0( KES\u0130LMEM\u0130\u015e ORJ\u0130NAL BOYU. UHF [&hellip;]<\/p>\n","protected":false},"featured_media":484,"template":"","meta":[],"product_brand":[85],"product_cat":[54],"product_tag":[],"class_list":{"0":"post-483","1":"product","2":"type-product","3":"status-publish","4":"has-post-thumbnail","6":"product_brand-darkwill","7":"product_cat-arac-antenleri","9":"first","10":"instock","11":"shipping-taxable","12":"product-type-simple"},"_links":{"self":[{"href":"https:\/\/foxelektronik.com\/index.php\/wp-json\/wp\/v2\/product\/483","targetHints":{"allow":["GET"]}}],"collection":[{"href":"https:\/\/foxelektronik.com\/index.php\/wp-json\/wp\/v2\/product"}],"about":[{"href":"https:\/\/foxelektronik.com\/index.php\/wp-json\/wp\/v2\/types\/product"}],"wp:featuredmedia":[{"embeddable":true,"href":"https:\/\/foxelektronik.com\/index.php\/wp-json\/wp\/v2\/media\/484"}],"wp:attachment":[{"href":"https:\/\/foxelektronik.com\/index.php\/wp-json\/wp\/v2\/media?parent=483"}],"wp:term":[{"taxonomy":"product_brand","embeddable":true,"href":"https:\/\/foxelektronik.com\/index.php\/wp-json\/wp\/v2\/product_brand?post=483"},{"taxonomy":"product_cat","embeddable":true,"href":"https:\/\/foxelektronik.com\/index.php\/wp-json\/wp\/v2\/product_cat?post=483"},{"taxonomy":"product_tag","embeddable":true,"href":"https:\/\/foxelektronik.com\/index.php\/wp-json\/wp\/v2\/product_tag?post=483"}],"curies":[{"name":"wp","href":"https:\/\/api.w.org\/{rel}","templated":true}]}}