{"id":4855,"date":"2025-07-21T15:24:06","date_gmt":"2025-07-21T12:24:06","guid":{"rendered":"https:\/\/foxelektronik.com\/?post_type=product&#038;p=4855"},"modified":"2025-07-21T15:24:06","modified_gmt":"2025-07-21T12:24:06","slug":"tyt-ip-79-belklips-2","status":"publish","type":"product","link":"https:\/\/foxelektronik.com\/index.php\/product\/tyt-ip-79-belklips-2\/","title":{"rendered":"TYT IP-79 BELKL\u0130PS"},"content":{"rendered":"<p data-start=\"55\" data-end=\"77\"><strong data-start=\"55\" data-end=\"77\">TYT IP-79 Belklips<\/strong><\/p>\n<p data-start=\"79\" data-end=\"311\">TYT IP-79 Belklips, \u00f6zellikle TYT marka IP-79 model el telsizleri i\u00e7in \u00f6zel olarak tasarlanm\u0131\u015f dayan\u0131kl\u0131 bir ta\u015f\u0131ma aksesuar\u0131d\u0131r. Y\u00fcksek kaliteli sert plastikten \u00fcretilmi\u015ftir ve zorlu saha ko\u015fullar\u0131nda bile g\u00fcvenli kullan\u0131m sa\u011flar.<\/p>\n<p data-start=\"313\" data-end=\"578\">Bel klipsi sayesinde telsizinizi kemer, pantolon veya \u00e7anta gibi yerlere sabitleyebilir; elinizde ta\u015f\u0131madan, an\u0131nda eri\u015fim sa\u011flayabilirsiniz. Hafif yap\u0131s\u0131yla ta\u015f\u0131nabilirli\u011fi art\u0131r\u0131rken, ergonomik tasar\u0131m\u0131 sayesinde telsizinizin d\u00fc\u015fmesini veya savrulmas\u0131n\u0131 engeller.<\/p>\n<p data-start=\"580\" data-end=\"768\">Klipsin arka k\u0131sm\u0131ndaki vida yuvas\u0131 ile telsize kolayca monte edilebilir. Profesyonel kullan\u0131mlar, g\u00fcvenlik personelleri, saha \u00e7al\u0131\u015fanlar\u0131 ve telsiz kullan\u0131c\u0131lar\u0131 i\u00e7in pratik bir \u00e7\u00f6z\u00fcmd\u00fcr.<\/p>\n","protected":false},"excerpt":{"rendered":"<p>TYT IP-79 Belklips TYT IP-79 Belklips, \u00f6zellikle TYT marka IP-79 model el telsizleri i\u00e7in \u00f6zel olarak tasarlanm\u0131\u015f dayan\u0131kl\u0131 bir ta\u015f\u0131ma aksesuar\u0131d\u0131r. Y\u00fcksek kaliteli sert plastikten \u00fcretilmi\u015ftir ve zorlu saha ko\u015fullar\u0131nda bile g\u00fcvenli kullan\u0131m sa\u011flar. Bel klipsi sayesinde telsizinizi kemer, pantolon veya \u00e7anta gibi yerlere sabitleyebilir; elinizde ta\u015f\u0131madan, an\u0131nda eri\u015fim sa\u011flayabilirsiniz. Hafif yap\u0131s\u0131yla ta\u015f\u0131nabilirli\u011fi art\u0131r\u0131rken, ergonomik [&hellip;]<\/p>\n","protected":false},"featured_media":4761,"template":"","meta":[],"product_brand":[],"product_cat":[],"product_tag":[],"class_list":{"0":"post-4855","1":"product","2":"type-product","3":"status-publish","4":"has-post-thumbnail","7":"first","8":"instock","9":"shipping-taxable","10":"product-type-simple"},"_links":{"self":[{"href":"https:\/\/foxelektronik.com\/index.php\/wp-json\/wp\/v2\/product\/4855","targetHints":{"allow":["GET"]}}],"collection":[{"href":"https:\/\/foxelektronik.com\/index.php\/wp-json\/wp\/v2\/product"}],"about":[{"href":"https:\/\/foxelektronik.com\/index.php\/wp-json\/wp\/v2\/types\/product"}],"wp:featuredmedia":[{"embeddable":true,"href":"https:\/\/foxelektronik.com\/index.php\/wp-json\/wp\/v2\/media\/4761"}],"wp:attachment":[{"href":"https:\/\/foxelektronik.com\/index.php\/wp-json\/wp\/v2\/media?parent=4855"}],"wp:term":[{"taxonomy":"product_brand","embeddable":true,"href":"https:\/\/foxelektronik.com\/index.php\/wp-json\/wp\/v2\/product_brand?post=4855"},{"taxonomy":"product_cat","embeddable":true,"href":"https:\/\/foxelektronik.com\/index.php\/wp-json\/wp\/v2\/product_cat?post=4855"},{"taxonomy":"product_tag","embeddable":true,"href":"https:\/\/foxelektronik.com\/index.php\/wp-json\/wp\/v2\/product_tag?post=4855"}],"curies":[{"name":"wp","href":"https:\/\/api.w.org\/{rel}","templated":true}]}}