{"id":4892,"date":"2025-07-21T15:29:35","date_gmt":"2025-07-21T12:29:35","guid":{"rendered":"https:\/\/foxelektronik.com\/?post_type=product&#038;p=4892"},"modified":"2025-08-26T16:03:10","modified_gmt":"2025-08-26T13:03:10","slug":"radiocom-lt05-pmr446-lisanssiz-el-telsizi","status":"publish","type":"product","link":"https:\/\/foxelektronik.com\/index.php\/product\/radiocom-lt05-pmr446-lisanssiz-el-telsizi\/","title":{"rendered":"RADIOCOM LT05 PMR446 L\u0130SANSSIZ EL TELS\u0130Z\u0130"},"content":{"rendered":"<p data-start=\"101\" data-end=\"133\"><strong data-start=\"101\" data-end=\"133\">Radiocom LT05 PMR El Telsizi<\/strong><\/p>\n<p data-start=\"135\" data-end=\"452\">Radiocom LT05, lisanss\u0131z haberle\u015fme i\u00e7in geli\u015ftirilmi\u015f, ergonomik yap\u0131s\u0131 ve geli\u015fmi\u015f \u00f6zellikleriyle \u00f6n plana \u00e7\u0131kan bir PMR el telsizidir. A\u00e7\u0131k alan etkinliklerinden i\u015f yerlerine kadar bir\u00e7ok alanda g\u00fcvenilir ileti\u015fim sunar. Radiocom LT05, kompakt boyutu, uzun pil \u00f6mr\u00fc ve geli\u015fmi\u015f ses kalitesiyle kullan\u0131c\u0131 dostu bir deneyim sa\u011flar.<\/p>\n<hr data-start=\"454\" data-end=\"457\" \/>\n<p data-start=\"459\" data-end=\"486\"><strong data-start=\"459\" data-end=\"486\">Genel Teknik \u00d6zellikler<\/strong><\/p>\n<ul data-start=\"488\" data-end=\"981\">\n<li data-start=\"488\" data-end=\"536\">\n<p data-start=\"490\" data-end=\"536\"><strong data-start=\"490\" data-end=\"508\">Frekans Band\u0131:<\/strong> 446.00625 \u2013 446.19375 MHz<\/p>\n<\/li>\n<li data-start=\"537\" data-end=\"561\">\n<p data-start=\"539\" data-end=\"561\"><strong data-start=\"539\" data-end=\"556\">Kanal Say\u0131s\u0131:<\/strong> 16<\/p>\n<\/li>\n<li data-start=\"562\" data-end=\"599\">\n<p data-start=\"564\" data-end=\"599\"><strong data-start=\"564\" data-end=\"584\">Mod\u00fclasyon Tipi:<\/strong> FM (11K0F3E)<\/p>\n<\/li>\n<li data-start=\"600\" data-end=\"636\">\n<p data-start=\"602\" data-end=\"636\"><strong data-start=\"602\" data-end=\"626\">Frekans Kararl\u0131l\u0131\u011f\u0131:<\/strong> \u00b12.5ppm<\/p>\n<\/li>\n<li data-start=\"637\" data-end=\"665\">\n<p data-start=\"639\" data-end=\"665\"><strong data-start=\"639\" data-end=\"657\">RF \u00c7\u0131k\u0131\u015f G\u00fcc\u00fc:<\/strong> \u22640.5W<\/p>\n<\/li>\n<li data-start=\"666\" data-end=\"698\">\n<p data-start=\"668\" data-end=\"698\"><strong data-start=\"668\" data-end=\"688\">\u00c7al\u0131\u015fma Voltaj\u0131:<\/strong> 3.7V DC<\/p>\n<\/li>\n<li data-start=\"699\" data-end=\"733\">\n<p data-start=\"701\" data-end=\"733\"><strong data-start=\"701\" data-end=\"714\">Boyutlar:<\/strong> 139 x 55 x 26 mm<\/p>\n<\/li>\n<li data-start=\"734\" data-end=\"756\">\n<p data-start=\"736\" data-end=\"756\"><strong data-start=\"736\" data-end=\"748\">A\u011f\u0131rl\u0131k:<\/strong> 115 g<\/p>\n<\/li>\n<li data-start=\"757\" data-end=\"788\">\n<p data-start=\"759\" data-end=\"788\"><strong data-start=\"759\" data-end=\"779\">Anten Empedans\u0131:<\/strong> 50 Ohm<\/p>\n<\/li>\n<li data-start=\"789\" data-end=\"836\">\n<p data-start=\"791\" data-end=\"836\"><strong data-start=\"791\" data-end=\"812\">Alma Hassasiyeti:<\/strong> -122 dBm (12dB SINAD)<\/p>\n<\/li>\n<li data-start=\"837\" data-end=\"867\">\n<p data-start=\"839\" data-end=\"867\"><strong data-start=\"839\" data-end=\"858\">Ses \u00c7\u0131k\u0131\u015f G\u00fcc\u00fc:<\/strong> \u2265500mW<\/p>\n<\/li>\n<li data-start=\"868\" data-end=\"908\">\n<p data-start=\"870\" data-end=\"908\"><strong data-start=\"870\" data-end=\"892\">\u00c7al\u0131\u015fma S\u0131cakl\u0131\u011f\u0131:<\/strong> -20\u00b0C ~ +50\u00b0C<\/p>\n<\/li>\n<li data-start=\"909\" data-end=\"940\">\n<p data-start=\"911\" data-end=\"940\"><strong data-start=\"911\" data-end=\"927\">\u015earj Giri\u015fi:<\/strong> USB Type-C<\/p>\n<\/li>\n<li data-start=\"941\" data-end=\"981\">\n<p data-start=\"943\" data-end=\"981\"><strong data-start=\"943\" data-end=\"955\">Batarya:<\/strong> De\u011fi\u015ftirilebilir Li-Ion<\/p>\n<\/li>\n<\/ul>\n<hr data-start=\"983\" data-end=\"986\" \/>\n<p data-start=\"988\" data-end=\"1008\"><strong data-start=\"988\" data-end=\"1008\">Temel \u00d6zellikler<\/strong><\/p>\n<ul data-start=\"1010\" data-end=\"1480\">\n<li data-start=\"1010\" data-end=\"1054\">\n<p data-start=\"1012\" data-end=\"1054\">Lisanss\u0131z ve \u00fccretsiz kullan\u0131m (PMR 446)<\/p>\n<\/li>\n<li data-start=\"1055\" data-end=\"1094\">\n<p data-start=\"1057\" data-end=\"1094\">Di\u011fer PMR telsizlerle tam uyumluluk<\/p>\n<\/li>\n<li data-start=\"1095\" data-end=\"1129\">\n<p data-start=\"1097\" data-end=\"1129\">Sa\u011flam ve entegre anten yap\u0131s\u0131<\/p>\n<\/li>\n<li data-start=\"1130\" data-end=\"1171\">\n<p data-start=\"1132\" data-end=\"1171\">16 kanal + 50 CTCSS + 208 DCS deste\u011fi<\/p>\n<\/li>\n<li data-start=\"1172\" data-end=\"1203\">\n<p data-start=\"1174\" data-end=\"1203\">VOX (eller serbest konu\u015fma)<\/p>\n<\/li>\n<li data-start=\"1204\" data-end=\"1243\">\n<p data-start=\"1206\" data-end=\"1243\">Scrambler (ses kar\u0131\u015ft\u0131rma) \u00f6zelli\u011fi<\/p>\n<\/li>\n<li data-start=\"1244\" data-end=\"1273\">\n<p data-start=\"1246\" data-end=\"1273\">T\u00fcrk\u00e7e sesli kanal anonsu<\/p>\n<\/li>\n<li data-start=\"1274\" data-end=\"1303\">\n<p data-start=\"1276\" data-end=\"1303\">BCL (me\u015fgul kanal kilidi)<\/p>\n<\/li>\n<li data-start=\"1304\" data-end=\"1337\">\n<p data-start=\"1306\" data-end=\"1337\">TOT (zaman a\u015f\u0131m\u0131 s\u0131n\u0131rlay\u0131c\u0131)<\/p>\n<\/li>\n<li data-start=\"1338\" data-end=\"1379\">\n<p data-start=\"1340\" data-end=\"1379\">Batarya tasarruf ve d\u00fc\u015f\u00fck pil uyar\u0131s\u0131<\/p>\n<\/li>\n<li data-start=\"1380\" data-end=\"1411\">\n<p data-start=\"1382\" data-end=\"1411\">Programlanabilir yan tu\u015flar<\/p>\n<\/li>\n<li data-start=\"1412\" data-end=\"1444\">\n<p data-start=\"1414\" data-end=\"1444\">Kulakl\u0131k-mikrofon uyumlulu\u011fu<\/p>\n<\/li>\n<li data-start=\"1445\" data-end=\"1480\">\n<p data-start=\"1447\" data-end=\"1480\">Bilgisayar ba\u011flant\u0131l\u0131 programlama<\/p>\n<\/li>\n<\/ul>\n<hr data-start=\"1482\" data-end=\"1485\" \/>\n<p data-start=\"1487\" data-end=\"1508\"><strong data-start=\"1487\" data-end=\"1508\">Kullan\u0131m Alanlar\u0131<\/strong><\/p>\n<ul data-start=\"1510\" data-end=\"1643\">\n<li data-start=\"1510\" data-end=\"1531\">\n<p data-start=\"1512\" data-end=\"1531\">G\u00fcvenlik ekipleri<\/p>\n<\/li>\n<li data-start=\"1532\" data-end=\"1555\">\n<p data-start=\"1534\" data-end=\"1555\">Outdoor etkinlikler<\/p>\n<\/li>\n<li data-start=\"1556\" data-end=\"1575\">\n<p data-start=\"1558\" data-end=\"1575\">Organizasyonlar<\/p>\n<\/li>\n<li data-start=\"1576\" data-end=\"1604\">\n<p data-start=\"1578\" data-end=\"1604\">Kamp ve do\u011fa y\u00fcr\u00fcy\u00fc\u015fleri<\/p>\n<\/li>\n<\/ul>\n<hr data-start=\"1645\" data-end=\"1648\" \/>\n<p data-start=\"1650\" data-end=\"1699\" data-is-last-node=\"\" data-is-only-node=\"\">\u00a0<\/p>\n","protected":false},"excerpt":{"rendered":"<p>Radiocom LT05 PMR El Telsizi Radiocom LT05, lisanss\u0131z haberle\u015fme i\u00e7in geli\u015ftirilmi\u015f, ergonomik yap\u0131s\u0131 ve geli\u015fmi\u015f \u00f6zellikleriyle \u00f6n plana \u00e7\u0131kan bir PMR el telsizidir. A\u00e7\u0131k alan etkinliklerinden i\u015f yerlerine kadar bir\u00e7ok alanda g\u00fcvenilir ileti\u015fim sunar. Radiocom LT05, kompakt boyutu, uzun pil \u00f6mr\u00fc ve geli\u015fmi\u015f ses kalitesiyle kullan\u0131c\u0131 dostu bir deneyim sa\u011flar. Genel Teknik \u00d6zellikler Frekans Band\u0131: [&hellip;]<\/p>\n","protected":false},"featured_media":4893,"template":"","meta":[],"product_brand":[],"product_cat":[108],"product_tag":[],"class_list":{"0":"post-4892","1":"product","2":"type-product","3":"status-publish","4":"has-post-thumbnail","6":"product_cat-pmr-i-profesyonel-el-telsizi","8":"first","9":"instock","10":"shipping-taxable","11":"product-type-simple"},"_links":{"self":[{"href":"https:\/\/foxelektronik.com\/index.php\/wp-json\/wp\/v2\/product\/4892","targetHints":{"allow":["GET"]}}],"collection":[{"href":"https:\/\/foxelektronik.com\/index.php\/wp-json\/wp\/v2\/product"}],"about":[{"href":"https:\/\/foxelektronik.com\/index.php\/wp-json\/wp\/v2\/types\/product"}],"wp:featuredmedia":[{"embeddable":true,"href":"https:\/\/foxelektronik.com\/index.php\/wp-json\/wp\/v2\/media\/4893"}],"wp:attachment":[{"href":"https:\/\/foxelektronik.com\/index.php\/wp-json\/wp\/v2\/media?parent=4892"}],"wp:term":[{"taxonomy":"product_brand","embeddable":true,"href":"https:\/\/foxelektronik.com\/index.php\/wp-json\/wp\/v2\/product_brand?post=4892"},{"taxonomy":"product_cat","embeddable":true,"href":"https:\/\/foxelektronik.com\/index.php\/wp-json\/wp\/v2\/product_cat?post=4892"},{"taxonomy":"product_tag","embeddable":true,"href":"https:\/\/foxelektronik.com\/index.php\/wp-json\/wp\/v2\/product_tag?post=4892"}],"curies":[{"name":"wp","href":"https:\/\/api.w.org\/{rel}","templated":true}]}}