{"id":4902,"date":"2025-07-21T15:29:37","date_gmt":"2025-07-21T12:29:37","guid":{"rendered":"https:\/\/foxelektronik.com\/?post_type=product&#038;p=4902"},"modified":"2025-08-26T16:02:31","modified_gmt":"2025-08-26T13:02:31","slug":"sfe-sd-320-digital-lisanssiz-el-telsizi","status":"publish","type":"product","link":"https:\/\/foxelektronik.com\/index.php\/product\/sfe-sd-320-digital-lisanssiz-el-telsizi\/","title":{"rendered":"SFE SD-320 D\u0130G\u0130TAL L\u0130SANSSIZ EL TELS\u0130Z\u0130"},"content":{"rendered":"<p data-start=\"99\" data-end=\"148\"><strong data-start=\"99\" data-end=\"148\">SFE SD-320 Dijital\/Analog Lisansl\u0131 El Telsizi<\/strong><\/p>\n<p data-start=\"150\" data-end=\"470\">SFE SD-320, dijital ve analog sistemlerle uyumlu, \u00e7ok y\u00f6nl\u00fc ve dayan\u0131kl\u0131 bir el telsizidir. Geni\u015f kapsama alan\u0131, uzun pil \u00f6mr\u00fc ve geli\u015fmi\u015f \u00f6zellikleriyle hem bireysel hem de profesyonel kullan\u0131c\u0131lar i\u00e7in ideal bir \u00e7\u00f6z\u00fcmd\u00fcr. SFE SD-320, acil durum uyar\u0131s\u0131, b\u00f6lge se\u00e7imi ve programlanabilir tu\u015f se\u00e7enekleriyle y\u00fcksek performans sunar.<\/p>\n<hr data-start=\"472\" data-end=\"475\" \/>\n<p data-start=\"477\" data-end=\"497\"><strong data-start=\"477\" data-end=\"497\">Genel \u00d6zellikler<\/strong><\/p>\n<ul data-start=\"499\" data-end=\"897\">\n<li data-start=\"499\" data-end=\"533\">\n<p data-start=\"501\" data-end=\"533\">B\u00f6lge se\u00e7ilebilir \u00e7al\u0131\u015fma modu<\/p>\n<\/li>\n<li data-start=\"534\" data-end=\"581\">\n<p data-start=\"536\" data-end=\"581\">Dijital ve analog aras\u0131nda tarama yapabilir<\/p>\n<\/li>\n<li data-start=\"582\" data-end=\"613\">\n<p data-start=\"584\" data-end=\"613\">Acil durum uyar\u0131s\u0131 \u00f6zelli\u011fi<\/p>\n<\/li>\n<li data-start=\"614\" data-end=\"650\">\n<p data-start=\"616\" data-end=\"650\">Y\u00fcksek\/D\u00fc\u015f\u00fck g\u00fc\u00e7 \u00e7\u0131k\u0131\u015f\u0131 se\u00e7ene\u011fi<\/p>\n<\/li>\n<li data-start=\"651\" data-end=\"686\">\n<p data-start=\"653\" data-end=\"686\">TOT (Zaman A\u015f\u0131m\u0131 Zamanlay\u0131c\u0131s\u0131)<\/p>\n<\/li>\n<li data-start=\"687\" data-end=\"718\">\n<p data-start=\"689\" data-end=\"718\">Otomatik pil tasarrufu modu<\/p>\n<\/li>\n<li data-start=\"719\" data-end=\"751\">\n<p data-start=\"721\" data-end=\"751\">Me\u015fgul kanal kilitleme (BCL)<\/p>\n<\/li>\n<li data-start=\"752\" data-end=\"783\">\n<p data-start=\"754\" data-end=\"783\">Programlanabilir yan tu\u015flar<\/p>\n<\/li>\n<li data-start=\"784\" data-end=\"834\">\n<p data-start=\"786\" data-end=\"834\">VOX \u00f6zelli\u011fi (10 seviyeye kadar ayarlanabilir)<\/p>\n<\/li>\n<li data-start=\"835\" data-end=\"858\">\n<p data-start=\"837\" data-end=\"858\">Geni\u015f kapsama alan\u0131<\/p>\n<\/li>\n<li data-start=\"859\" data-end=\"897\">\n<p data-start=\"861\" data-end=\"897\">Bilgisayar ile programlanabilir yap\u0131<\/p>\n<\/li>\n<\/ul>\n<hr data-start=\"899\" data-end=\"902\" \/>\n<p data-start=\"904\" data-end=\"925\"><strong data-start=\"904\" data-end=\"925\">Teknik \u00d6zellikler<\/strong><\/p>\n<ul data-start=\"927\" data-end=\"1436\">\n<li data-start=\"927\" data-end=\"992\">\n<p data-start=\"929\" data-end=\"992\"><strong data-start=\"929\" data-end=\"949\">Frekans Aral\u0131\u011f\u0131:<\/strong> VHF 136\u2013174MHz \/ 350\u2013390MHz \/ 400\u2013470MHz<\/p>\n<\/li>\n<li data-start=\"993\" data-end=\"1043\">\n<p data-start=\"995\" data-end=\"1043\"><strong data-start=\"995\" data-end=\"1012\">Kanal Say\u0131s\u0131:<\/strong> 32 kanal (16 kanal x 2 grup)<\/p>\n<\/li>\n<li data-start=\"1044\" data-end=\"1082\">\n<p data-start=\"1046\" data-end=\"1082\"><strong data-start=\"1046\" data-end=\"1067\">\u00c7al\u0131\u015fma Gerilimi:<\/strong> 7.4V DC \u00b110%<\/p>\n<\/li>\n<li data-start=\"1083\" data-end=\"1145\">\n<p data-start=\"1085\" data-end=\"1145\"><strong data-start=\"1085\" data-end=\"1103\">Kanal Aral\u0131\u011f\u0131:<\/strong> Analog 25KHz \/ 12.5KHz, Dijital 12.5KHz<\/p>\n<\/li>\n<li data-start=\"1146\" data-end=\"1175\">\n<p data-start=\"1148\" data-end=\"1175\"><strong data-start=\"1148\" data-end=\"1168\">Anten Empedans\u0131:<\/strong> 50 \u03a9<\/p>\n<\/li>\n<li data-start=\"1176\" data-end=\"1218\">\n<p data-start=\"1178\" data-end=\"1218\"><strong data-start=\"1178\" data-end=\"1201\">Batarya Kapasitesi:<\/strong> 2000mAh Li-Ion<\/p>\n<\/li>\n<li data-start=\"1219\" data-end=\"1255\">\n<p data-start=\"1221\" data-end=\"1255\"><strong data-start=\"1221\" data-end=\"1240\">Batarya S\u00fcresi:<\/strong> 15 \u2013 20 saat<\/p>\n<\/li>\n<li data-start=\"1256\" data-end=\"1298\">\n<p data-start=\"1258\" data-end=\"1298\"><strong data-start=\"1258\" data-end=\"1280\">\u00c7al\u0131\u015fma S\u0131cakl\u0131\u011f\u0131:<\/strong> -30\u00b0C ila +60\u00b0C<\/p>\n<\/li>\n<li data-start=\"1299\" data-end=\"1336\">\n<p data-start=\"1301\" data-end=\"1336\"><strong data-start=\"1301\" data-end=\"1325\">Frekans Kararl\u0131l\u0131\u011f\u0131:<\/strong> \u00b10.5 ppm<\/p>\n<\/li>\n<li data-start=\"1337\" data-end=\"1390\">\n<p data-start=\"1339\" data-end=\"1390\"><strong data-start=\"1339\" data-end=\"1352\">Boyutlar:<\/strong> 53 x 31 x 116 mm (\u00e7\u0131k\u0131nt\u0131lar hari\u00e7)<\/p>\n<\/li>\n<li data-start=\"1391\" data-end=\"1436\">\n<p data-start=\"1393\" data-end=\"1436\"><strong data-start=\"1393\" data-end=\"1405\">A\u011f\u0131rl\u0131k:<\/strong> 229 g (anten ve batarya dahil)<\/p>\n<\/li>\n<\/ul>\n","protected":false},"excerpt":{"rendered":"<p>SFE SD-320 Dijital\/Analog Lisansl\u0131 El Telsizi SFE SD-320, dijital ve analog sistemlerle uyumlu, \u00e7ok y\u00f6nl\u00fc ve dayan\u0131kl\u0131 bir el telsizidir. Geni\u015f kapsama alan\u0131, uzun pil \u00f6mr\u00fc ve geli\u015fmi\u015f \u00f6zellikleriyle hem bireysel hem de profesyonel kullan\u0131c\u0131lar i\u00e7in ideal bir \u00e7\u00f6z\u00fcmd\u00fcr. SFE SD-320, acil durum uyar\u0131s\u0131, b\u00f6lge se\u00e7imi ve programlanabilir tu\u015f se\u00e7enekleriyle y\u00fcksek performans sunar. Genel \u00d6zellikler [&hellip;]<\/p>\n","protected":false},"featured_media":4903,"template":"","meta":[],"product_brand":[75],"product_cat":[108],"product_tag":[],"class_list":{"0":"post-4902","1":"product","2":"type-product","3":"status-publish","4":"has-post-thumbnail","6":"product_brand-sfe","7":"product_cat-pmr-i-profesyonel-el-telsizi","9":"first","10":"instock","11":"shipping-taxable","12":"product-type-simple"},"_links":{"self":[{"href":"https:\/\/foxelektronik.com\/index.php\/wp-json\/wp\/v2\/product\/4902","targetHints":{"allow":["GET"]}}],"collection":[{"href":"https:\/\/foxelektronik.com\/index.php\/wp-json\/wp\/v2\/product"}],"about":[{"href":"https:\/\/foxelektronik.com\/index.php\/wp-json\/wp\/v2\/types\/product"}],"wp:featuredmedia":[{"embeddable":true,"href":"https:\/\/foxelektronik.com\/index.php\/wp-json\/wp\/v2\/media\/4903"}],"wp:attachment":[{"href":"https:\/\/foxelektronik.com\/index.php\/wp-json\/wp\/v2\/media?parent=4902"}],"wp:term":[{"taxonomy":"product_brand","embeddable":true,"href":"https:\/\/foxelektronik.com\/index.php\/wp-json\/wp\/v2\/product_brand?post=4902"},{"taxonomy":"product_cat","embeddable":true,"href":"https:\/\/foxelektronik.com\/index.php\/wp-json\/wp\/v2\/product_cat?post=4902"},{"taxonomy":"product_tag","embeddable":true,"href":"https:\/\/foxelektronik.com\/index.php\/wp-json\/wp\/v2\/product_tag?post=4902"}],"curies":[{"name":"wp","href":"https:\/\/api.w.org\/{rel}","templated":true}]}}