{"id":4904,"date":"2025-07-21T15:29:37","date_gmt":"2025-07-21T12:29:37","guid":{"rendered":"https:\/\/foxelektronik.com\/?post_type=product&#038;p=4904"},"modified":"2025-08-26T16:01:54","modified_gmt":"2025-08-26T13:01:54","slug":"sfe-sd-600-digital-lisansli-el-telsizi","status":"publish","type":"product","link":"https:\/\/foxelektronik.com\/index.php\/product\/sfe-sd-600-digital-lisansli-el-telsizi\/","title":{"rendered":"SFE  SD-600 D\u0130G\u0130TAL L\u0130SANSLI EL TELS\u0130Z\u0130"},"content":{"rendered":"<h3 data-start=\"80\" data-end=\"169\"><strong data-start=\"84\" data-end=\"169\">SFE SD-600 Dijital Lisansl\u0131 El Telsizi \u2013 G\u00fc\u00e7l\u00fc, G\u00fcvenli ve Profesyonel Haberle\u015fme<\/strong><\/h3>\n<p data-start=\"171\" data-end=\"397\">SFE SD-600, hem dijital hem analog modda \u00e7al\u0131\u015fabilen, lisansl\u0131 profesyonel kullan\u0131c\u0131lar i\u00e7in geli\u015ftirilmi\u015f g\u00fc\u00e7l\u00fc bir el telsizidir. SFE SD-600, uzun pil \u00f6mr\u00fc, ses \u015fifreleme \u00f6zellikleri ve geni\u015f kapsama alan\u0131 ile g\u00fcvenilir ileti\u015fim sa\u011flar.<\/p>\n<h4 data-start=\"399\" data-end=\"425\"><strong data-start=\"404\" data-end=\"425\">Genel \u00d6zellikler:<\/strong><\/h4>\n<ul data-start=\"426\" data-end=\"945\">\n<li data-start=\"426\" data-end=\"514\">\n<p data-start=\"428\" data-end=\"514\"><strong data-start=\"428\" data-end=\"453\">TOT (Time Out Timer):<\/strong> Uzun s\u00fcreli iletimi s\u0131n\u0131rlayarak batarya tasarrufu sa\u011flar.<\/p>\n<\/li>\n<li data-start=\"515\" data-end=\"590\">\n<p data-start=\"517\" data-end=\"590\"><strong data-start=\"517\" data-end=\"544\">Otomatik Pil Tasarrufu:<\/strong> Enerji y\u00f6netimi ile verimli kullan\u0131m sunar.<\/p>\n<\/li>\n<li data-start=\"591\" data-end=\"668\">\n<p data-start=\"593\" data-end=\"668\"><strong data-start=\"593\" data-end=\"626\">BCL (Me\u015fgul Kanal Kilitleme):<\/strong> Bo\u015f olmayan kanalda g\u00f6nderimi engeller.<\/p>\n<\/li>\n<li data-start=\"669\" data-end=\"732\">\n<p data-start=\"671\" data-end=\"732\"><strong data-start=\"671\" data-end=\"693\">Yan Anahtar Atama:<\/strong> Tu\u015flara \u00f6zel g\u00f6rev tan\u0131mlama imkan\u0131.<\/p>\n<\/li>\n<li data-start=\"733\" data-end=\"803\">\n<p data-start=\"735\" data-end=\"803\"><strong data-start=\"735\" data-end=\"760\">Programlanabilir VOX:<\/strong> 10 kademeli sesle aktifle\u015ftirme deste\u011fi.<\/p>\n<\/li>\n<li data-start=\"804\" data-end=\"876\">\n<p data-start=\"806\" data-end=\"876\"><strong data-start=\"806\" data-end=\"834\">Y\u00fcksek\/D\u00fc\u015f\u00fck G\u00fc\u00e7 \u00c7\u0131k\u0131\u015f\u0131:<\/strong> Ortama g\u00f6re ayarlanabilir g\u00fc\u00e7 seviyesi.<\/p>\n<\/li>\n<li data-start=\"877\" data-end=\"945\">\n<p data-start=\"879\" data-end=\"945\"><strong data-start=\"879\" data-end=\"907\">PC ile Programlanabilir:<\/strong> Kolay yap\u0131land\u0131rma ve kanal y\u00f6netimi.<\/p>\n<\/li>\n<\/ul>\n<h4 data-start=\"947\" data-end=\"975\"><strong data-start=\"952\" data-end=\"975\">Dijital \u00d6zellikler:<\/strong><\/h4>\n<ul data-start=\"976\" data-end=\"1177\">\n<li data-start=\"976\" data-end=\"1019\">\n<p data-start=\"978\" data-end=\"1019\">Bireysel, Grup ve T\u00fcm \u00c7a\u011fr\u0131 se\u00e7enekleri<\/p>\n<\/li>\n<li data-start=\"1020\" data-end=\"1046\">\n<p data-start=\"1022\" data-end=\"1046\">Geli\u015fmi\u015f ses \u015fifreleme<\/p>\n<\/li>\n<li data-start=\"1047\" data-end=\"1094\">\n<p data-start=\"1049\" data-end=\"1094\">Cihaz kilitleme\/aktivasyon\/uzaktan alg\u0131lama<\/p>\n<\/li>\n<li data-start=\"1095\" data-end=\"1127\">\n<p data-start=\"1097\" data-end=\"1127\">Uzaktan acil durum bildirimi<\/p>\n<\/li>\n<li data-start=\"1128\" data-end=\"1149\">\n<p data-start=\"1130\" data-end=\"1149\">CTCSS\/DCS kodlama<\/p>\n<\/li>\n<li data-start=\"1150\" data-end=\"1177\">\n<p data-start=\"1152\" data-end=\"1177\">DTMF kodlama ve \u00e7\u00f6z\u00fcmleme<\/p>\n<\/li>\n<\/ul>\n<h4 data-start=\"1179\" data-end=\"1206\"><strong data-start=\"1184\" data-end=\"1206\">Teknik \u00d6zellikler:<\/strong><\/h4>\n<ul data-start=\"1207\" data-end=\"1593\">\n<li data-start=\"1207\" data-end=\"1265\">\n<p data-start=\"1209\" data-end=\"1265\"><strong data-start=\"1209\" data-end=\"1229\">Frekans Aral\u0131\u011f\u0131:<\/strong> VHF: 136-174MHz \/ UHF: 400-470MHz<\/p>\n<\/li>\n<li data-start=\"1266\" data-end=\"1300\">\n<p data-start=\"1268\" data-end=\"1300\"><strong data-start=\"1268\" data-end=\"1289\">Kanal Kapasitesi:<\/strong> 32 kanal<\/p>\n<\/li>\n<li data-start=\"1301\" data-end=\"1339\">\n<p data-start=\"1303\" data-end=\"1339\"><strong data-start=\"1303\" data-end=\"1324\">\u00c7al\u0131\u015fma Gerilimi:<\/strong> 7.4V DC \u00b110%<\/p>\n<\/li>\n<li data-start=\"1340\" data-end=\"1405\">\n<p data-start=\"1342\" data-end=\"1405\"><strong data-start=\"1342\" data-end=\"1360\">Kanal Aral\u0131\u011f\u0131:<\/strong> Analog: 25\/20\/12.5 KHz | Dijital: 12.5 KHz<\/p>\n<\/li>\n<li data-start=\"1406\" data-end=\"1435\">\n<p data-start=\"1408\" data-end=\"1435\"><strong data-start=\"1408\" data-end=\"1428\">Anten Empedans\u0131:<\/strong> 50 \u03a9<\/p>\n<\/li>\n<li data-start=\"1436\" data-end=\"1473\">\n<p data-start=\"1438\" data-end=\"1473\"><strong data-start=\"1438\" data-end=\"1450\">Batarya:<\/strong> 1500\/2000 mAh Li-Ion<\/p>\n<\/li>\n<li data-start=\"1474\" data-end=\"1515\">\n<p data-start=\"1476\" data-end=\"1515\"><strong data-start=\"1476\" data-end=\"1495\">\u00c7al\u0131\u015fma S\u00fcresi:<\/strong> 15-20 saate kadar<\/p>\n<\/li>\n<li data-start=\"1516\" data-end=\"1547\">\n<p data-start=\"1518\" data-end=\"1547\"><strong data-start=\"1518\" data-end=\"1528\">Boyut:<\/strong> 53 x 28 x 116 mm<\/p>\n<\/li>\n<li data-start=\"1548\" data-end=\"1593\">\n<p data-start=\"1550\" data-end=\"1593\"><strong data-start=\"1550\" data-end=\"1562\">A\u011f\u0131rl\u0131k:<\/strong> 265 g (anten ve batarya dahil)<\/p>\n<\/li>\n<\/ul>\n<p data-start=\"1595\" data-end=\"1721\">SFE SD-600, zorlu \u015fartlarda dahi g\u00fc\u00e7l\u00fc performans g\u00f6steren, profesyonel ileti\u015fim \u00e7\u00f6z\u00fcmleri arayanlar i\u00e7in ideal bir telsizdir.<\/p>\n<hr data-start=\"1723\" data-end=\"1726\" \/>\n<p data-start=\"1728\" data-end=\"1947\">\u00a0<\/p>\n","protected":false},"excerpt":{"rendered":"<p>SFE SD-600 Dijital Lisansl\u0131 El Telsizi \u2013 G\u00fc\u00e7l\u00fc, G\u00fcvenli ve Profesyonel Haberle\u015fme SFE SD-600, hem dijital hem analog modda \u00e7al\u0131\u015fabilen, lisansl\u0131 profesyonel kullan\u0131c\u0131lar i\u00e7in geli\u015ftirilmi\u015f g\u00fc\u00e7l\u00fc bir el telsizidir. SFE SD-600, uzun pil \u00f6mr\u00fc, ses \u015fifreleme \u00f6zellikleri ve geni\u015f kapsama alan\u0131 ile g\u00fcvenilir ileti\u015fim sa\u011flar. Genel \u00d6zellikler: TOT (Time Out Timer): Uzun s\u00fcreli iletimi s\u0131n\u0131rlayarak [&hellip;]<\/p>\n","protected":false},"featured_media":4905,"template":"","meta":[],"product_brand":[75],"product_cat":[108],"product_tag":[],"class_list":{"0":"post-4904","1":"product","2":"type-product","3":"status-publish","4":"has-post-thumbnail","6":"product_brand-sfe","7":"product_cat-pmr-i-profesyonel-el-telsizi","9":"first","10":"instock","11":"shipping-taxable","12":"product-type-simple"},"_links":{"self":[{"href":"https:\/\/foxelektronik.com\/index.php\/wp-json\/wp\/v2\/product\/4904","targetHints":{"allow":["GET"]}}],"collection":[{"href":"https:\/\/foxelektronik.com\/index.php\/wp-json\/wp\/v2\/product"}],"about":[{"href":"https:\/\/foxelektronik.com\/index.php\/wp-json\/wp\/v2\/types\/product"}],"wp:featuredmedia":[{"embeddable":true,"href":"https:\/\/foxelektronik.com\/index.php\/wp-json\/wp\/v2\/media\/4905"}],"wp:attachment":[{"href":"https:\/\/foxelektronik.com\/index.php\/wp-json\/wp\/v2\/media?parent=4904"}],"wp:term":[{"taxonomy":"product_brand","embeddable":true,"href":"https:\/\/foxelektronik.com\/index.php\/wp-json\/wp\/v2\/product_brand?post=4904"},{"taxonomy":"product_cat","embeddable":true,"href":"https:\/\/foxelektronik.com\/index.php\/wp-json\/wp\/v2\/product_cat?post=4904"},{"taxonomy":"product_tag","embeddable":true,"href":"https:\/\/foxelektronik.com\/index.php\/wp-json\/wp\/v2\/product_tag?post=4904"}],"curies":[{"name":"wp","href":"https:\/\/api.w.org\/{rel}","templated":true}]}}