{"id":493,"date":"2025-06-06T15:35:40","date_gmt":"2025-06-06T12:35:40","guid":{"rendered":"http:\/\/softetik.com\/?post_type=product&#038;p=493"},"modified":"2025-06-06T15:35:40","modified_gmt":"2025-06-06T12:35:40","slug":"midland-nw-2000-vhf-uhf-dual-band-amator-arac-anteni","status":"publish","type":"product","link":"https:\/\/foxelektronik.com\/index.php\/product\/midland-nw-2000-vhf-uhf-dual-band-amator-arac-anteni\/","title":{"rendered":"M\u0130DLAND NW 2000 VHF\/UHF DUAL BAND AMAT\u00d6R ARA\u00c7 ANTEN\u0130"},"content":{"rendered":"<p>M\u0130DLAND NW 2000 VHF\/UHF DUAL BAND AMAT\u00d6R ARA\u00c7 ANTEN\u0130<\/p>\n<p>&nbsp;<\/p>\n<p>DUAL BAND WHIP ANTEN<\/p>\n<p>FREKANS ARALI\u011eI 144-146\/430-440 MhZ<\/p>\n<p>G\u00dc\u00c7 &#8211; 200 watts<\/p>\n<p>UZUNLUK &#8211; 98 CM<\/p>\n<p>KONNEKT\u00d6R T\u0130P\u0130\u00a0 &#8211; PL 259<\/p>\n","protected":false},"excerpt":{"rendered":"<p>M\u0130DLAND NW 2000 VHF\/UHF DUAL BAND AMAT\u00d6R ARA\u00c7 ANTEN\u0130 &nbsp; DUAL BAND WHIP ANTEN FREKANS ARALI\u011eI 144-146\/430-440 MhZ G\u00dc\u00c7 &#8211; 200 watts UZUNLUK &#8211; 98 CM KONNEKT\u00d6R T\u0130P\u0130\u00a0 &#8211; PL 259<\/p>\n","protected":false},"featured_media":494,"template":"","meta":[],"product_brand":[69],"product_cat":[54],"product_tag":[],"class_list":{"0":"post-493","1":"product","2":"type-product","3":"status-publish","4":"has-post-thumbnail","6":"product_brand-midland","7":"product_cat-arac-antenleri","9":"first","10":"instock","11":"shipping-taxable","12":"product-type-simple"},"_links":{"self":[{"href":"https:\/\/foxelektronik.com\/index.php\/wp-json\/wp\/v2\/product\/493","targetHints":{"allow":["GET"]}}],"collection":[{"href":"https:\/\/foxelektronik.com\/index.php\/wp-json\/wp\/v2\/product"}],"about":[{"href":"https:\/\/foxelektronik.com\/index.php\/wp-json\/wp\/v2\/types\/product"}],"wp:featuredmedia":[{"embeddable":true,"href":"https:\/\/foxelektronik.com\/index.php\/wp-json\/wp\/v2\/media\/494"}],"wp:attachment":[{"href":"https:\/\/foxelektronik.com\/index.php\/wp-json\/wp\/v2\/media?parent=493"}],"wp:term":[{"taxonomy":"product_brand","embeddable":true,"href":"https:\/\/foxelektronik.com\/index.php\/wp-json\/wp\/v2\/product_brand?post=493"},{"taxonomy":"product_cat","embeddable":true,"href":"https:\/\/foxelektronik.com\/index.php\/wp-json\/wp\/v2\/product_cat?post=493"},{"taxonomy":"product_tag","embeddable":true,"href":"https:\/\/foxelektronik.com\/index.php\/wp-json\/wp\/v2\/product_tag?post=493"}],"curies":[{"name":"wp","href":"https:\/\/api.w.org\/{rel}","templated":true}]}}