{"id":4936,"date":"2025-07-21T15:29:43","date_gmt":"2025-07-21T12:29:43","guid":{"rendered":"https:\/\/foxelektronik.com\/?post_type=product&#038;p=4936"},"modified":"2025-07-21T15:29:43","modified_gmt":"2025-07-21T12:29:43","slug":"diamond-srh-779-teleskobik-el-telsizi-anteni","status":"publish","type":"product","link":"https:\/\/foxelektronik.com\/index.php\/product\/diamond-srh-779-teleskobik-el-telsizi-anteni\/","title":{"rendered":"Diamond SRH-779 Teleskobik El Telsizi Anteni"},"content":{"rendered":"<p data-start=\"62\" data-end=\"142\"><strong data-start=\"62\" data-end=\"142\">Diamond SRH-779 Teleskobik El Telsizi Anteni \u2013 144\/430 MHz, SMA Erkek, 44 cm<\/strong><\/p>\n<p data-start=\"144\" data-end=\"431\">Diamond SRH-779, teleskobik yap\u0131s\u0131 ve y\u00fcksek performans\u0131yla \u00f6ne \u00e7\u0131kan, el telsizleri i\u00e7in \u00f6zel olarak tasarlanm\u0131\u015f bir VHF\/UHF antenidir. Geni\u015f frekans deste\u011fi, katlanabilir yap\u0131s\u0131 ve g\u00fc\u00e7l\u00fc iletim kapasitesi sayesinde amat\u00f6r telsiz kullan\u0131c\u0131lar\u0131 ve profesyoneller i\u00e7in ideal bir se\u00e7imdir.<\/p>\n<p data-start=\"433\" data-end=\"709\">Diamond SRH-779,teleskobik tasar\u0131m\u0131, 6 kademeli olarak uzay\u0131p k\u0131salabilir; ta\u015f\u0131ma kolayl\u0131\u011f\u0131 sa\u011flar ve kullan\u0131m an\u0131nda en verimli boy ayar\u0131 yap\u0131labilir. Diamond SRH-779, 144 MHz ve 430 MHz frekanslar\u0131nda yay\u0131n alma ve iletme, ayr\u0131ca 120\/150\/300\/450\/800 MHz aral\u0131klar\u0131nda sadece dinleme i\u015flevi sunar.<\/p>\n<h3 data-start=\"711\" data-end=\"732\">\u00dcr\u00fcn \u00d6zellikleri:<\/h3>\n<ul data-start=\"734\" data-end=\"1168\">\n<li data-start=\"734\" data-end=\"815\">\n<p data-start=\"736\" data-end=\"815\"><strong data-start=\"736\" data-end=\"756\">Frekans Aral\u0131\u011f\u0131:<\/strong> 144\/430 MHz (Aktif), 120\/150\/300\/450\/800 MHz (Sadece alma)<\/p>\n<\/li>\n<li data-start=\"816\" data-end=\"874\">\n<p data-start=\"818\" data-end=\"874\"><strong data-start=\"818\" data-end=\"833\">Anten Tipi:<\/strong> 1\/4 dalga (144 MHz), 1\/2 dalga (430 MHz)<\/p>\n<\/li>\n<li data-start=\"875\" data-end=\"918\">\n<p data-start=\"877\" data-end=\"918\"><strong data-start=\"877\" data-end=\"889\">Uzunluk:<\/strong> 16 cm (kapal\u0131), 44 cm (a\u00e7\u0131k)<\/p>\n<\/li>\n<li data-start=\"919\" data-end=\"968\">\n<p data-start=\"921\" data-end=\"968\"><strong data-start=\"921\" data-end=\"941\">Kademeli Sistem:<\/strong> 6 kademeli teleskopik yap\u0131<\/p>\n<\/li>\n<li data-start=\"969\" data-end=\"1001\">\n<p data-start=\"971\" data-end=\"1001\"><strong data-start=\"971\" data-end=\"982\">Kazan\u00e7:<\/strong> 2.15 dBi (430 MHz)<\/p>\n<\/li>\n<li data-start=\"1002\" data-end=\"1028\">\n<p data-start=\"1004\" data-end=\"1028\"><strong data-start=\"1004\" data-end=\"1021\">Maksimum G\u00fc\u00e7:<\/strong> 10W FM<\/p>\n<\/li>\n<li data-start=\"1029\" data-end=\"1051\">\n<p data-start=\"1031\" data-end=\"1051\"><strong data-start=\"1031\" data-end=\"1044\">Empedans:<\/strong> 50 Ohm<\/p>\n<\/li>\n<li data-start=\"1052\" data-end=\"1086\">\n<p data-start=\"1054\" data-end=\"1086\"><strong data-start=\"1054\" data-end=\"1068\">Konnekt\u00f6r:<\/strong> SMA Erkek (SMA-P)<\/p>\n<\/li>\n<li data-start=\"1087\" data-end=\"1109\">\n<p data-start=\"1089\" data-end=\"1109\"><strong data-start=\"1089\" data-end=\"1101\">A\u011f\u0131rl\u0131k:<\/strong> 38 gram<\/p>\n<\/li>\n<li data-start=\"1110\" data-end=\"1168\">\n<p data-start=\"1112\" data-end=\"1168\"><strong data-start=\"1112\" data-end=\"1121\">Yap\u0131:<\/strong> Katlanabilir, y\u00f6nlenebilir, \u00e7ok y\u00f6nl\u00fc kullan\u0131m<\/p>\n<\/li>\n<\/ul>\n<h3 data-start=\"1170\" data-end=\"1190\">Uyumlu Modeller:<\/h3>\n<p data-start=\"1192\" data-end=\"1236\">SMA sokete sahip el telsizleriyle uyumludur:<\/p>\n<ul data-start=\"1238\" data-end=\"1323\">\n<li data-start=\"1238\" data-end=\"1323\">\n<p data-start=\"1240\" data-end=\"1323\"><strong data-start=\"1240\" data-end=\"1253\">Markalar:<\/strong> Alinco, Icom, Kenwood, Wouxun, Yaesu ve di\u011fer SMA ba\u011flant\u0131l\u0131 cihazlar<\/p>\n<\/li>\n<\/ul>\n<h3 data-start=\"1325\" data-end=\"1343\">Neden SRH-779?<\/h3>\n<ul data-start=\"1345\" data-end=\"1618\">\n<li data-start=\"1345\" data-end=\"1420\">\n<p data-start=\"1347\" data-end=\"1420\"><strong data-start=\"1347\" data-end=\"1369\">Teleskobik tasar\u0131m<\/strong>: Ta\u015f\u0131mada kolayl\u0131k, kullan\u0131mda maksimum performans<\/p>\n<\/li>\n<li data-start=\"1421\" data-end=\"1485\">\n<p data-start=\"1423\" data-end=\"1485\"><strong data-start=\"1423\" data-end=\"1445\">Y\u00fcksek g\u00fc\u00e7 deste\u011fi<\/strong>: 10W FM ile g\u00fc\u00e7l\u00fc ve net sinyal iletimi<\/p>\n<\/li>\n<li data-start=\"1486\" data-end=\"1549\">\n<p data-start=\"1488\" data-end=\"1549\"><strong data-start=\"1488\" data-end=\"1502\">Esnek yap\u0131<\/strong>: Dikey ve e\u011fimli pozisyonlarda kullan\u0131m imk\u00e2n\u0131<\/p>\n<\/li>\n<li data-start=\"1550\" data-end=\"1618\">\n<p data-start=\"1552\" data-end=\"1618\"><strong data-start=\"1552\" data-end=\"1571\">Geni\u015f uyumluluk<\/strong>: SMA konnekt\u00f6rl\u00fc bir\u00e7ok telsizle do\u011frudan uyum<\/p>\n<\/li>\n<\/ul>\n<h3 data-start=\"1620\" data-end=\"1642\">Kullan\u0131m Alanlar\u0131:<\/h3>\n<ul data-start=\"1644\" data-end=\"1768\">\n<li data-start=\"1644\" data-end=\"1664\">\n<p data-start=\"1646\" data-end=\"1664\">Amat\u00f6r telsizcilik<\/p>\n<\/li>\n<li data-start=\"1665\" data-end=\"1686\">\n<p data-start=\"1667\" data-end=\"1686\">A\u00e7\u0131k alan ileti\u015fimi<\/p>\n<\/li>\n<li data-start=\"1687\" data-end=\"1714\">\n<p data-start=\"1689\" data-end=\"1714\">Etkinlik organizasyonlar\u0131<\/p>\n<\/li>\n<li data-start=\"1715\" data-end=\"1734\">\n<p data-start=\"1717\" data-end=\"1734\">G\u00fcvenlik ekipleri<\/p>\n<\/li>\n<li data-start=\"1735\" data-end=\"1768\">\n<p data-start=\"1737\" data-end=\"1768\">Afet ve acil durum haberle\u015fmesi<\/p>\n<\/li>\n<\/ul>\n","protected":false},"excerpt":{"rendered":"<p>Diamond SRH-779 Teleskobik El Telsizi Anteni \u2013 144\/430 MHz, SMA Erkek, 44 cm Diamond SRH-779, teleskobik yap\u0131s\u0131 ve y\u00fcksek performans\u0131yla \u00f6ne \u00e7\u0131kan, el telsizleri i\u00e7in \u00f6zel olarak tasarlanm\u0131\u015f bir VHF\/UHF antenidir. Geni\u015f frekans deste\u011fi, katlanabilir yap\u0131s\u0131 ve g\u00fc\u00e7l\u00fc iletim kapasitesi sayesinde amat\u00f6r telsiz kullan\u0131c\u0131lar\u0131 ve profesyoneller i\u00e7in ideal bir se\u00e7imdir. Diamond SRH-779,teleskobik tasar\u0131m\u0131, 6 kademeli [&hellip;]<\/p>\n","protected":false},"featured_media":4937,"template":"","meta":[],"product_brand":[137],"product_cat":[],"product_tag":[],"class_list":{"0":"post-4936","1":"product","2":"type-product","3":"status-publish","4":"has-post-thumbnail","6":"product_brand-diamond-antenna","8":"first","9":"instock","10":"shipping-taxable","11":"product-type-simple"},"_links":{"self":[{"href":"https:\/\/foxelektronik.com\/index.php\/wp-json\/wp\/v2\/product\/4936","targetHints":{"allow":["GET"]}}],"collection":[{"href":"https:\/\/foxelektronik.com\/index.php\/wp-json\/wp\/v2\/product"}],"about":[{"href":"https:\/\/foxelektronik.com\/index.php\/wp-json\/wp\/v2\/types\/product"}],"wp:featuredmedia":[{"embeddable":true,"href":"https:\/\/foxelektronik.com\/index.php\/wp-json\/wp\/v2\/media\/4937"}],"wp:attachment":[{"href":"https:\/\/foxelektronik.com\/index.php\/wp-json\/wp\/v2\/media?parent=4936"}],"wp:term":[{"taxonomy":"product_brand","embeddable":true,"href":"https:\/\/foxelektronik.com\/index.php\/wp-json\/wp\/v2\/product_brand?post=4936"},{"taxonomy":"product_cat","embeddable":true,"href":"https:\/\/foxelektronik.com\/index.php\/wp-json\/wp\/v2\/product_cat?post=4936"},{"taxonomy":"product_tag","embeddable":true,"href":"https:\/\/foxelektronik.com\/index.php\/wp-json\/wp\/v2\/product_tag?post=4936"}],"curies":[{"name":"wp","href":"https:\/\/api.w.org\/{rel}","templated":true}]}}