{"id":4958,"date":"2025-07-21T15:29:52","date_gmt":"2025-07-21T12:29:52","guid":{"rendered":"https:\/\/foxelektronik.com\/?post_type=product&#038;p=4958"},"modified":"2025-07-21T15:29:52","modified_gmt":"2025-07-21T12:29:52","slug":"anytone-at-d578uv-pro-dmr-dahili-gps-ve-aprs-60watt","status":"publish","type":"product","link":"https:\/\/foxelektronik.com\/index.php\/product\/anytone-at-d578uv-pro-dmr-dahili-gps-ve-aprs-60watt\/","title":{"rendered":"Anytone AT-D578UV PRO DMR (Dahili GPS ve APRS) 60Watt"},"content":{"rendered":"<p data-start=\"177\" data-end=\"264\"><strong data-start=\"177\" data-end=\"264\">Anytone AT-D578UV PRO DMR Telsiz \u2013 GPS ve APRS Destekli, 60 Watt Dual Band Mobil Cihaz<\/strong><\/p>\n<p data-start=\"266\" data-end=\"554\">Anytone AT-D578UV PRO, hem dijital hem de analog modlarda \u00fcst\u00fcn performans sunan profesyonel seviye bir mobil DMR telsiz cihaz\u0131d\u0131r. Anytone AT-D578UV,Dahili GPS, APRS deste\u011fi ve y\u00fcksek \u00e7\u0131k\u0131\u015f g\u00fcc\u00fcyle (60W\u2019a kadar) \u00f6zellikle amat\u00f6r telsizciler, saha ekipleri ve profesyonel kullan\u0131c\u0131lar i\u00e7in ideal bir \u00e7\u00f6z\u00fcmd\u00fcr.<\/p>\n<p data-start=\"556\" data-end=\"862\">Anytone AT-D578UV, \u00c7ift bant (VHF\/UHF) deste\u011fi, 4.000 kanal haf\u0131zas\u0131, 10.000 DMR konu\u015fma grubu ve 500.000 dijital ileti\u015fim kayd\u0131 kapasitesi ile d\u00fcnyan\u0131n d\u00f6rt bir yan\u0131ndaki DMR kullan\u0131c\u0131lar\u0131yla ileti\u015fimi m\u00fcmk\u00fcn k\u0131lar. Anytone AT-D578UV, ayr\u0131ca renkli TFT ekran\u0131 ve kullan\u0131c\u0131 taraf\u0131ndan \u00f6zelle\u015ftirilebilen aray\u00fcz\u00fc sayesinde kolay kullan\u0131m sa\u011flar.<\/p>\n<h3 data-start=\"864\" data-end=\"885\">\u00dcr\u00fcn \u00d6zellikleri:<\/h3>\n<ul data-start=\"887\" data-end=\"1730\">\n<li data-start=\"887\" data-end=\"958\">\n<p data-start=\"889\" data-end=\"958\"><strong data-start=\"889\" data-end=\"904\">APRS &amp; GPS:<\/strong> DMR ve Analog modda APRS Tx\/Rx + Dahili GPS deste\u011fi<\/p>\n<\/li>\n<li data-start=\"959\" data-end=\"1010\">\n<p data-start=\"961\" data-end=\"1010\"><strong data-start=\"961\" data-end=\"976\">\u00c7\u0131k\u0131\u015f G\u00fcc\u00fc:<\/strong> VHF: 50W, UHF: 45W (4 seviyeli)<\/p>\n<\/li>\n<li data-start=\"1011\" data-end=\"1079\">\n<p data-start=\"1013\" data-end=\"1079\"><strong data-start=\"1013\" data-end=\"1032\">Kanal Haf\u0131zas\u0131:<\/strong> 4000 kanal, 250 b\u00f6lge, her b\u00f6lgede 250 kanal<\/p>\n<\/li>\n<li data-start=\"1080\" data-end=\"1143\">\n<p data-start=\"1082\" data-end=\"1143\"><strong data-start=\"1082\" data-end=\"1096\">DMR Uyumu:<\/strong> Tier I ve II uyumlu, \u00e7ift slot TDMA destekli<\/p>\n<\/li>\n<li data-start=\"1144\" data-end=\"1206\">\n<p data-start=\"1146\" data-end=\"1206\"><strong data-start=\"1146\" data-end=\"1156\">Ekran:<\/strong> 1.77&#8243; renkli TFT ekran \u2013 kullan\u0131c\u0131 tan\u0131ml\u0131 tema<\/p>\n<\/li>\n<li data-start=\"1207\" data-end=\"1397\">\n<p data-start=\"1209\" data-end=\"1231\"><strong data-start=\"1209\" data-end=\"1229\">Frekans Aral\u0131\u011f\u0131:<\/strong><\/p>\n<ul data-start=\"1234\" data-end=\"1397\">\n<li data-start=\"1234\" data-end=\"1275\">\n<p data-start=\"1236\" data-end=\"1275\">136-174 MHz RX \/ 144-148 MHz TX (VHF)<\/p>\n<\/li>\n<li data-start=\"1278\" data-end=\"1319\">\n<p data-start=\"1280\" data-end=\"1319\">400-480 MHz RX \/ 420-450 MHz TX (UHF)<\/p>\n<\/li>\n<li data-start=\"1322\" data-end=\"1359\">\n<p data-start=\"1324\" data-end=\"1359\">222-225 MHz RX\/TX (220 MHz band\u0131)<\/p>\n<\/li>\n<li data-start=\"1362\" data-end=\"1397\">\n<p data-start=\"1364\" data-end=\"1397\">108-136 MHz AM U\u00e7ak band\u0131 al\u0131m\u0131<\/p>\n<\/li>\n<\/ul>\n<\/li>\n<li data-start=\"1398\" data-end=\"1464\">\n<p data-start=\"1400\" data-end=\"1464\"><strong data-start=\"1400\" data-end=\"1416\">Ba\u011flant\u0131lar:<\/strong> USB programlama kablosu, \u00e7ift hoparl\u00f6r \u00e7\u0131k\u0131\u015f\u0131<\/p>\n<\/li>\n<li data-start=\"1465\" data-end=\"1730\">\n<p data-start=\"1467\" data-end=\"1487\"><strong data-start=\"1467\" data-end=\"1485\">Ek \u00d6zellikler:<\/strong><\/p>\n<ul data-start=\"1490\" data-end=\"1730\">\n<li data-start=\"1490\" data-end=\"1527\">\n<p data-start=\"1492\" data-end=\"1527\">Otomatik RX modu (analog\/dijital)<\/p>\n<\/li>\n<li data-start=\"1530\" data-end=\"1572\">\n<p data-start=\"1532\" data-end=\"1572\">CTCSS\/DCS, DMR-MARC veritaban\u0131 deste\u011fi<\/p>\n<\/li>\n<li data-start=\"1575\" data-end=\"1608\">\n<p data-start=\"1577\" data-end=\"1608\">\u00c7apraz bant tekrarlay\u0131c\u0131 modu<\/p>\n<\/li>\n<li data-start=\"1611\" data-end=\"1649\">\n<p data-start=\"1613\" data-end=\"1649\">Geli\u015fmi\u015f CPS ile kolay programlama<\/p>\n<\/li>\n<li data-start=\"1652\" data-end=\"1677\">\n<p data-start=\"1654\" data-end=\"1677\">Bluetooth PTT deste\u011fi<\/p>\n<\/li>\n<li data-start=\"1680\" data-end=\"1709\">\n<p data-start=\"1682\" data-end=\"1709\">Tri-band anten uyumlulu\u011fu<\/p>\n<\/li>\n<li data-start=\"1712\" data-end=\"1730\">\n<p data-start=\"1714\" data-end=\"1730\">2G dahili bellek<\/p>\n<\/li>\n<\/ul>\n<\/li>\n<\/ul>\n<h3 data-start=\"2162\" data-end=\"2184\">Uygulama Alanlar\u0131:<\/h3>\n<ul data-start=\"2186\" data-end=\"2359\">\n<li data-start=\"2186\" data-end=\"2220\">\n<p data-start=\"2188\" data-end=\"2220\">Amat\u00f6r telsizcilik (HAM Radio)<\/p>\n<\/li>\n<li data-start=\"2221\" data-end=\"2248\">\n<p data-start=\"2223\" data-end=\"2248\">Acil durum haberle\u015fmesi<\/p>\n<\/li>\n<li data-start=\"2249\" data-end=\"2277\">\n<p data-start=\"2251\" data-end=\"2277\">Ara\u00e7 \u00fcst\u00fc mobil kullan\u0131m<\/p>\n<\/li>\n<li data-start=\"2278\" data-end=\"2308\">\n<p data-start=\"2280\" data-end=\"2308\">Profesyonel saha ileti\u015fimi<\/p>\n<\/li>\n<li data-start=\"2309\" data-end=\"2359\">\n<p data-start=\"2311\" data-end=\"2359\">APRS ile canl\u0131 konum takibi gereken senaryolar<\/p>\n<\/li>\n<\/ul>\n","protected":false},"excerpt":{"rendered":"<p>Anytone AT-D578UV PRO DMR Telsiz \u2013 GPS ve APRS Destekli, 60 Watt Dual Band Mobil Cihaz Anytone AT-D578UV PRO, hem dijital hem de analog modlarda \u00fcst\u00fcn performans sunan profesyonel seviye bir mobil DMR telsiz cihaz\u0131d\u0131r. Anytone AT-D578UV,Dahili GPS, APRS deste\u011fi ve y\u00fcksek \u00e7\u0131k\u0131\u015f g\u00fcc\u00fcyle (60W\u2019a kadar) \u00f6zellikle amat\u00f6r telsizciler, saha ekipleri ve profesyonel kullan\u0131c\u0131lar i\u00e7in [&hellip;]<\/p>\n","protected":false},"featured_media":4959,"template":"","meta":[],"product_brand":[139],"product_cat":[],"product_tag":[],"class_list":{"0":"post-4958","1":"product","2":"type-product","3":"status-publish","4":"has-post-thumbnail","6":"product_brand-anytone","8":"first","9":"instock","10":"shipping-taxable","11":"product-type-simple"},"_links":{"self":[{"href":"https:\/\/foxelektronik.com\/index.php\/wp-json\/wp\/v2\/product\/4958","targetHints":{"allow":["GET"]}}],"collection":[{"href":"https:\/\/foxelektronik.com\/index.php\/wp-json\/wp\/v2\/product"}],"about":[{"href":"https:\/\/foxelektronik.com\/index.php\/wp-json\/wp\/v2\/types\/product"}],"wp:featuredmedia":[{"embeddable":true,"href":"https:\/\/foxelektronik.com\/index.php\/wp-json\/wp\/v2\/media\/4959"}],"wp:attachment":[{"href":"https:\/\/foxelektronik.com\/index.php\/wp-json\/wp\/v2\/media?parent=4958"}],"wp:term":[{"taxonomy":"product_brand","embeddable":true,"href":"https:\/\/foxelektronik.com\/index.php\/wp-json\/wp\/v2\/product_brand?post=4958"},{"taxonomy":"product_cat","embeddable":true,"href":"https:\/\/foxelektronik.com\/index.php\/wp-json\/wp\/v2\/product_cat?post=4958"},{"taxonomy":"product_tag","embeddable":true,"href":"https:\/\/foxelektronik.com\/index.php\/wp-json\/wp\/v2\/product_tag?post=4958"}],"curies":[{"name":"wp","href":"https:\/\/api.w.org\/{rel}","templated":true}]}}