{"id":498,"date":"2025-06-06T15:36:39","date_gmt":"2025-06-06T12:36:39","guid":{"rendered":"http:\/\/softetik.com\/?post_type=product&#038;p=498"},"modified":"2025-06-06T15:36:39","modified_gmt":"2025-06-06T12:36:39","slug":"diamond-m150gsa-vhf-uhf-arac-telsizi-anteni","status":"publish","type":"product","link":"https:\/\/foxelektronik.com\/index.php\/product\/diamond-m150gsa-vhf-uhf-arac-telsizi-anteni\/","title":{"rendered":"DIAMOND M150GSA VHF &#038; UHF ARA\u00c7 TELS\u0130Z\u0130 ANTEN\u0130"},"content":{"rendered":"<p>DIAMOND M150GSA\u00a0 VHF &amp; UHF ARA\u00c7 TELS\u0130Z\u0130 ANTEN\u0130<\/p>\n<p>DIAMOND M150GSA\u00a0 VHF\u00a0 ARA\u00c7 TELS\u0130Z\u0130 ANTEN\u0130<\/p>\n<p>&nbsp;<\/p>\n<p>Her t\u00fcrl\u00fc VHF ara\u00e7 telsizi,taksi telsizi,dolmu\u015f ve minib\u00fcs telsizi,amb\u00fclans,polis,itfaiye ara\u00e7lar\u0131 i\u00e7in anten<\/p>\n<p>&nbsp;<\/p>\n<p>&nbsp;<\/p>\n<p>Anten boyu:0.50 m 144mhz&#8217;e ayarl\u0131d\u0131r. 144-174 mhz aras\u0131 i\u00e7in kesilerek kullan\u0131l\u0131r,<\/p>\n<p>Daha fazla kesilerek uhf olarak \u00e7al\u0131\u015f\u0131labilir.<\/p>\n<p>&nbsp;<\/p>\n<p>Anten a\u011f\u0131rl\u0131\u011f\u0131:110 gram<\/p>\n<p>&nbsp;<\/p>\n<p>Max \u00e7\u0131k\u0131\u015f g\u00fcc\u00fc:200w<\/p>\n<p>&nbsp;<\/p>\n<p>Anten kazanc\u0131:2.15 dBi<\/p>\n<p>&nbsp;<\/p>\n<p>Anten konnekt\u00f6r\u00fc:UHF<\/p>\n","protected":false},"excerpt":{"rendered":"<p>DIAMOND M150GSA\u00a0 VHF &amp; UHF ARA\u00c7 TELS\u0130Z\u0130 ANTEN\u0130 DIAMOND M150GSA\u00a0 VHF\u00a0 ARA\u00c7 TELS\u0130Z\u0130 ANTEN\u0130 &nbsp; Her t\u00fcrl\u00fc VHF ara\u00e7 telsizi,taksi telsizi,dolmu\u015f ve minib\u00fcs telsizi,amb\u00fclans,polis,itfaiye ara\u00e7lar\u0131 i\u00e7in anten &nbsp; &nbsp; Anten boyu:0.50 m 144mhz&#8217;e ayarl\u0131d\u0131r. 144-174 mhz aras\u0131 i\u00e7in kesilerek kullan\u0131l\u0131r, Daha fazla kesilerek uhf olarak \u00e7al\u0131\u015f\u0131labilir. &nbsp; Anten a\u011f\u0131rl\u0131\u011f\u0131:110 gram &nbsp; Max \u00e7\u0131k\u0131\u015f g\u00fcc\u00fc:200w &nbsp; [&hellip;]<\/p>\n","protected":false},"featured_media":499,"template":"","meta":[],"product_brand":[86],"product_cat":[54],"product_tag":[],"class_list":{"0":"post-498","1":"product","2":"type-product","3":"status-publish","4":"has-post-thumbnail","6":"product_brand-diamond","7":"product_cat-arac-antenleri","9":"first","10":"instock","11":"shipping-taxable","12":"product-type-simple"},"_links":{"self":[{"href":"https:\/\/foxelektronik.com\/index.php\/wp-json\/wp\/v2\/product\/498","targetHints":{"allow":["GET"]}}],"collection":[{"href":"https:\/\/foxelektronik.com\/index.php\/wp-json\/wp\/v2\/product"}],"about":[{"href":"https:\/\/foxelektronik.com\/index.php\/wp-json\/wp\/v2\/types\/product"}],"wp:featuredmedia":[{"embeddable":true,"href":"https:\/\/foxelektronik.com\/index.php\/wp-json\/wp\/v2\/media\/499"}],"wp:attachment":[{"href":"https:\/\/foxelektronik.com\/index.php\/wp-json\/wp\/v2\/media?parent=498"}],"wp:term":[{"taxonomy":"product_brand","embeddable":true,"href":"https:\/\/foxelektronik.com\/index.php\/wp-json\/wp\/v2\/product_brand?post=498"},{"taxonomy":"product_cat","embeddable":true,"href":"https:\/\/foxelektronik.com\/index.php\/wp-json\/wp\/v2\/product_cat?post=498"},{"taxonomy":"product_tag","embeddable":true,"href":"https:\/\/foxelektronik.com\/index.php\/wp-json\/wp\/v2\/product_tag?post=498"}],"curies":[{"name":"wp","href":"https:\/\/api.w.org\/{rel}","templated":true}]}}