{"id":5073,"date":"2025-07-21T15:35:22","date_gmt":"2025-07-21T12:35:22","guid":{"rendered":"https:\/\/foxelektronik.com\/?post_type=product&#038;p=5073"},"modified":"2025-07-21T15:35:22","modified_gmt":"2025-07-21T12:35:22","slug":"tid-td-bl3-bas-konus-bluetooth-mikrofon-2","status":"publish","type":"product","link":"https:\/\/foxelektronik.com\/index.php\/product\/tid-td-bl3-bas-konus-bluetooth-mikrofon-2\/","title":{"rendered":"TID TD-BL3 Bas Konu\u015f Bluetooth Mikrofon"},"content":{"rendered":"<h3 data-start=\"68\" data-end=\"115\"><strong data-start=\"72\" data-end=\"115\">TID TD-BL3 Bas Konu\u015f Bluetooth Mikrofon<\/strong><\/h3>\n<p data-start=\"117\" data-end=\"438\"><strong data-start=\"117\" data-end=\"131\">TID TD-BL3<\/strong>, Android tabanl\u0131 <strong data-start=\"149\" data-end=\"185\">PoC (Push-to-Talk Over Cellular)<\/strong> uygulamalar\u0131yla uyumlu olarak \u00e7al\u0131\u015fan, <strong data-start=\"225\" data-end=\"278\">kablosuz ve ta\u015f\u0131nabilir bir Bluetooth mikrofondur<\/strong>. \u00d6zellikle <strong data-start=\"290\" data-end=\"299\">Zello<\/strong>, <strong data-start=\"301\" data-end=\"321\">PTT uygulamalar\u0131<\/strong> ve benzeri sistemlerde kullan\u0131ma uygundur. El mikrofonu tasar\u0131m\u0131 sayesinde sahada pratik ve g\u00fcvenli ileti\u015fim sa\u011flar.<\/p>\n<h4 data-start=\"440\" data-end=\"465\"><strong data-start=\"445\" data-end=\"465\">Genel \u00d6zellikler<\/strong><\/h4>\n<ul data-start=\"466\" data-end=\"640\">\n<li data-start=\"466\" data-end=\"510\">\n<p data-start=\"468\" data-end=\"510\"><strong data-start=\"468\" data-end=\"490\">Bas Konu\u015f \u00f6zelli\u011fi<\/strong> ile an\u0131nda ileti\u015fim<\/p>\n<\/li>\n<li data-start=\"511\" data-end=\"547\">\n<p data-start=\"513\" data-end=\"547\"><strong data-start=\"513\" data-end=\"547\">Android POC sistemlerle uyumlu<\/strong><\/p>\n<\/li>\n<li data-start=\"548\" data-end=\"581\">\n<p data-start=\"550\" data-end=\"581\"><strong data-start=\"550\" data-end=\"581\">Kablosuz kullan\u0131m kolayl\u0131\u011f\u0131<\/strong><\/p>\n<\/li>\n<li data-start=\"582\" data-end=\"640\">\n<p data-start=\"584\" data-end=\"640\">Zello, Midland, POC gibi sistemlerle entegre \u00e7al\u0131\u015fabilir<\/p>\n<\/li>\n<\/ul>\n<h4 data-start=\"642\" data-end=\"668\"><strong data-start=\"647\" data-end=\"668\">Teknik \u00d6zellikler<\/strong><\/h4>\n<ul data-start=\"669\" data-end=\"951\">\n<li data-start=\"669\" data-end=\"699\">\n<p data-start=\"671\" data-end=\"699\"><strong data-start=\"671\" data-end=\"692\">\u00c7al\u0131\u015fma Gerilimi:<\/strong> 3.7V<\/p>\n<\/li>\n<li data-start=\"700\" data-end=\"741\">\n<p data-start=\"702\" data-end=\"741\"><strong data-start=\"702\" data-end=\"723\">\u00c7al\u0131\u015fma Frekans\u0131:<\/strong> 2400 ~ 2480 MHz<\/p>\n<\/li>\n<li data-start=\"742\" data-end=\"774\">\n<p data-start=\"744\" data-end=\"774\"><strong data-start=\"744\" data-end=\"768\">Bluetooth Versiyonu:<\/strong> 5.1<\/p>\n<\/li>\n<li data-start=\"775\" data-end=\"825\">\n<p data-start=\"777\" data-end=\"825\"><strong data-start=\"777\" data-end=\"808\">Bluetooth Protokol Deste\u011fi:<\/strong> BR \/ EDR \/ BLE<\/p>\n<\/li>\n<li data-start=\"826\" data-end=\"863\">\n<p data-start=\"828\" data-end=\"863\"><strong data-start=\"828\" data-end=\"855\">Bluetooth Aktar\u0131m G\u00fcc\u00fc:<\/strong> 6 dBm<\/p>\n<\/li>\n<li data-start=\"864\" data-end=\"897\">\n<p data-start=\"866\" data-end=\"897\"><strong data-start=\"866\" data-end=\"887\">Al\u0131m Hassasiyeti:<\/strong> -90 dBm<\/p>\n<\/li>\n<li data-start=\"898\" data-end=\"928\">\n<p data-start=\"900\" data-end=\"928\"><strong data-start=\"900\" data-end=\"910\">Boyut:<\/strong> 94 x 62 x 32 mm<\/p>\n<\/li>\n<\/ul>\n<blockquote data-start=\"953\" data-end=\"1048\">\n<p data-start=\"955\" data-end=\"1048\">Hafif yap\u0131s\u0131 ve ergonomik tasar\u0131m\u0131 ile g\u00fcnl\u00fck saha operasyonlar\u0131nda g\u00fcvenli ileti\u015fim sa\u011flar.<\/p>\n<\/blockquote>\n","protected":false},"excerpt":{"rendered":"<p>TID TD-BL3 Bas Konu\u015f Bluetooth Mikrofon TID TD-BL3, Android tabanl\u0131 PoC (Push-to-Talk Over Cellular) uygulamalar\u0131yla uyumlu olarak \u00e7al\u0131\u015fan, kablosuz ve ta\u015f\u0131nabilir bir Bluetooth mikrofondur. \u00d6zellikle Zello, PTT uygulamalar\u0131 ve benzeri sistemlerde kullan\u0131ma uygundur. El mikrofonu tasar\u0131m\u0131 sayesinde sahada pratik ve g\u00fcvenli ileti\u015fim sa\u011flar. Genel \u00d6zellikler Bas Konu\u015f \u00f6zelli\u011fi ile an\u0131nda ileti\u015fim Android POC sistemlerle uyumlu [&hellip;]<\/p>\n","protected":false},"featured_media":4606,"template":"","meta":[],"product_brand":[],"product_cat":[],"product_tag":[],"class_list":{"0":"post-5073","1":"product","2":"type-product","3":"status-publish","4":"has-post-thumbnail","7":"first","8":"instock","9":"shipping-taxable","10":"product-type-simple"},"_links":{"self":[{"href":"https:\/\/foxelektronik.com\/index.php\/wp-json\/wp\/v2\/product\/5073","targetHints":{"allow":["GET"]}}],"collection":[{"href":"https:\/\/foxelektronik.com\/index.php\/wp-json\/wp\/v2\/product"}],"about":[{"href":"https:\/\/foxelektronik.com\/index.php\/wp-json\/wp\/v2\/types\/product"}],"wp:featuredmedia":[{"embeddable":true,"href":"https:\/\/foxelektronik.com\/index.php\/wp-json\/wp\/v2\/media\/4606"}],"wp:attachment":[{"href":"https:\/\/foxelektronik.com\/index.php\/wp-json\/wp\/v2\/media?parent=5073"}],"wp:term":[{"taxonomy":"product_brand","embeddable":true,"href":"https:\/\/foxelektronik.com\/index.php\/wp-json\/wp\/v2\/product_brand?post=5073"},{"taxonomy":"product_cat","embeddable":true,"href":"https:\/\/foxelektronik.com\/index.php\/wp-json\/wp\/v2\/product_cat?post=5073"},{"taxonomy":"product_tag","embeddable":true,"href":"https:\/\/foxelektronik.com\/index.php\/wp-json\/wp\/v2\/product_tag?post=5073"}],"curies":[{"name":"wp","href":"https:\/\/api.w.org\/{rel}","templated":true}]}}