{"id":5096,"date":"2025-07-21T15:35:23","date_gmt":"2025-07-21T12:35:23","guid":{"rendered":"https:\/\/foxelektronik.com\/?post_type=product&#038;p=5096"},"modified":"2025-07-21T15:35:23","modified_gmt":"2025-07-21T12:35:23","slug":"aselsan-4415-orjinal-uhf-el-telsizi-anteni-2","status":"publish","type":"product","link":"https:\/\/foxelektronik.com\/index.php\/product\/aselsan-4415-orjinal-uhf-el-telsizi-anteni-2\/","title":{"rendered":"Aselsan 4415 Orjinal UHF El Telsizi Anteni"},"content":{"rendered":"<h3 data-start=\"109\" data-end=\"167\"><strong data-start=\"113\" data-end=\"167\">Aselsan 4415 Orjinal UHF El Telsizi Anteni \u2013 15 cm<\/strong><\/h3>\n<p data-start=\"169\" data-end=\"405\">Aselsan 4415 ve 4715 telsiz modelleriyle tam uyumlu bu orjinal UHF anten, \u00fcst\u00fcn sinyal kalitesi ve uzun menziliyle dikkat \u00e7eker. 15 cm uzunlu\u011fundaki yap\u0131s\u0131 sayesinde g\u00fc\u00e7l\u00fc \u00e7ekim sa\u011flar ve profesyonel haberle\u015fme ihtiya\u00e7lar\u0131n\u0131z\u0131 kar\u015f\u0131lar.<\/p>\n<hr data-start=\"407\" data-end=\"410\" \/>\n<h3 data-start=\"412\" data-end=\"441\"><strong data-start=\"416\" data-end=\"441\">\u00d6ne \u00c7\u0131kan \u00d6zellikler:<\/strong><\/h3>\n<ul data-start=\"442\" data-end=\"593\">\n<li data-start=\"492\" data-end=\"516\">\n<p data-start=\"494\" data-end=\"516\"><strong data-start=\"494\" data-end=\"512\">Frekans Band\u0131:<\/strong> UHF<\/p>\n<\/li>\n<li data-start=\"517\" data-end=\"537\">\n<p data-start=\"519\" data-end=\"537\"><strong data-start=\"519\" data-end=\"531\">Uzunluk:<\/strong> 15 cm<\/p>\n<\/li>\n<li data-start=\"538\" data-end=\"593\">\n<p data-start=\"540\" data-end=\"593\"><strong data-start=\"540\" data-end=\"549\">Yap\u0131:<\/strong> Esnek, dayan\u0131kl\u0131 ve orjinal Aselsan \u00fcretimi<\/p>\n<\/li>\n<\/ul>\n<hr data-start=\"595\" data-end=\"598\" \/>\n<h3 data-start=\"600\" data-end=\"626\"><strong data-start=\"604\" data-end=\"626\">Kullan\u0131m Alanlar\u0131:<\/strong><\/h3>\n<ul data-start=\"627\" data-end=\"733\">\n<li data-start=\"627\" data-end=\"659\">\n<p data-start=\"629\" data-end=\"659\">G\u00fcvenlik personeli ileti\u015fimi<\/p>\n<\/li>\n<li data-start=\"660\" data-end=\"697\">\n<p data-start=\"662\" data-end=\"697\">End\u00fcstriyel haberle\u015fme sistemleri<\/p>\n<\/li>\n<li data-start=\"698\" data-end=\"733\">\n<p data-start=\"700\" data-end=\"733\">Kurumsal ve saha haberle\u015fmeleri<\/p>\n<\/li>\n<\/ul>\n<hr data-start=\"735\" data-end=\"738\" \/>\n<h3 data-start=\"740\" data-end=\"759\"><strong data-start=\"744\" data-end=\"759\">Avantajlar:<\/strong><\/h3>\n<ul data-start=\"760\" data-end=\"862\">\n<li data-start=\"760\" data-end=\"797\">\n<p data-start=\"762\" data-end=\"797\">Y\u00fcksek performansl\u0131 UHF ileti\u015fimi<\/p>\n<\/li>\n<li data-start=\"798\" data-end=\"824\">\n<p data-start=\"800\" data-end=\"824\">Kolay tak\u0131labilir yap\u0131<\/p>\n<\/li>\n<li data-start=\"825\" data-end=\"862\">\n<p data-start=\"827\" data-end=\"862\">Uzun \u00f6m\u00fcrl\u00fc ve sa\u011flam d\u0131\u015f kaplama<\/p>\n<\/li>\n<\/ul>\n<hr data-start=\"864\" data-end=\"867\" \/>\n<p data-start=\"869\" data-end=\"1037\" data-is-last-node=\"\" data-is-only-node=\"\">\u00a0<\/p>\n","protected":false},"excerpt":{"rendered":"<p>Aselsan 4415 Orjinal UHF El Telsizi Anteni \u2013 15 cm Aselsan 4415 ve 4715 telsiz modelleriyle tam uyumlu bu orjinal UHF anten, \u00fcst\u00fcn sinyal kalitesi ve uzun menziliyle dikkat \u00e7eker. 15 cm uzunlu\u011fundaki yap\u0131s\u0131 sayesinde g\u00fc\u00e7l\u00fc \u00e7ekim sa\u011flar ve profesyonel haberle\u015fme ihtiya\u00e7lar\u0131n\u0131z\u0131 kar\u015f\u0131lar. \u00d6ne \u00c7\u0131kan \u00d6zellikler: Frekans Band\u0131: UHF Uzunluk: 15 cm Yap\u0131: Esnek, dayan\u0131kl\u0131 [&hellip;]<\/p>\n","protected":false},"featured_media":4644,"template":"","meta":[],"product_brand":[76],"product_cat":[],"product_tag":[],"class_list":{"0":"post-5096","1":"product","2":"type-product","3":"status-publish","4":"has-post-thumbnail","6":"product_brand-aselsan","8":"first","9":"instock","10":"shipping-taxable","11":"product-type-simple"},"_links":{"self":[{"href":"https:\/\/foxelektronik.com\/index.php\/wp-json\/wp\/v2\/product\/5096","targetHints":{"allow":["GET"]}}],"collection":[{"href":"https:\/\/foxelektronik.com\/index.php\/wp-json\/wp\/v2\/product"}],"about":[{"href":"https:\/\/foxelektronik.com\/index.php\/wp-json\/wp\/v2\/types\/product"}],"wp:featuredmedia":[{"embeddable":true,"href":"https:\/\/foxelektronik.com\/index.php\/wp-json\/wp\/v2\/media\/4644"}],"wp:attachment":[{"href":"https:\/\/foxelektronik.com\/index.php\/wp-json\/wp\/v2\/media?parent=5096"}],"wp:term":[{"taxonomy":"product_brand","embeddable":true,"href":"https:\/\/foxelektronik.com\/index.php\/wp-json\/wp\/v2\/product_brand?post=5096"},{"taxonomy":"product_cat","embeddable":true,"href":"https:\/\/foxelektronik.com\/index.php\/wp-json\/wp\/v2\/product_cat?post=5096"},{"taxonomy":"product_tag","embeddable":true,"href":"https:\/\/foxelektronik.com\/index.php\/wp-json\/wp\/v2\/product_tag?post=5096"}],"curies":[{"name":"wp","href":"https:\/\/api.w.org\/{rel}","templated":true}]}}