{"id":525,"date":"2025-06-06T15:48:31","date_gmt":"2025-06-06T12:48:31","guid":{"rendered":"http:\/\/softetik.com\/?post_type=product&#038;p=525"},"modified":"2025-06-06T15:48:31","modified_gmt":"2025-06-06T12:48:31","slug":"at-17-arac-telsiz-anteni-uhf","status":"publish","type":"product","link":"https:\/\/foxelektronik.com\/index.php\/product\/at-17-arac-telsiz-anteni-uhf\/","title":{"rendered":"AT 17 ARA\u00c7 TELS\u0130Z ANTEN\u0130 (UHF)"},"content":{"rendered":"<p>UHF AT 17 UHF MOB\u0130L TELS\u0130Z ANTEN\u0130 (<\/p>\n<p>POL\u0130S ANTEN\u0130 )<\/p>\n<p>\u200bA.T &#8211; 17 MOB\u0130L ANTENNA TECHNICAL<\/p>\n<p>SPECIFICATIONS;<\/p>\n<p>TYPE: (5\/8)<\/p>\n<p>WAVEFREQUENCY RANGE: 430-470Mhz<\/p>\n<p>BANDWIDTH: 10 Mhz<\/p>\n<p>POLARIZATION: VERTICAL<\/p>\n<p>SWR: 1:1,2<\/p>\n<p>POWER RATING MAX: FM 100, SSB-200 WATT<\/p>\n<p>LENGHT: 35 cm<\/p>\n<p>gain 3 dB<\/p>\n<p>UHF<\/p>\n","protected":false},"excerpt":{"rendered":"<p>UHF AT 17 UHF MOB\u0130L TELS\u0130Z ANTEN\u0130 ( POL\u0130S ANTEN\u0130 ) \u200bA.T &#8211; 17 MOB\u0130L ANTENNA TECHNICAL SPECIFICATIONS; TYPE: (5\/8) WAVEFREQUENCY RANGE: 430-470Mhz BANDWIDTH: 10 Mhz POLARIZATION: VERTICAL SWR: 1:1,2 POWER RATING MAX: FM 100, SSB-200 WATT LENGHT: 35 cm gain 3 dB UHF<\/p>\n","protected":false},"featured_media":526,"template":"","meta":[],"product_brand":[88],"product_cat":[54],"product_tag":[],"class_list":{"0":"post-525","1":"product","2":"type-product","3":"status-publish","4":"has-post-thumbnail","6":"product_brand-at","7":"product_cat-arac-antenleri","9":"first","10":"instock","11":"shipping-taxable","12":"product-type-simple"},"_links":{"self":[{"href":"https:\/\/foxelektronik.com\/index.php\/wp-json\/wp\/v2\/product\/525","targetHints":{"allow":["GET"]}}],"collection":[{"href":"https:\/\/foxelektronik.com\/index.php\/wp-json\/wp\/v2\/product"}],"about":[{"href":"https:\/\/foxelektronik.com\/index.php\/wp-json\/wp\/v2\/types\/product"}],"wp:featuredmedia":[{"embeddable":true,"href":"https:\/\/foxelektronik.com\/index.php\/wp-json\/wp\/v2\/media\/526"}],"wp:attachment":[{"href":"https:\/\/foxelektronik.com\/index.php\/wp-json\/wp\/v2\/media?parent=525"}],"wp:term":[{"taxonomy":"product_brand","embeddable":true,"href":"https:\/\/foxelektronik.com\/index.php\/wp-json\/wp\/v2\/product_brand?post=525"},{"taxonomy":"product_cat","embeddable":true,"href":"https:\/\/foxelektronik.com\/index.php\/wp-json\/wp\/v2\/product_cat?post=525"},{"taxonomy":"product_tag","embeddable":true,"href":"https:\/\/foxelektronik.com\/index.php\/wp-json\/wp\/v2\/product_tag?post=525"}],"curies":[{"name":"wp","href":"https:\/\/api.w.org\/{rel}","templated":true}]}}