{"id":544,"date":"2025-06-06T15:58:11","date_gmt":"2025-06-06T12:58:11","guid":{"rendered":"http:\/\/softetik.com\/?post_type=product&#038;p=544"},"modified":"2025-06-06T15:58:12","modified_gmt":"2025-06-06T12:58:12","slug":"space-27-5-8-4-radyel-cb-halkbandi-27-mhz-cati-anteni","status":"publish","type":"product","link":"https:\/\/foxelektronik.com\/index.php\/product\/space-27-5-8-4-radyel-cb-halkbandi-27-mhz-cati-anteni\/","title":{"rendered":"SPACE 27 5\/8 4 RADYEL CB HALKBANDI 27 MHZ \u00c7ATI ANTEN\u0130"},"content":{"rendered":"<p>SPACE 27 5\/8 4 RADYEL CB HALKBANDI 27 MHZ \u00c7ATI ANTEN\u0130<\/p>\n<p>&nbsp;<\/p>\n<p>Maksimum G\u00fc\u00e7 : 1500 Watt<\/p>\n<p>Gain : 9 dBi<\/p>\n<p>Model : SPACE-27<\/p>\n<p>Konnekt\u00f6r : PL-259 UHF \/ SL16-J\/M Type.<\/p>\n<p>Konnekt\u00f6r Uyumu : SO-239<\/p>\n<p>Band : 26.5 \/ 27.5 MHz.<\/p>\n<p>Frekans :\u00a0 27mHz SWRV 1.2<\/p>\n<p>V.S.W.R : 1.5<\/p>\n<p>Empedans : 50ohm<\/p>\n<p>Polarization : Dikey (Vertical)<\/p>\n<p>Anten Uzunlu\u011fu : 681 Santim<\/p>\n<p>Radiation : Omni<\/p>\n<p>Konnekt\u00f6r Boyu : 16mm (\u00c7ap)<\/p>\n","protected":false},"excerpt":{"rendered":"<p>SPACE 27 5\/8 4 RADYEL CB HALKBANDI 27 MHZ \u00c7ATI ANTEN\u0130 &nbsp; Maksimum G\u00fc\u00e7 : 1500 Watt Gain : 9 dBi Model : SPACE-27 Konnekt\u00f6r : PL-259 UHF \/ SL16-J\/M Type. Konnekt\u00f6r Uyumu : SO-239 Band : 26.5 \/ 27.5 MHz. Frekans :\u00a0 27mHz SWRV 1.2 V.S.W.R : 1.5 Empedans : 50ohm Polarization : Dikey [&hellip;]<\/p>\n","protected":false},"featured_media":545,"template":"","meta":[],"product_brand":[93],"product_cat":[55],"product_tag":[],"class_list":{"0":"post-544","1":"product","2":"type-product","3":"status-publish","4":"has-post-thumbnail","6":"product_brand-space","7":"product_cat-sabit-antenler","9":"first","10":"instock","11":"shipping-taxable","12":"product-type-simple"},"_links":{"self":[{"href":"https:\/\/foxelektronik.com\/index.php\/wp-json\/wp\/v2\/product\/544","targetHints":{"allow":["GET"]}}],"collection":[{"href":"https:\/\/foxelektronik.com\/index.php\/wp-json\/wp\/v2\/product"}],"about":[{"href":"https:\/\/foxelektronik.com\/index.php\/wp-json\/wp\/v2\/types\/product"}],"wp:featuredmedia":[{"embeddable":true,"href":"https:\/\/foxelektronik.com\/index.php\/wp-json\/wp\/v2\/media\/545"}],"wp:attachment":[{"href":"https:\/\/foxelektronik.com\/index.php\/wp-json\/wp\/v2\/media?parent=544"}],"wp:term":[{"taxonomy":"product_brand","embeddable":true,"href":"https:\/\/foxelektronik.com\/index.php\/wp-json\/wp\/v2\/product_brand?post=544"},{"taxonomy":"product_cat","embeddable":true,"href":"https:\/\/foxelektronik.com\/index.php\/wp-json\/wp\/v2\/product_cat?post=544"},{"taxonomy":"product_tag","embeddable":true,"href":"https:\/\/foxelektronik.com\/index.php\/wp-json\/wp\/v2\/product_tag?post=544"}],"curies":[{"name":"wp","href":"https:\/\/api.w.org\/{rel}","templated":true}]}}