{"id":650,"date":"2025-06-06T16:57:18","date_gmt":"2025-06-06T13:57:18","guid":{"rendered":"http:\/\/softetik.com\/?post_type=product&#038;p=650"},"modified":"2025-06-06T16:57:18","modified_gmt":"2025-06-06T13:57:18","slug":"siyah-akustik-hortumlu-telsiz-kulaklik-motorola-hyt","status":"publish","type":"product","link":"https:\/\/foxelektronik.com\/index.php\/product\/siyah-akustik-hortumlu-telsiz-kulaklik-motorola-hyt\/","title":{"rendered":"S\u0130YAH AKUST\u0130K HORTUMLU TELS\u0130Z KULAKLIK (MOTOROLA-HYT)"},"content":{"rendered":"<h3><strong>S\u0130YAH AKUST\u0130K HORTUMLU TELS\u0130Z KULAKLI\u011eI<\/strong><\/h3>\n<p>&nbsp;<\/p>\n<p>Uyumlu telsiz markalar\u0131:<\/p>\n<ul>\n<li><\/li>\n<li><em>MOTOROLA<\/em><\/li>\n<li><em>HYT<\/em><\/li>\n<\/ul>\n","protected":false},"excerpt":{"rendered":"<p>S\u0130YAH AKUST\u0130K HORTUMLU TELS\u0130Z KULAKLI\u011eI &nbsp; Uyumlu telsiz markalar\u0131: MOTOROLA HYT<\/p>\n","protected":false},"featured_media":651,"template":"","meta":[],"product_brand":[],"product_cat":[59],"product_tag":[],"class_list":{"0":"post-650","1":"product","2":"type-product","3":"status-publish","4":"has-post-thumbnail","6":"product_cat-kulaklik-mikrofon-hoparlor","8":"first","9":"instock","10":"shipping-taxable","11":"product-type-simple"},"_links":{"self":[{"href":"https:\/\/foxelektronik.com\/index.php\/wp-json\/wp\/v2\/product\/650","targetHints":{"allow":["GET"]}}],"collection":[{"href":"https:\/\/foxelektronik.com\/index.php\/wp-json\/wp\/v2\/product"}],"about":[{"href":"https:\/\/foxelektronik.com\/index.php\/wp-json\/wp\/v2\/types\/product"}],"wp:featuredmedia":[{"embeddable":true,"href":"https:\/\/foxelektronik.com\/index.php\/wp-json\/wp\/v2\/media\/651"}],"wp:attachment":[{"href":"https:\/\/foxelektronik.com\/index.php\/wp-json\/wp\/v2\/media?parent=650"}],"wp:term":[{"taxonomy":"product_brand","embeddable":true,"href":"https:\/\/foxelektronik.com\/index.php\/wp-json\/wp\/v2\/product_brand?post=650"},{"taxonomy":"product_cat","embeddable":true,"href":"https:\/\/foxelektronik.com\/index.php\/wp-json\/wp\/v2\/product_cat?post=650"},{"taxonomy":"product_tag","embeddable":true,"href":"https:\/\/foxelektronik.com\/index.php\/wp-json\/wp\/v2\/product_tag?post=650"}],"curies":[{"name":"wp","href":"https:\/\/api.w.org\/{rel}","templated":true}]}}