{"id":665,"date":"2025-06-06T17:11:17","date_gmt":"2025-06-06T14:11:17","guid":{"rendered":"http:\/\/softetik.com\/?post_type=product&#038;p=665"},"modified":"2025-06-06T17:11:17","modified_gmt":"2025-06-06T14:11:17","slug":"sfe-618-telsiz-bataryasi","status":"publish","type":"product","link":"https:\/\/foxelektronik.com\/index.php\/product\/sfe-618-telsiz-bataryasi\/","title":{"rendered":"SFE 618 TELS\u0130Z BATARYASI"},"content":{"rendered":"<p>SFE 618 TELS\u0130Z BATARYASI<\/p>\n<p>&nbsp;<\/p>\n<p>Uyumluluk<\/p>\n<p>HYT TC320 Lisanss\u0131z Telsiz<\/p>\n<p>\u00d6zellikleri<\/p>\n<p>3.7V &#8211; 1700 mAh Li-\u0130on Pil Batarya<\/p>\n","protected":false},"excerpt":{"rendered":"<p>SFE 618 TELS\u0130Z BATARYASI &nbsp; Uyumluluk HYT TC320 Lisanss\u0131z Telsiz \u00d6zellikleri 3.7V &#8211; 1700 mAh Li-\u0130on Pil Batarya<\/p>\n","protected":false},"featured_media":666,"template":"","meta":[],"product_brand":[75],"product_cat":[60],"product_tag":[],"class_list":{"0":"post-665","1":"product","2":"type-product","3":"status-publish","4":"has-post-thumbnail","6":"product_brand-sfe","7":"product_cat-batarya-belklips","9":"first","10":"instock","11":"shipping-taxable","12":"product-type-simple"},"_links":{"self":[{"href":"https:\/\/foxelektronik.com\/index.php\/wp-json\/wp\/v2\/product\/665","targetHints":{"allow":["GET"]}}],"collection":[{"href":"https:\/\/foxelektronik.com\/index.php\/wp-json\/wp\/v2\/product"}],"about":[{"href":"https:\/\/foxelektronik.com\/index.php\/wp-json\/wp\/v2\/types\/product"}],"wp:featuredmedia":[{"embeddable":true,"href":"https:\/\/foxelektronik.com\/index.php\/wp-json\/wp\/v2\/media\/666"}],"wp:attachment":[{"href":"https:\/\/foxelektronik.com\/index.php\/wp-json\/wp\/v2\/media?parent=665"}],"wp:term":[{"taxonomy":"product_brand","embeddable":true,"href":"https:\/\/foxelektronik.com\/index.php\/wp-json\/wp\/v2\/product_brand?post=665"},{"taxonomy":"product_cat","embeddable":true,"href":"https:\/\/foxelektronik.com\/index.php\/wp-json\/wp\/v2\/product_cat?post=665"},{"taxonomy":"product_tag","embeddable":true,"href":"https:\/\/foxelektronik.com\/index.php\/wp-json\/wp\/v2\/product_tag?post=665"}],"curies":[{"name":"wp","href":"https:\/\/api.w.org\/{rel}","templated":true}]}}